{"id":1457,"date":"2017-08-08T21:04:29","date_gmt":"2017-08-09T00:04:29","guid":{"rendered":"http:\/\/cachoeiradoc.com.br\/2017\/?page_id=1457"},"modified":"2017-08-31T19:42:03","modified_gmt":"2017-08-31T22:42:03","slug":"programacao","status":"publish","type":"page","link":"https:\/\/cachoeiradoc.com.br\/2017\/programacao\/","title":{"rendered":"Programa\u00e7\u00e3o"},"content":{"rendered":"<p>[vc_row][vc_column][vc_column_text css_animation=&#8221;none&#8221;]Esta programa\u00e7\u00e3o est\u00e1 sujeita a pequenas altera\u00e7\u00f5es.\u00a0Clique em cada um dos dias para visualizar.[\/vc_column_text][\/vc_column][\/vc_row][vc_row css_animation=&#8221;bounceIn&#8221; ova_bg_pattern=&#8221;#ead620&#8243;][vc_column][vc_tta_accordion color=&#8221;mulled-wine&#8221; active_section=&#8221;0&#8243; css_animation=&#8221;none&#8221;][vc_tta_section title=&#8221;Dia 4\/09&#8243; tab_id=&#8221;1502237032696-3cf86b34-84ba&#8221;][vc_column_text]<b>Dia 4\/09, <\/b><b>de 10h \u00e0s 12h30<\/b><\/p>\n<p><b>Cine Theatro Cachoeirano<\/b><\/p>\n<p><a href=\"http:\/\/cachoeiradoc.com.br\/2017\/coloquio\/\"><b>VI<\/b><b> Col\u00f3quio Cinema, Est\u00e9tica e Pol\u00edtica<\/b><\/a><\/p>\n<p><b>Sess\u00e3o 1: Confer\u00eancia<\/b><\/p>\n<p>Povo Tupinamb\u00e1<\/p>\n<p>Media\u00e7\u00e3o: Jurema Machado (UFRB)<\/p>\n<p>&nbsp;<\/p>\n<p><b>Dia 4\/09, <\/b><b>de 14h \u00e0s 16h30<\/b><\/p>\n<p><b>Cine Theatro Cachoeirano<\/b><\/p>\n<p><b>VI <\/b><b>Col\u00f3quio Cinema, Est\u00e9tica e Pol\u00edtica<\/b><\/p>\n<p><b>Sess\u00e3o 2: Imagens que chamam, imagens xam\u00e2nicas<\/b><\/p>\n<p>Genito Gomes (guarani e kaiow\u00e1), Jhonatan Gomes (guarani e kaiow\u00e1), Luciana Oliveira (UFMG) e Ros\u00e2ngela de Tugny (UFSB)<\/p>\n<p>&nbsp;<\/p>\n<p><b>Dia 4\/09, <\/b><b>\u00e0s 17h<\/b><\/p>\n<p><b>Cine Theatro Cachoeirano<\/b><\/p>\n<p><b>VI <\/b><b>Col\u00f3quio Cinema, Est\u00e9tica e Pol\u00edtica<\/b><\/p>\n<p>Exibi\u00e7\u00e3o comentada de imagens do filme em processo Adeus, Capit\u00e3o: Vincent Carelli (V\u00eddeo nas Aldeias)[\/vc_column_text][\/vc_tta_section][vc_tta_section title=&#8221;Dia 5\/09&#8243; tab_id=&#8221;1502237032788-083295b4-cf93&#8243;][vc_column_text]<b>Dia 5\/09, <\/b><b>de 10h \u00e0s 12h30<\/b><\/p>\n<p><b>Cine Theatro Cachoeirano<\/b><\/p>\n<p><b>VI <\/b><b>Col\u00f3quio Cinema, Est\u00e9tica e Pol\u00edtica<\/b><\/p>\n<p><b>Sess\u00e3o 3: Os terreiros, as imagens<\/b><\/p>\n<p>C\u00e9sar Guimar\u00e3es (UFMG), C\u00e1ssia Cristina (Makota Kidoiale &#8211; Conselho de Pol\u00edticas P\u00fablicas de BH\/Quilombo Manzo Ngunzo Kaiango), M\u00e3e Mar\u00ed (Il\u00ea Ax\u00e9 Pakol\u00e8), Makota Valdina (Nzo Onimboya), Ogan Tat\u00e1 Marcelino (Zogod\u00f4 Mal\u00e9 Daho Taby \/ Funda\u00e7\u00e3o Casa Paulo Dias Adorno), Pai Idelson (Il\u00ea Ax\u00e9 Ogunja), Pai Ricardo (Casa de Caridade Pai Jacob do Oriente)<\/p>\n<p>&nbsp;<\/p>\n<p><b>Dia 5\/09, <\/b><b>de 14h \u00e0s 16h30<\/b><\/p>\n<p><b>Cine Theatro Cachoeirano<\/b><\/p>\n<p><b>VI <\/b><b>Col\u00f3quio Cinema, Est\u00e9tica e Pol\u00edtica<\/b><\/p>\n<p><b>Sess\u00e3o 4: Imagens da di\u00e1spora<\/b><\/p>\n<p>Ayrson Her\u00e1clito (UFRB), Edmar Ferreira (UNEB \/ P\u00f3s-Afro CEAO-UFBA), J\u00falia Rebou\u00e7as (curadora e pesquisadora) e Paulo Nazareth (artista)<\/p>\n<p>&nbsp;<\/p>\n<p><b>Dia 5\/09, <\/b><b>\u00e0s 16h30 \u00e0s 18h30<\/b><\/p>\n<p><b>Cine Theatro Cachoeirano<\/b><\/p>\n<p><b>VI <\/b><b>Col\u00f3quio Cinema, Est\u00e9tica e Pol\u00edtica<\/b><\/p>\n<p><b>Sess\u00e3o 5: Territ\u00f3rios, modos de vida, retomada das imagens<\/b><\/p>\n<p>Andr\u00e9 Brasil (UFMG), Eduardo de Jesus (UFMG) e Emi Koide (UFRB)<\/p>\n<p>&nbsp;<\/p>\n<p><b>Dia 5\/09, \u00e0s 19h30<\/b><\/p>\n<p><b>Cine Theatro Cachoeirano<\/b><\/p>\n<p><b>Mostra Corpos em Lutas<\/b><\/p>\n<p><b>Sess\u00e3o de Abertura<\/b><\/p>\n<p><a href=\"http:\/\/cachoeiradoc.com.br\/2017\/speaker\/quilombo-rio-dos-macacos\/\">Quilombo Rio dos Macacos<\/a> (Bahia, 2017, 120 min.)<\/p>\n<p>De Josias Pires, estreia mundial com a presen\u00e7a do diretor<\/p>\n<p>&nbsp;<\/p>\n<p><b>Dia 5\/09, \u00e0s 22h<\/b><\/p>\n<p><b>Pra\u00e7a Teixeira de Freitas<br \/>\n<\/b><\/p>\n<p><b>Samba Chula de S\u00e3o Braz<\/b>[\/vc_column_text][\/vc_tta_section][vc_tta_section title=&#8221;Dia 6\/09&#8243; tab_id=&#8221;1502237056980-e6126161-e1b4&#8243;][vc_column_text]<b>Dia 6\/09, <\/b><b>de 9h30 \u00e0s 11h30<\/b><\/p>\n<p><b>Cine Theatro Cachoeirano<\/b><\/p>\n<p><b>VI <\/b><b>Col\u00f3quio Cinema, Est\u00e9tica e Pol\u00edtica<\/b><\/p>\n<p><b>Sess\u00e3o 6: As mulheres, as imagens e o pensamento decolonial<\/b><\/p>\n<p>\u00c2ngela Figueiredo (UFRB), Cl\u00e1udia Mesquita (UFMG) e Roberta Veiga (UFMG)<\/p>\n<p>&nbsp;<\/p>\n<p><b>Dia 6\/09, \u00e0s 14h<\/b><\/p>\n<p><b>Cine Theatro Cachoeirano<\/b><\/p>\n<p><b>Mostra Competitiva<\/b>, media\u00e7\u00e3o do debate: Jurema Machado<\/p>\n<p><a href=\"http:\/\/cachoeiradoc.com.br\/2017\/speaker\/yuxia\/\">Yuxi\u00e3<\/a> (Acre, 2017, 24 min.)<br \/>\nDe Nawa Si\u00e3 e Si\u00e3 Inubake, com a presen\u00e7a do diretor Si\u00e3 Inubake<\/p>\n<p><a href=\"http:\/\/cachoeiradoc.com.br\/2017\/speaker\/ava-marangatu\/\">Ava Marangatu<\/a> (Minas Gerais, 2016, 15 min.)<br \/>\nDe Genito Gomes, Valmir Gon\u00e7alves Cabreira, Jhonn Nara Gomes, Jhonatan Gomes, Edina Ximenez, Dulc\u00eddio Gomes, Sarah Brites, Joilson Brites, com a presen\u00e7a dos diretores Genito Gomes e Jhonatan Gomes<\/p>\n<p><a href=\"http:\/\/cachoeiradoc.com.br\/2017\/speaker\/o-peixe\/\">O Peixe<\/a> (Pernambuco, 2016, 23 min.)<br \/>\nDe Jonathas de Andrade<\/p>\n<p><a href=\"http:\/\/cachoeiradoc.com.br\/2017\/speaker\/pescadores-da-mare\/\">Pescadores da Mar\u00e9<\/a> (Rio de Janeiro, \u00a02016, 24 min.)<br \/>\nDe Josinaldo Medeiros, com a presen\u00e7a do diretor<\/p>\n<p>&nbsp;<\/p>\n<p><b>Dia 6\/09, \u00e0s 17h<\/b><\/p>\n<p><b>Cine Theatro Cachoeirano<\/b><\/p>\n<p><b>Mostra Competitiva<\/b>, media\u00e7\u00e3o do debate: Marcelo Ribeiro<\/p>\n<p><a href=\"http:\/\/cachoeiradoc.com.br\/2017\/speaker\/na-missao-com-kadu\/\">Na Miss\u00e3o, com Kadu<\/a> (Minas Gerais, 2016, 28 min.)<br \/>\nDe Aiano Bemfica, Kadu Freitas e Pedro Maia de Brito, com a presen\u00e7a do diretor Pedro Maia de Brito<\/p>\n<p><a href=\"http:\/\/cachoeiradoc.com.br\/2017\/speaker\/ava-yvy-vera-a-terra-do-povo-do-raio\/\">Ava Yvy Vera &#8211; A Terra do Povo do Raio<\/a> (Minas Gerais, 2016, 52 min.)<br \/>\nDe Genito Gomes, Valmir Gon\u00e7alves Cabreira, Jhonn Nara Gomes, Jhonatan Gomes, Edina Ximenez, Dulc\u00eddio Gomes, Sarah Brites, Joilson Brites, com a presen\u00e7a dos diretores Genito Gomes e Jhonatan Gomes<\/p>\n<p>&nbsp;<\/p>\n<p><b>Dia 6\/09, \u00e0s 19h30<\/b><\/p>\n<p><b>Cine Theatro Cachoeirano<\/b><\/p>\n<p><b>Mostra Competitiva<\/b>, media\u00e7\u00e3o do debate: Claudia Mesquita<\/p>\n<p><a href=\"http:\/\/cachoeiradoc.com.br\/2017\/speaker\/em-nome-da-america\/\">Em Nome da Am\u00e9rica<\/a> (Pernambuco, 2017, 96 min.)<br \/>\nDe Fernando Weller, estreia mundial com a presen\u00e7a do diretor<\/p>\n<p>&nbsp;<\/p>\n<p><b>Dia 6\/09, \u00e0s 19h30<\/b><\/p>\n<p><b>Pra\u00e7a da Aclama\u00e7\u00e3o<\/b><\/p>\n<p><b>Mostra Corpos em Lutas<\/b><\/p>\n<p><b>Sess\u00e3o Especial, <\/b>media\u00e7\u00e3o do debate: Felipe Milanez<\/p>\n<p><a href=\"http:\/\/cachoeiradoc.com.br\/2017\/speaker\/martirio\/\">Mart\u00edrio<\/a> (Pernambuco, 2016, 160 min.)<br \/>\nDe Vincent Carelli, com co-dire\u00e7\u00e3o de Tita e Ernesto de Carvalho, com a presen\u00e7a de Vincent Carelli<\/p>\n<p>&nbsp;<\/p>\n<p><b>Dia 6\/09, \u00e0s 22h<\/b><\/p>\n<p><b>Escombro 777<\/b><\/p>\n<p><b>Baile Pelo Certo<\/b>[\/vc_column_text][\/vc_tta_section][vc_tta_section title=&#8221;Dia 7\/09&#8243; tab_id=&#8221;1502237496524-dad6bf70-72c8&#8243;][vc_column_text]<b>Dia 7\/09, \u00e0s 10h<\/b><\/p>\n<p><b>Cine Theatro Cachoeirano<\/b><\/p>\n<p><b>Mostra Mem\u00f3rias de Lutas<\/b><\/p>\n<p><b>Programa Victor Guimar\u00e3es,<\/b> media\u00e7\u00e3o do debate: Victor Guimar\u00e3es<\/p>\n<p><a href=\"http:\/\/cachoeiradoc.com.br\/2017\/speaker\/el-bolillo-fatal\/\">El bolillo fatal o el emblema de la muerte<\/a> (Bol\u00edvia, 1927, 15 min.)<br \/>\nDe Lu\u00eds del Castillo<\/p>\n<p><a href=\"http:\/\/cachoeiradoc.com.br\/2017\/speaker\/colombia-70\/\">Colombia 70<\/a> (Col\u00f4mbia,1970, 4 min.)<br \/>\nDe Carlos \u00c1lvarez<\/p>\n<p><a href=\"http:\/\/cachoeiradoc.com.br\/2017\/speaker\/por-la-tierra-ajena\/\">Por la tierra ajena<\/a> (Chile, 1965, 5 min.)<br \/>\nDe Centro de Cine Experimental de la Universidad de Chile | Miguel Litt\u00edn<\/p>\n<p><a href=\"http:\/\/cachoeiradoc.com.br\/2017\/speaker\/hanoi-martes-13\/\">Han\u00f3i, martes 13 <\/a>(Cuba, 1968, 38 min.)<br \/>\nDe ICAIC | Santiago \u00c1lvarez<\/p>\n<p><a href=\"http:\/\/cachoeiradoc.com.br\/2017\/speaker\/a-ilha-do-tesouro\/\">Isla del Tesoro<\/a> (Cuba, 1969, 9 min.)<br \/>\nDe ICAIC | Sara G\u00f3mez<\/p>\n<p><a href=\"http:\/\/cachoeiradoc.com.br\/2017\/speaker\/basta\/\">Basta!<\/a> (Venezuela,1969, 21 min.)<br \/>\nDe Ugo Ulive<\/p>\n<p>&nbsp;<\/p>\n<p><b>Dia 7\/09, \u00e0s 14h<\/b><\/p>\n<p><b>Cine Theatro Cachoeirano<\/b><\/p>\n<p><b>Mostra Competitiva<\/b>, media\u00e7\u00e3o do debate: Evandro de Freitas<\/p>\n<p><a href=\"http:\/\/cachoeiradoc.com.br\/2017\/speaker\/memorias-do-subsolo-ou-o-homem-que-cavou-ate-encontrar-uma-redoma\/\">Mem\u00f3rias do Subsolo ou o homem que cavou at\u00e9 encontrar uma redoma<\/a> (Cear\u00e1, 2017, 11 min.)<br \/>\nDe Felipe Camilo, com a presen\u00e7a do diretor<\/p>\n<p><a href=\"http:\/\/cachoeiradoc.com.br\/2017\/speaker\/picivetagem\/\">PiciVetaGem<\/a> (Cear\u00e1, 2016, 21 min.)<br \/>\nDe Geovana Correia e Pedro Moura, com a presen\u00e7a da diretora<\/p>\n<p><a href=\"http:\/\/cachoeiradoc.com.br\/2017\/speaker\/travessia\/\">Travessia <\/a>(Rio de Janeiro, \u00a02017, 4 min.)<br \/>\nDe Safira Moreira, com a presen\u00e7a da diretora<\/p>\n<p><a href=\"http:\/\/cachoeiradoc.com.br\/2017\/speaker\/a-gis\/\">A Gis<\/a> (S\u00e3o Paulo, 2016, 20 min.)<br \/>\nDe Thiago Carvalhaes, com a presen\u00e7a do diretor<\/p>\n<p><a href=\"http:\/\/cachoeiradoc.com.br\/2017\/speaker\/deus\/\">Deus <\/a>(Rio Grande do Sul\/ S\u00e3o Paulo, 2016, 25 min.)<br \/>\nDe Vinicius Silva, com a presen\u00e7a do diretor<\/p>\n<p>&nbsp;<\/p>\n<p><b>Dia 7\/09, \u00e0s 17h<\/b><\/p>\n<p><b>Cine Theatro Cachoeirano<\/b><\/p>\n<p><b>Mostra Competitiva<\/b>, media\u00e7\u00e3o do debate: Roberta Veiga<\/p>\n<p><a href=\"http:\/\/cachoeiradoc.com.br\/2017\/speaker\/filme-de-rua\/\">Filme de Rua<\/a> (Minas Gerais, 2017, 24 min.)<br \/>\nDe Joanna Ladeira, Paula Kimo, Zi Reis, Ed Marte, Guilherme Fernandes, Daniel Carneiro, com a presen\u00e7a dos jovens e da equipe do filme<\/p>\n<p><a href=\"http:\/\/cachoeiradoc.com.br\/2017\/speaker\/baronesa\/\">Baronesa<\/a> (Minas Gerais, 2017, 73 min.)<br \/>\nDe Juliana Antunes, com a presen\u00e7a da diretora<\/p>\n<p>&nbsp;<\/p>\n<p><b>Dia 7\/09, \u00e0s 19h30<\/b><\/p>\n<p><b>Cine Theatro Cachoeirano<\/b><\/p>\n<p><b>Mostra Competitiva,<\/b> media\u00e7\u00e3o do debate: Ana Rosa Marques<\/p>\n<p><a href=\"http:\/\/cachoeiradoc.com.br\/2017\/speaker\/corpostyledancemachine\/\">CorpoStyleDanceMachine<\/a> (Bahia, 2017, 7 min.)<br \/>\nDe Ulisses Arthur, com a presen\u00e7a de Tikal e do produtor Marvin Pereira<\/p>\n<p><a href=\"http:\/\/cachoeiradoc.com.br\/2017\/speaker\/vando-vulgo-vedita\/\">Vando Vulgo Vedita <\/a>(Cear\u00e1, 2017, 20 min.)<br \/>\nDe Andr\u00e9ia Pires e Leonardo Moura Mateus<\/p>\n<p><a href=\"http:\/\/cachoeiradoc.com.br\/2017\/speaker\/meu-corpo-e-politico\/\">Meu corpo \u00e9 pol\u00edtico<\/a> (S\u00e3o Paulo, 2017, 72 min.)<br \/>\nDe Alice Riff, com a presen\u00e7a da diretora<\/p>\n<p>&nbsp;<\/p>\n<p><b>Dia 7\/09, \u00e0s 19h30<\/b><\/p>\n<p><b>Pra\u00e7a da Aclama\u00e7\u00e3o<\/b><\/p>\n<p><b>Mostra Corpos em Lutas<\/b><\/p>\n<p><b>Programa Victor Guimar\u00e3es, <\/b>media\u00e7\u00e3o do debate: Victor Guimar\u00e3es<\/p>\n<p><a href=\"http:\/\/cachoeiradoc.com.br\/2017\/speaker\/me-gustan-los-estudiantes\/\">Me gustan los estudiantes<\/a> (Uruguai, 1968, 6 min.)<br \/>\nDe Mario Handler<\/p>\n<p><a href=\"http:\/\/cachoeiradoc.com.br\/2017\/speaker\/me-matan-si-no-trabajo-y-si-trabajo-me-matan\/\">Me matan si no trabajo y si trabajo me matan<\/a> (Argentina, 1974, 22 min.)<br \/>\nDe Grupo Cine de la Base | Raymundo Gleyzer<\/p>\n<p><a href=\"http:\/\/cachoeiradoc.com.br\/2017\/speaker\/companero-cineasta-piquetero\/\">Compa\u00f1ero cineasta piquetero<\/a> (Argentina, 2002, 14 min.)<br \/>\nDe An\u00f4nimo | Proyecto ENERC<\/p>\n<p><a href=\"http:\/\/cachoeiradoc.com.br\/2017\/speaker\/trabalhadoras-metalurgicas\/\">Trabalhadoras Metal\u00fargicas<\/a> (Brasil, 1978, 17 min.)<br \/>\nDe Sindicato dos Metal\u00fargicos do ABC | Olga Futemma &amp; Renato Tapaj\u00f3s<\/p>\n<p><a href=\"http:\/\/cachoeiradoc.com.br\/2017\/speaker\/el-mundo-de-la-mujer\/\">El mundo de la mujer<\/a> (Argentina, 1971, 15 min.)<br \/>\nDe Mar\u00eda Luisa Bemberg<\/p>\n<p><a href=\"http:\/\/cachoeiradoc.com.br\/2017\/speaker\/de-cuerpo-presente\/\">De cuerpo presente<\/a> (M\u00e9xico, 1998, 13 min.)<br \/>\nDe Marcela Fern\u00e1ndez Violante<\/p>\n<p><a href=\"http:\/\/cachoeiradoc.com.br\/2017\/speaker\/estudo-em-vermelho\/\">Estudo em vermelho<\/a> (Brasil, 2013, 16 min.)<br \/>\nDe Coletivo Surto &amp; Deslumbramento | Chico Lacerda<\/p>\n<p>&nbsp;<\/p>\n<p><b>Dia 7\/09, \u00e0s 22h<\/b><\/p>\n<p><b>Pra\u00e7a Teixeira de Freitas<\/b><\/p>\n<p><b>Dj Samir Suzart e Dj Suzy 4 tons<\/b>[\/vc_column_text][\/vc_tta_section][vc_tta_section title=&#8221;Dia 8\/09&#8243; tab_id=&#8221;1502237681113-c7635569-64ff&#8221;][vc_column_text]<b>Dia 8\/09, \u00e0s 10h<\/b><\/p>\n<p><b>Cine Theatro Cachoeirano<\/b><\/p>\n<p><b>Mostra Mem\u00f3rias de Lutas<\/b><\/p>\n<p><b>Programa Nicole Brenez, <\/b>media\u00e7\u00e3o do debate: Amaranta Cesar<\/p>\n<p><a href=\"http:\/\/cachoeiradoc.com.br\/2017\/speaker\/los-dependientes\/\">Los (De)pendientes<\/a> (Brasil, 2015, 24 min.)<br \/>\nDe Sebastian Wiedemann<\/p>\n<p><a href=\"http:\/\/cachoeiradoc.com.br\/2017\/speaker\/une-jeunesse-allemande\/\">Une jeunesse allemande <\/a>(Fran\u00e7a, 2015, 93 min.)<br \/>\nDe Jean-Gabriel P\u00e9riot<\/p>\n<p>&nbsp;<\/p>\n<p><b>Dia 8\/09, \u00e0s 14h<\/b><\/p>\n<p><b>Cine Theatro Cachoeirano<\/b><\/p>\n<p><b>Mostra Competitiva,<\/b> media\u00e7\u00e3o do debate: Luis Henrique Leal<\/p>\n<p><a href=\"http:\/\/cachoeiradoc.com.br\/2017\/speaker\/admin-admin\/\">admin admin<\/a> (Bahia, 2017, 11 min.)<br \/>\nDe Camila Greg\u00f3rio, Iago Cordeiro Ribeiro, Erick Lawrence, Maria Clara Arbex, Augusto Daltro e Bebeto Junior, com a presen\u00e7a dos diretores<\/p>\n<p><a href=\"http:\/\/cachoeiradoc.com.br\/2017\/speaker\/balanca-brasil\/\">Balan\u00e7a Brasil<\/a> (Minas Gerais\/ Bahia, 2017, 25 min.)<br \/>\nDe Carlos Segundo, com a presen\u00e7a do diretor<\/p>\n<p><a href=\"http:\/\/cachoeiradoc.com.br\/2017\/speaker\/terminal-3\/\">Terminal 3<\/a> (S\u00e3o Paulo, 2017, 24 min.)<br \/>\nDe Thomaz Pedro e Marques Casara<\/p>\n<p><a href=\"http:\/\/cachoeiradoc.com.br\/2017\/speaker\/latossolo\/\">Latossolo<\/a> (Bahia, 2017, 18 min.)<br \/>\nDe Michel Santos, com a presen\u00e7a do diretor<\/p>\n<p>&nbsp;<\/p>\n<p><b>Dia 8\/09, \u00e0s 17h<\/b><\/p>\n<p><b>Cine Theatro Cachoeirano<\/b><\/p>\n<p><b>Mostra Competitiva, <\/b>media\u00e7\u00e3o do debate: Danilo Scaldaferri<\/p>\n<p><a href=\"http:\/\/cachoeiradoc.com.br\/2017\/speaker\/historiografia\/\">Historiografia<\/a> (S\u00e3o Paulo, 2017, 4 min.)<br \/>\nDe Amanda P\u00f3, com a presen\u00e7a da diretora<\/p>\n<p><a href=\"http:\/\/cachoeiradoc.com.br\/2017\/speaker\/anamnese\/\">Anamnese<\/a> (Rio de Janeiro, 2016, 15 min.)<br \/>\nDe Clementino Junior, com a presen\u00e7a do diretor<\/p>\n<p><a href=\"http:\/\/cachoeiradoc.com.br\/2017\/speaker\/escolas-em-luta\/\">Escolas em luta<\/a> (S\u00e3o Paulo, 2017, 77 min.)<br \/>\nDe Eduardo Consonni, Rodrigo T. Marques e Tiago Tambelli, com a presen\u00e7a dos diretores Eduardo Consonni e Rodrigo T. Marques<\/p>\n<p>&nbsp;<\/p>\n<p><b>Dia 8\/09, \u00e0s 19h30<\/b><\/p>\n<p><b>Cine Theatro Cachoeirano<\/b><\/p>\n<p><b>Mostra Competitiva, <\/b>media\u00e7\u00e3o do debate: Leon Sampaio<\/p>\n<p><a href=\"http:\/\/cachoeiradoc.com.br\/2017\/speaker\/elas-continuam-lutando\/\">Elas continuam lutando<\/a> (S\u00e3o Paulo, 2017, 22 min.)<br \/>\nDe Viny Psoa e L\u00edvia Perez, com a presen\u00e7a do diretor<\/p>\n<p><a href=\"http:\/\/cachoeiradoc.com.br\/2017\/speaker\/mataram-nossos-filhos\/\">Mataram nossos filhos<\/a> (S\u00e3o Paulo, 2016, 71 min.)<br \/>\nDe Susanna Lira, com a presen\u00e7a da diretora<\/p>\n<p>&nbsp;<\/p>\n<p><b>Dia 8\/09, \u00e0s 19h30<\/b><\/p>\n<p><b>Pra\u00e7a da Aclama\u00e7\u00e3o<\/b><\/p>\n<p><b>Mostra Corpos em Lutas<\/b><\/p>\n<p><b>Sess\u00e3o Especial<\/b>, media\u00e7\u00e3o do debate: Jorge Cardoso Filho<\/p>\n<p><a href=\"http:\/\/cachoeiradoc.com.br\/2017\/speaker\/desmonte\/\">Desmonte <\/a>(Rio de Janeiro, 2016, 7 min.)<br \/>\nDe Mariana Cavalcanti<\/p>\n<p><a href=\"http:\/\/cachoeiradoc.com.br\/2017\/speaker\/onde-comeca-um-rio\/\">Onde come\u00e7a um rio<\/a> (Pernambuco, 2017, 75 min.)<br \/>\nDe Julia Karam, Maiara Mascarenhas, Maria Cardozo e Pedro Severien, com a presen\u00e7a dos diretores Julia Karam, Maria Cardozo e Pedro Severien<\/p>\n<p>&nbsp;<\/p>\n<p><b>Dia 8\/09, \u00e0s 21h30<\/b><\/p>\n<p><b>Pra\u00e7a Teixeira de Freitas<\/b><\/p>\n<p><b>Funfun D\u00fad\u00fa<\/b>[\/vc_column_text][\/vc_tta_section][vc_tta_section title=&#8221;Dia 9\/09&#8243; tab_id=&#8221;1502237991039-354a992a-4013&#8243;][vc_column_text]<b>Dia 9\/09, \u00e0s 10h<\/b><\/p>\n<p><b>Cine Theatro Cachoeirano<\/b><\/p>\n<p><b>Mostra Mem\u00f3rias de Lutas<\/b><\/p>\n<p><b>Programa Amaranta Cesar, <\/b>media\u00e7\u00e3o do debate: Amaranta Cesar<\/p>\n<p><a href=\"http:\/\/cachoeiradoc.com.br\/2017\/speaker\/the-murder-of-fred-hampton\/\">O assassinato de Fred Hampton<\/a> (EUA, 1971, 90 min.)<br \/>\nDe Howard Alk<\/p>\n<p>&nbsp;<\/p>\n<p><b>Dia 9\/09, \u00e0s 14h<\/b><\/p>\n<p><b>Cine Theatro Cachoeirano<\/b><\/p>\n<p><b>Mostra Competitiva, <\/b>media\u00e7\u00e3o do debate: Ana Rosa Marques<\/p>\n<p><a href=\"http:\/\/cachoeiradoc.com.br\/2017\/speaker\/por-tras-da-linha-de-escudos\/\">Por tr\u00e1s da linha de escudos<\/a> (Pernambuco, 2017, 100 min.)<br \/>\nDe Marcelo Pedroso, com a presen\u00e7a do diretor<\/p>\n<p>&nbsp;<\/p>\n<p><b>Dia 9\/09, \u00e0s 17h<\/b><\/p>\n<p><b>Cine Theatro Cachoeirano<\/b><\/p>\n<p><b>Mostra Corpos em Lutas<\/b><\/p>\n<p><b>Programa Nicole Brenez, <\/b>media\u00e7\u00e3o do debate: Amaranta Cesar<\/p>\n<p><a href=\"http:\/\/cachoeiradoc.com.br\/2017\/speaker\/embargo\/\">Embargo<\/a> (Marrocos, 1997, 7 min.)<br \/>\nDe Mounir Fatmi<\/p>\n<p><a href=\"http:\/\/cachoeiradoc.com.br\/2017\/speaker\/untitled-part-3b-as-if-beauty-never-ends\/\">Sem t\u00edtulo parte 3b: (como se) a beleza nunca acaba\u2026<\/a> (L\u00edbano-Canad\u00e1, 2002, 11 min.)<br \/>\nDe Jayce Salloum<\/p>\n<p><a href=\"http:\/\/cachoeiradoc.com.br\/2017\/speaker\/chic-point\/\">Chic Point <\/a>(Israel\/Palestina, 2003, 7 min.)<br \/>\nDe Sharif Waked<\/p>\n<p><a href=\"http:\/\/cachoeiradoc.com.br\/2017\/speaker\/prisoes-nosso-corpo-e-uma-arma\/\">Pris\u00f5es \u2013 Nosso corpo \u00e9 uma arma<\/a> (Fran\u00e7a, 2011, 12 min.)<br \/>\nDe Clarisse Hahn<\/p>\n<p><a href=\"http:\/\/cachoeiradoc.com.br\/2017\/speaker\/gerilla-notre-corps-est-une-arme\/\">Guerrilha \u2013 Nosso corpo \u00e9 uma arma<\/a> (Fran\u00e7a, 2011, 19 min.)<br \/>\nDe Clarisse Hahn<\/p>\n<p><a href=\"http:\/\/cachoeiradoc.com.br\/2017\/speaker\/los-desnudos-notre-corps-est-une-arme\/\">Los Desnudos \u2013 Nosso corpo \u00e9 uma arma<\/a> (Fran\u00e7a, 2011, 16 min)<br \/>\nDe Clarisse Hahn<\/p>\n<p>&nbsp;<\/p>\n<p><b>Dia 9\/09, \u00e0s 19h30<\/b><\/p>\n<p><b>Cine Theatro Cachoeirano<\/b><\/p>\n<p><b>Mostra Corpos em Lutas<\/b><\/p>\n<p><b>Programa Amaranta Cesar<\/b><b>, <\/b>media\u00e7\u00e3o do debate: Osmundo Pinho<\/p>\n<p><a href=\"http:\/\/cachoeiradoc.com.br\/2017\/speaker\/now\/\">Now!<\/a> (Cuba, 1965, 5 min.)<br \/>\nDe Santiago Alvarez<\/p>\n<p><a href=\"http:\/\/cachoeiradoc.com.br\/2017\/speaker\/now-again\/\">Now! Again!<\/a> (EUA, 2014, 5 min.)<br \/>\nDe Alex Johnston<\/p>\n<p><a href=\"http:\/\/cachoeiradoc.com.br\/2017\/speaker\/alma-no-olho\/\">Alma no olho<\/a> (Brasil, 1975, 11 min.)<br \/>\nDe Z\u00f3zimo Bulbul<\/p>\n<p><a href=\"http:\/\/cachoeiradoc.com.br\/2017\/speaker\/monangambe\/\">Monangambee <\/a>(Angola, 1968, 14 min.)<br \/>\nDe Sarah Maldoror<\/p>\n<p><a href=\"http:\/\/cachoeiradoc.com.br\/2017\/speaker\/noticias-de-uma-tragedia-racial-subnotificada\/\">Not\u00edcias de uma Trag\u00e9dia Racial Subnotificada<\/a> (Bahia, 2017, 14 min.)<br \/>\nDe Reaja ou Ser\u00e1 Morta, Reaja ou Ser\u00e1 Morto, com a presen\u00e7a de\u00a0Aline Nzinga<\/p>\n<p><a href=\"http:\/\/cachoeiradoc.com.br\/2017\/speaker\/experimentando-o-vermelho-em-diluvio\/\">Experimentando o vermelho em dil\u00favio<\/a> (Rio de Janeiro, 2016, 10 min.)<br \/>\nDe Michelle Mattiuzzi<\/p>\n<p>&nbsp;<\/p>\n<p><b>Dia 9\/09, \u00e0s 22h<\/b><\/p>\n<p><b>Pra\u00e7a Teixeira de Freitas<\/b><\/p>\n<p><b>\u00c0TT\u00d8\u00d8XX\u00c1<\/b>[\/vc_column_text][\/vc_tta_section][vc_tta_section title=&#8221;Dia 10\/09&#8243; tab_id=&#8221;1502238264793-98abb15d-cf3d&#8221;][vc_column_text]<b>Dia 10\/09, \u00e0s<\/b> <b>14h <\/b><\/p>\n<p><b>Cine Theatro Cachoeirano<\/b><\/p>\n<p><b>Sess\u00e3o Cl\u00e1ssico do Real<\/b><\/p>\n<p><b>Homenagem a <\/b><b>Luiz <\/b><b>Paulino dos Santos<\/b><b>, <\/b>media\u00e7\u00e3o do debate: Edgard Navarro<\/p>\n<p><a href=\"http:\/\/cachoeiradoc.com.br\/2017\/homenagem-a-luiz-paulino-dos-santos\/\">\u00cdndio Zor\u00f3: Antes hoje e depois?<\/a> (Brasil, 2016, 70 min.)<br \/>\nDe Luiz Paulino dos Santos<\/p>\n<p>&nbsp;<\/p>\n<p><b>Dia 10\/09, \u00e0s<\/b><b> 15h30<\/b><\/p>\n<p><b>Cine Theatro Cachoeirano<\/b><\/p>\n<p><b>Mostra Mem\u00f3rias de Lutas<\/b><\/p>\n<p><b>Sess\u00e3o Especial, <\/b>media\u00e7\u00e3o do debate: Laura Bezerra<\/p>\n<p><a href=\"http:\/\/cachoeiradoc.com.br\/2017\/speaker\/talaatay-nder-terca-feira-de-nder\/\">Talaatay Nder (Ter\u00e7a feira de Nder)<\/a> (Senegal, 2016, \u00a020 min.)<br \/>\nDe Chantal Durpoix, com a presen\u00e7a da diretora<\/p>\n<p><a href=\"http:\/\/cachoeiradoc.com.br\/2017\/speaker\/em-busca-de-lelia\/\">Em busca de L\u00e9lia<\/a> \u00a0(Bahia, 2017, 15 min.)<br \/>\nDe Beatriz Vieirah, com a presen\u00e7a da diretora<\/p>\n<p><a href=\"http:\/\/cachoeiradoc.com.br\/2017\/speaker\/real-conquista\/\">Real Conquista <\/a>(Goi\u00e1s, 2017, 14 min.)<br \/>\nDe Fabiana Assis<\/p>\n<p>&nbsp;<\/p>\n<p><b>Dia 10\/09, \u00e0s <\/b><b>17h<\/b><\/p>\n<p><b>Cine Theatro Cachoeirano<\/b><\/p>\n<p><b>Mostra Corpos em Lutas<\/b><\/p>\n<p><b>Sess\u00e3o Especial, <\/b>media\u00e7\u00e3o do debate: Milene Migliano<\/p>\n<p><a href=\"http:\/\/cachoeiradoc.com.br\/2017\/speaker\/era-um-hotel-cambridge\/\">Era o hotel Cambridge<\/a> (<span style=\"font-weight: 400;\">S\u00e3o Paulo, 2016, 71 min.)<\/span><i><span style=\"font-weight: 400;\"><br \/>\n<\/span><\/i>De Eliane Caff\u00e9<\/p>\n<p>&nbsp;<\/p>\n<p><b>Dia 10\/09, \u00e0s <\/b><b>19h<\/b><\/p>\n<p><b>Cine Theatro Cachoeirano<\/b><\/p>\n<p><b>Mostra Corpos em Lutas<\/b><\/p>\n<p><b>Sess\u00e3o Especial, <\/b>media\u00e7\u00e3o do debate: Bruno Saphira<\/p>\n<p><a href=\"http:\/\/cachoeiradoc.com.br\/2017\/speaker\/paris-est-une-fete\/\">Paris \u00e9 uma festa: um filme em 18 ondas<\/a> (Fran\u00e7a, 2017, 95 min.)<br \/>\nDe Sylvain George[\/vc_column_text][\/vc_tta_section][\/vc_tta_accordion][\/vc_column][\/vc_row]<\/p>\n","protected":false},"excerpt":{"rendered":"<p>[vc_row][vc_column][vc_column_text css_animation=&#8221;none&#8221;]Esta programa\u00e7\u00e3o est\u00e1 sujeita a pequenas altera\u00e7\u00f5es.\u00a0Clique em cada um dos dias para visualizar.[\/vc_column_text][\/vc_column][\/vc_row][vc_row css_animation=&#8221;bounceIn&#8221; ova_bg_pattern=&#8221;#ead620&#8243;][vc_column][vc_tta_accordion color=&#8221;mulled-wine&#8221; active_section=&#8221;0&#8243; css_animation=&#8221;none&#8221;][vc_tta_section title=&#8221;Dia 4\/09&#8243; tab_id=&#8221;1502237032696-3cf86b34-84ba&#8221;][vc_column_text]Dia 4\/09, de 10h \u00e0s 12h30 Cine Theatro Cachoeirano VI Col\u00f3quio Cinema, Est\u00e9tica e Pol\u00edtica Sess\u00e3o 1: Confer\u00eancia Povo Tupinamb\u00e1<\/p>\n","protected":false},"author":2,"featured_media":0,"parent":0,"menu_order":0,"comment_status":"closed","ping_status":"closed","template":"","meta":[],"_links":{"self":[{"href":"https:\/\/cachoeiradoc.com.br\/2017\/wp-json\/wp\/v2\/pages\/1457"}],"collection":[{"href":"https:\/\/cachoeiradoc.com.br\/2017\/wp-json\/wp\/v2\/pages"}],"about":[{"href":"https:\/\/cachoeiradoc.com.br\/2017\/wp-json\/wp\/v2\/types\/page"}],"author":[{"embeddable":true,"href":"https:\/\/cachoeiradoc.com.br\/2017\/wp-json\/wp\/v2\/users\/2"}],"replies":[{"embeddable":true,"href":"https:\/\/cachoeiradoc.com.br\/2017\/wp-json\/wp\/v2\/comments?post=1457"}],"version-history":[{"count":49,"href":"https:\/\/cachoeiradoc.com.br\/2017\/wp-json\/wp\/v2\/pages\/1457\/revisions"}],"predecessor-version":[{"id":1747,"href":"https:\/\/cachoeiradoc.com.br\/2017\/wp-json\/wp\/v2\/pages\/1457\/revisions\/1747"}],"wp:attachment":[{"href":"https:\/\/cachoeiradoc.com.br\/2017\/wp-json\/wp\/v2\/media?parent=1457"}],"curies":[{"name":"wp","href":"https:\/\/api.w.org\/{rel}","templated":true}]}}