{"id":3851,"date":"2016-08-09T15:42:23","date_gmt":"2016-08-09T18:42:23","guid":{"rendered":"http:\/\/cachoeiradoc.com.br\/2016\/?page_id=3851"},"modified":"2016-08-20T13:43:50","modified_gmt":"2016-08-20T16:43:50","slug":"oficina-filmeseluta","status":"publish","type":"page","link":"https:\/\/cachoeiradoc.com.br\/2016\/oficina-filmeseluta\/","title":{"rendered":"Oficina Filmes&#038;Luta &#8211;  Limites do filme e da vida memo"},"content":{"rendered":"<p><strong>Com Lincoln P\u00e9ricles e Tom\u00e9 das Ruas<br \/>\n<\/strong><\/p>\n<p style=\"text-align: justify;\"><img loading=\"lazy\" class=\"size-medium wp-image-3910 alignleft\" src=\"http:\/\/cachoeiradoc.com.br\/2016\/wp-content\/uploads\/2016\/08\/Lincoln_Tom\u00e9-230x300.jpg\" alt=\"Lincoln_Tom\u00e9\" width=\"230\" height=\"300\" srcset=\"https:\/\/cachoeiradoc.com.br\/2016\/wp-content\/uploads\/2016\/08\/Lincoln_Tom\u00e9-230x300.jpg 230w, https:\/\/cachoeiradoc.com.br\/2016\/wp-content\/uploads\/2016\/08\/Lincoln_Tom\u00e9-768x1001.jpg 768w, https:\/\/cachoeiradoc.com.br\/2016\/wp-content\/uploads\/2016\/08\/Lincoln_Tom\u00e9-786x1024.jpg 786w, https:\/\/cachoeiradoc.com.br\/2016\/wp-content\/uploads\/2016\/08\/Lincoln_Tom\u00e9.jpg 1700w\" sizes=\"(max-width: 230px) 100vw, 230px\" \/>&#8220;O subt\u00edtulo da oficina \u00e9 Limites do filme e da vida <em>memo<\/em>, &#8220;<em>memo&#8221;<\/em> \u00e9 como falamos &#8220;<em>mesmo<\/em>&#8221; l\u00e1 no Cap\u00e3o Redondo&#8221;, explicou o diretor Lincoln P\u00e9ricles, que ir\u00e1 ministrar a oficina Filmes&amp;Luta\u00a0com\u00a0o rapper Tom\u00e9 das Ruas. Ambos s\u00e3o moradores do bairro do Cap\u00e3o Redondo \u2013 periferia de S\u00e3o Paulo, e ir\u00e3o refletir\u00a0sobre experi\u00eancias de luta social e da constru\u00e7\u00e3o de personagens moradores da periferia, que partem de longe dos olhares animalescos que a classe m\u00e9dia (as vezes querendo ou n\u00e3o) imp\u00f4s ao cinema brasileiro.<\/p>\n<p style=\"text-align: justify;\">Partindo de uma certeza, de que n\u00e3o se separa est\u00e9tica e pol\u00edtica, a oficina prop\u00f5e uma troca de ideia sobre as limita\u00e7\u00f5es dos filmes \u201cde luta\u201d, aqueles que se pretendem estar na linha de frente de alguma ideia pol\u00edtica, e que em sua maioria \u00e9 feita por quem inclusive, n\u00e3o est\u00e1 dentro da pr\u00f3pria luta.\u00a0A oficina contar\u00e1 com a participa\u00e7\u00e3o de jovens de S\u00e3o Paulo que ocuparam espa\u00e7os como escolas e f\u00e1bricas de cultura, com exemplos de filmes in\u00e9ditos feito dentro do contexto de ocupa\u00e7\u00f5es, discutindo agita\u00e7\u00e3o e propaganda no contexto do presente, entendendo o que significou isso no passado, pensando nas constru\u00e7\u00f5es coletivas para o futuro.<\/p>\n<p>As inscri\u00e7\u00f5es seguem abertas at\u00e9 28 de agosto.<\/p>\n<p>Carga hor\u00e1ria: 09h<\/p>\n<p>Dias 07, 08 e 09 de setembro<\/p>\n<p>Hor\u00e1rio: das 10h \u00e0s 13h<\/p>\n<p>Local: CAHL\/UFRB<\/p>\n<p>Vagas:\u00a025<\/p>\n<p>Quanto: Gratuito<\/p>\n<p>Inscreva-se:<\/p>\n<p><iframe src=\"https:\/\/docs.google.com\/forms\/d\/e\/1FAIpQLSeQJ-xaTj9lY4l1aiZjfk7a8Dv0NhrnhSoTe0td1du4goBwFg\/viewform?embedded=true#start=embed\" width=\"660\" height=\"1500\" frameborder=\"0\" marginwidth=\"0\" marginheight=\"0\">Carregando\u2026<\/iframe><\/p>\n","protected":false},"excerpt":{"rendered":"<p>Com Lincoln P\u00e9ricles e Tom\u00e9 das Ruas &#8220;O subt\u00edtulo da oficina \u00e9 Limites do filme e da vida memo, &#8220;memo&#8221; \u00e9 como falamos &#8220;mesmo&#8221; l\u00e1 no Cap\u00e3o Redondo&#8221;, explicou o diretor Lincoln P\u00e9ricles, que ir\u00e1 ministrar a oficina Filmes&amp;Luta\u00a0com\u00a0o rapper Tom\u00e9 das Ruas. Ambos s\u00e3o moradores do bairro do Cap\u00e3o Redondo \u2013 periferia de S\u00e3o&#8230; <\/p>\n<div class=\"clear\"><\/div>\n<p><a href=\"https:\/\/cachoeiradoc.com.br\/2016\/oficina-filmeseluta\/\" class=\"gdlr-info-font excerpt-read-more\">Leia mais<\/a><\/p>\n","protected":false},"author":1,"featured_media":3905,"parent":0,"menu_order":0,"comment_status":"closed","ping_status":"closed","template":"","meta":[],"_links":{"self":[{"href":"https:\/\/cachoeiradoc.com.br\/2016\/wp-json\/wp\/v2\/pages\/3851"}],"collection":[{"href":"https:\/\/cachoeiradoc.com.br\/2016\/wp-json\/wp\/v2\/pages"}],"about":[{"href":"https:\/\/cachoeiradoc.com.br\/2016\/wp-json\/wp\/v2\/types\/page"}],"author":[{"embeddable":true,"href":"https:\/\/cachoeiradoc.com.br\/2016\/wp-json\/wp\/v2\/users\/1"}],"replies":[{"embeddable":true,"href":"https:\/\/cachoeiradoc.com.br\/2016\/wp-json\/wp\/v2\/comments?post=3851"}],"version-history":[{"count":10,"href":"https:\/\/cachoeiradoc.com.br\/2016\/wp-json\/wp\/v2\/pages\/3851\/revisions"}],"predecessor-version":[{"id":4134,"href":"https:\/\/cachoeiradoc.com.br\/2016\/wp-json\/wp\/v2\/pages\/3851\/revisions\/4134"}],"wp:featuredmedia":[{"embeddable":true,"href":"https:\/\/cachoeiradoc.com.br\/2016\/wp-json\/wp\/v2\/media\/3905"}],"wp:attachment":[{"href":"https:\/\/cachoeiradoc.com.br\/2016\/wp-json\/wp\/v2\/media?parent=3851"}],"curies":[{"name":"wp","href":"https:\/\/api.w.org\/{rel}","templated":true}]}}