{"id":1966,"date":"2015-08-20T21:59:10","date_gmt":"2015-08-21T00:59:10","guid":{"rendered":"http:\/\/cachoeiradoc.com.br\/2015\/?page_id=1966"},"modified":"2015-08-23T20:57:34","modified_gmt":"2015-08-23T23:57:34","slug":"cachoeira","status":"publish","type":"page","link":"https:\/\/cachoeiradoc.com.br\/2015\/cachoeira\/","title":{"rendered":"Cachoeira"},"content":{"rendered":"<div class=\"vc_row wpb_row vc_row-fluid\"><div class=\"wpb_column vc_column_container vc_col-sm-12\"><div class=\"wpb_wrapper\"><div class=\"wpb_gallery wpb_content_element vc_clearfix\"><div class=\"wpb_wrapper\"><div class=\"wpb_gallery_slides wpb_image_grid\" data-interval=\"3\"><ul class=\"wpb_image_grid_ul\"><li class=\"isotope-item\"><img width=\"150\" height=\"150\" src=\"https:\/\/cachoeiradoc.com.br\/2015\/wp-content\/uploads\/2015\/08\/Pra\u00e7a2-150x150.jpg\" class=\"attachment-thumbnail\" alt=\"\" loading=\"lazy\" srcset=\"https:\/\/cachoeiradoc.com.br\/2015\/wp-content\/uploads\/2015\/08\/Pra\u00e7a2-150x150.jpg 150w, https:\/\/cachoeiradoc.com.br\/2015\/wp-content\/uploads\/2015\/08\/Pra\u00e7a2-524x524.jpg 524w, https:\/\/cachoeiradoc.com.br\/2015\/wp-content\/uploads\/2015\/08\/Pra\u00e7a2-100x100.jpg 100w\" sizes=\"(max-width: 150px) 100vw, 150px\" \/><\/li><li class=\"isotope-item\"><img width=\"150\" height=\"150\" src=\"https:\/\/cachoeiradoc.com.br\/2015\/wp-content\/uploads\/2015\/08\/pousadas-150x150.jpg\" class=\"attachment-thumbnail\" alt=\"\" loading=\"lazy\" srcset=\"https:\/\/cachoeiradoc.com.br\/2015\/wp-content\/uploads\/2015\/08\/pousadas-150x150.jpg 150w, https:\/\/cachoeiradoc.com.br\/2015\/wp-content\/uploads\/2015\/08\/pousadas-100x100.jpg 100w\" sizes=\"(max-width: 150px) 100vw, 150px\" \/><\/li><li class=\"isotope-item\"><img width=\"150\" height=\"150\" src=\"https:\/\/cachoeiradoc.com.br\/2015\/wp-content\/uploads\/2015\/01\/cachoeira_bahia_f_001-150x150.jpg\" class=\"attachment-thumbnail\" alt=\"\" loading=\"lazy\" srcset=\"https:\/\/cachoeiradoc.com.br\/2015\/wp-content\/uploads\/2015\/01\/cachoeira_bahia_f_001-150x150.jpg 150w, https:\/\/cachoeiradoc.com.br\/2015\/wp-content\/uploads\/2015\/01\/cachoeira_bahia_f_001-100x100.jpg 100w\" sizes=\"(max-width: 150px) 100vw, 150px\" \/><\/li><li class=\"isotope-item\"><img width=\"150\" height=\"150\" src=\"https:\/\/cachoeiradoc.com.br\/2015\/wp-content\/uploads\/2015\/01\/Cachoeira-150x150.jpg\" class=\"attachment-thumbnail\" alt=\"\" loading=\"lazy\" srcset=\"https:\/\/cachoeiradoc.com.br\/2015\/wp-content\/uploads\/2015\/01\/Cachoeira-150x150.jpg 150w, https:\/\/cachoeiradoc.com.br\/2015\/wp-content\/uploads\/2015\/01\/Cachoeira-524x524.jpg 524w, https:\/\/cachoeiradoc.com.br\/2015\/wp-content\/uploads\/2015\/01\/Cachoeira-100x100.jpg 100w\" sizes=\"(max-width: 150px) 100vw, 150px\" \/><\/li><li class=\"isotope-item\"><img width=\"150\" height=\"150\" src=\"https:\/\/cachoeiradoc.com.br\/2015\/wp-content\/uploads\/2015\/01\/Cachoeira02_Vinicius-Xavier-150x150.jpg\" class=\"attachment-thumbnail\" alt=\"\" loading=\"lazy\" srcset=\"https:\/\/cachoeiradoc.com.br\/2015\/wp-content\/uploads\/2015\/01\/Cachoeira02_Vinicius-Xavier-150x150.jpg 150w, https:\/\/cachoeiradoc.com.br\/2015\/wp-content\/uploads\/2015\/01\/Cachoeira02_Vinicius-Xavier-100x100.jpg 100w\" sizes=\"(max-width: 150px) 100vw, 150px\" \/><\/li><li class=\"isotope-item\"><img width=\"150\" height=\"150\" src=\"https:\/\/cachoeiradoc.com.br\/2015\/wp-content\/uploads\/2015\/01\/d2cortada-150x150.jpg\" class=\"attachment-thumbnail\" alt=\"\" loading=\"lazy\" srcset=\"https:\/\/cachoeiradoc.com.br\/2015\/wp-content\/uploads\/2015\/01\/d2cortada-150x150.jpg 150w, https:\/\/cachoeiradoc.com.br\/2015\/wp-content\/uploads\/2015\/01\/d2cortada-524x524.jpg 524w, https:\/\/cachoeiradoc.com.br\/2015\/wp-content\/uploads\/2015\/01\/d2cortada-100x100.jpg 100w\" sizes=\"(max-width: 150px) 100vw, 150px\" \/><\/li><\/ul><\/div><\/div><\/div>\n\t<div class=\"wpb_text_column wpb_content_element \">\n\t\t<div class=\"wpb_wrapper\">\n\t\t\t<p style=\"text-align: justify;\">Situada no Rec\u00f4ncavo Baiano, \u00e0 109 km de Salvador, a cidade de Cachoeira foi tombada pelo Instituto do Patrim\u00f4nio e Hist\u00f3rico Art\u00edstico Nacional (IPHAN), em 1971, e passou a ser considerada Monumento Nacional. Re\u00fane um dos mais importantes acervos arquitet\u00f4nicos no estilo barroco. As casas, igrejas, pr\u00e9dios hist\u00f3ricos, dentre outras constru\u00e7\u00f5es, preservam a imagem do Brasil Imp\u00e9rio.<\/p>\n<p style=\"text-align: justify;\">Seu apogeu econ\u00f4mico se deu nos s\u00e9culos XVIII e XIX, quando seu porto era utilizado para escoamento da produ\u00e7\u00e3o de a\u00e7\u00facar e fumo para a Europa. O com\u00e9rcio crescia rapidamente, tornando Cachoeira uma das cidades mais importantes do Brasil, posi\u00e7\u00e3o que manteve at\u00e9 meados do s\u00e9culo XIX, com uma ativa participa\u00e7\u00e3o na vida pol\u00edtica do Imp\u00e9rio. Tornou-se conhecida como Cidade Her\u00f3ica, pela participa\u00e7\u00e3o na luta pela Independ\u00eancia da Bahia e do Brasil, em 1823.<\/p>\n<p style=\"text-align: justify;\">No ano de 1885, uma ponte met\u00e1lica passou a ligar Cachoeira \u00e0 cidade de S\u00e3o Felix, localizada \u00e0 margem direita do rio.\u00a0A significativa presen\u00e7a de africanos e afro-descendentes em intera\u00e7\u00e3o com europeus de variadas nacionalidades, durante o per\u00edodo escravista, \u00e9 um dos fatores que originou a riqueza e diversidade da cultura popular em Cachoeira. Esta intera\u00e7\u00e3o encontra-se presente na religiosidade local com forte presen\u00e7a da cultura afro-brasileira e das manifesta\u00e7\u00f5es do catolicismo.<\/p>\n<p style=\"text-align: justify;\"><a href=\"http:\/\/www.cachoeiradoc.com.br\/2012\/?page_id=121\">Veja como chegar em Cachoeira<\/a><\/p>\n<p style=\"text-align: justify;\">Mais informa\u00e7\u00f5es:<\/p>\n<p style=\"text-align: justify;\"><a href=\"http:\/\/www.ufrb.edu.br\/turismo\/onde-comer\/\" target=\"_blank\">http:\/\/www.ufrb.edu.br\/<wbr \/>turismo\/onde-comer\/<\/a><\/p>\n<p style=\"text-align: justify;\"><a href=\"http:\/\/www.ufrb.edu.br\/turismo\/onde-ficar\/\" target=\"_blank\">http:\/\/www.ufrb.edu.br\/<wbr \/>turismo\/onde-ficar\/<\/a><\/p>\n\n\t\t<\/div>\n\t<\/div>\n<\/div><\/div><\/div>\n","protected":false},"excerpt":{"rendered":"Situada no Rec\u00f4ncavo Baiano, \u00e0 109 km de Salvador, a cidade de Cachoeira foi tombada pelo Instituto do Patrim\u00f4nio e Hist\u00f3rico Art\u00edstico Nacional (IPHAN), em 1971, e passou a ser considerada Monumento Nacional. Re\u00fane um dos mais importantes acervos arquitet\u00f4nicos no estilo barroco. As casas, igrejas, pr\u00e9dios hist\u00f3ricos, dentre outras constru\u00e7\u00f5es, preservam a imagem do","protected":false},"author":1,"featured_media":1967,"parent":0,"menu_order":0,"comment_status":"open","ping_status":"open","template":"","meta":[],"_links":{"self":[{"href":"https:\/\/cachoeiradoc.com.br\/2015\/wp-json\/wp\/v2\/pages\/1966"}],"collection":[{"href":"https:\/\/cachoeiradoc.com.br\/2015\/wp-json\/wp\/v2\/pages"}],"about":[{"href":"https:\/\/cachoeiradoc.com.br\/2015\/wp-json\/wp\/v2\/types\/page"}],"author":[{"embeddable":true,"href":"https:\/\/cachoeiradoc.com.br\/2015\/wp-json\/wp\/v2\/users\/1"}],"replies":[{"embeddable":true,"href":"https:\/\/cachoeiradoc.com.br\/2015\/wp-json\/wp\/v2\/comments?post=1966"}],"version-history":[{"count":4,"href":"https:\/\/cachoeiradoc.com.br\/2015\/wp-json\/wp\/v2\/pages\/1966\/revisions"}],"predecessor-version":[{"id":2008,"href":"https:\/\/cachoeiradoc.com.br\/2015\/wp-json\/wp\/v2\/pages\/1966\/revisions\/2008"}],"wp:featuredmedia":[{"embeddable":true,"href":"https:\/\/cachoeiradoc.com.br\/2015\/wp-json\/wp\/v2\/media\/1967"}],"wp:attachment":[{"href":"https:\/\/cachoeiradoc.com.br\/2015\/wp-json\/wp\/v2\/media?parent=1966"}],"curies":[{"name":"wp","href":"https:\/\/api.w.org\/{rel}","templated":true}]}}