{"id":1690,"date":"2015-08-16T18:22:40","date_gmt":"2015-08-16T21:22:40","guid":{"rendered":"http:\/\/cachoeiradoc.com.br\/2015\/?page_id=1690"},"modified":"2015-08-17T08:00:30","modified_gmt":"2015-08-17T11:00:30","slug":"mostra-soy-cine","status":"publish","type":"page","link":"https:\/\/cachoeiradoc.com.br\/2015\/mostras-especiais\/mostra-soy-cine\/","title":{"rendered":"Mostra Soy Cine"},"content":{"rendered":"<div class=\"vc_row wpb_row vc_row-fluid\"><div class=\"wpb_column vc_column_container vc_col-sm-12\"><div class=\"wpb_wrapper\"><div\n\tclass=\"wpb_images_carousel wpb_content_element vc_clearfix\">\n\t<div class=\"wpb_wrapper\">\n\t<div id=\"vc_images-carousel-1-1775428985\" data-ride=\"vc_carousel\"\n\t     data-wrap=\"true\" style=\"width: 1050px;\"\n\t     data-interval=\"2000\" data-auto-height=\"yes\"\n\t     data-mode=\"horizontal\" data-partial=\"false\"\n\t     data-per-view=\"1\"\n\t     data-hide-on-end=\"false\" class=\"vc_slide vc_images_carousel\">\n\t\t\t\t\t<!-- Indicators -->\n\t\t\t<ol class=\"vc_carousel-indicators\">\n\t\t\t\t\t\t\t\t\t<li data-target=\"#vc_images-carousel-1-1775428985\" data-slide-to=\"0\"><\/li>\n\t\t\t\t\t\t\t\t\t<li data-target=\"#vc_images-carousel-1-1775428985\" data-slide-to=\"1\"><\/li>\n\t\t\t\t\t\t\t\t\t<li data-target=\"#vc_images-carousel-1-1775428985\" data-slide-to=\"2\"><\/li>\n\t\t\t\t\t\t\t\t\t<li data-target=\"#vc_images-carousel-1-1775428985\" data-slide-to=\"3\"><\/li>\n\t\t\t\t\t\t\t\t\t<li data-target=\"#vc_images-carousel-1-1775428985\" data-slide-to=\"4\"><\/li>\n\t\t\t\t\t\t\t<\/ol>\n\t\t\t\t<!-- Wrapper for slides -->\n\t\t<div class=\"vc_carousel-inner\">\n\t\t\t<div class=\"vc_carousel-slideline\">\n\t\t\t\t<div class=\"vc_carousel-slideline-inner\">\n\t\t\t\t\t\t\t\t\t\t\t\t\t\t\t\t\t<div class=\"vc_item\">\n\t\t\t\t\t\t\t<div class=\"vc_inner\">\n\t\t\t\t\t\t\t\t\t\t\t\t\t\t\t\t\t\t\t\t\t\t\t\t\t\t<a class=\"prettyphoto\"\n\t\t\t\t\t\t\t\t\t   href=\"https:\/\/cachoeiradoc.com.br\/2015\/wp-content\/uploads\/2015\/08\/beautiful-tree-1024x576.png\"  rel=\"prettyPhoto[rel-1690-744430140]\">\n\t\t\t\t\t\t\t\t\t\t<img class=\"\" src=\"https:\/\/cachoeiradoc.com.br\/2015\/wp-content\/uploads\/2015\/08\/beautiful-tree-1050x300.png\" width=\"1050\" height=\"300\" alt=\"beautiful tree\" title=\"beautiful tree\" \/>\t\t\t\t\t\t\t\t\t<\/a>\n\t\t\t\t\t\t\t\t\t\t\t\t\t\t\t<\/div>\n\t\t\t\t\t\t<\/div>\n\t\t\t\t\t\t\t\t\t\t\t\t\t\t\t\t\t<div class=\"vc_item\">\n\t\t\t\t\t\t\t<div class=\"vc_inner\">\n\t\t\t\t\t\t\t\t\t\t\t\t\t\t\t\t\t\t\t\t\t\t\t\t\t\t<a class=\"prettyphoto\"\n\t\t\t\t\t\t\t\t\t   href=\"https:\/\/cachoeiradoc.com.br\/2015\/wp-content\/uploads\/2015\/08\/writting-1024x576.png\"  rel=\"prettyPhoto[rel-1690-744430140]\">\n\t\t\t\t\t\t\t\t\t\t<img class=\"\" src=\"https:\/\/cachoeiradoc.com.br\/2015\/wp-content\/uploads\/2015\/08\/writting-1050x300.png\" width=\"1050\" height=\"300\" alt=\"writting\" title=\"writting\" \/>\t\t\t\t\t\t\t\t\t<\/a>\n\t\t\t\t\t\t\t\t\t\t\t\t\t\t\t<\/div>\n\t\t\t\t\t\t<\/div>\n\t\t\t\t\t\t\t\t\t\t\t\t\t\t\t\t\t<div class=\"vc_item\">\n\t\t\t\t\t\t\t<div class=\"vc_inner\">\n\t\t\t\t\t\t\t\t\t\t\t\t\t\t\t\t\t\t\t\t\t\t\t\t\t\t<a class=\"prettyphoto\"\n\t\t\t\t\t\t\t\t\t   href=\"https:\/\/cachoeiradoc.com.br\/2015\/wp-content\/uploads\/2015\/08\/Abece_Photo2-1024x576.jpg\"  rel=\"prettyPhoto[rel-1690-744430140]\">\n\t\t\t\t\t\t\t\t\t\t<img class=\"\" src=\"https:\/\/cachoeiradoc.com.br\/2015\/wp-content\/uploads\/2015\/08\/Abece_Photo2-1050x300.jpg\" width=\"1050\" height=\"300\" alt=\"Abece_Photo2\" title=\"Abece_Photo2\" \/>\t\t\t\t\t\t\t\t\t<\/a>\n\t\t\t\t\t\t\t\t\t\t\t\t\t\t\t<\/div>\n\t\t\t\t\t\t<\/div>\n\t\t\t\t\t\t\t\t\t\t\t\t\t\t\t\t\t<div class=\"vc_item\">\n\t\t\t\t\t\t\t<div class=\"vc_inner\">\n\t\t\t\t\t\t\t\t\t\t\t\t\t\t\t\t\t\t\t\t\t\t\t\t\t\t<a class=\"prettyphoto\"\n\t\t\t\t\t\t\t\t\t   href=\"https:\/\/cachoeiradoc.com.br\/2015\/wp-content\/uploads\/2015\/08\/Toma-dos1_o-1024x576.jpg\"  rel=\"prettyPhoto[rel-1690-744430140]\">\n\t\t\t\t\t\t\t\t\t\t<img class=\"\" src=\"https:\/\/cachoeiradoc.com.br\/2015\/wp-content\/uploads\/2015\/08\/Toma-dos1_o-1050x300.jpg\" width=\"1050\" height=\"300\" alt=\"Toma dos1_o\" title=\"Toma dos1_o\" \/>\t\t\t\t\t\t\t\t\t<\/a>\n\t\t\t\t\t\t\t\t\t\t\t\t\t\t\t<\/div>\n\t\t\t\t\t\t<\/div>\n\t\t\t\t\t\t\t\t\t\t\t\t\t\t\t\t\t<div class=\"vc_item\">\n\t\t\t\t\t\t\t<div class=\"vc_inner\">\n\t\t\t\t\t\t\t\t\t\t\t\t\t\t\t\t\t\t\t\t\t\t\t\t\t\t<a class=\"prettyphoto\"\n\t\t\t\t\t\t\t\t\t   href=\"https:\/\/cachoeiradoc.com.br\/2015\/wp-content\/uploads\/2015\/08\/ElReceso_Photo3-1024x576.jpg\"  rel=\"prettyPhoto[rel-1690-744430140]\">\n\t\t\t\t\t\t\t\t\t\t<img class=\"\" src=\"https:\/\/cachoeiradoc.com.br\/2015\/wp-content\/uploads\/2015\/08\/ElReceso_Photo3-1050x300.jpg\" width=\"1050\" height=\"300\" alt=\"ElReceso_Photo3\" title=\"ElReceso_Photo3\" \/>\t\t\t\t\t\t\t\t\t<\/a>\n\t\t\t\t\t\t\t\t\t\t\t\t\t\t\t<\/div>\n\t\t\t\t\t\t<\/div>\n\t\t\t\t\t\t\t\t\t<\/div>\n\t\t\t<\/div>\n\t\t<\/div>\n\t\t\t\t\t<!-- Controls -->\n\t\t\t<a class=\"vc_left vc_carousel-control\" href=\"#vc_images-carousel-1-1775428985\" data-slide=\"prev\">\n\t\t\t\t<span class=\"icon-prev\"><\/span>\n\t\t\t<\/a>\n\t\t\t<a class=\"vc_right vc_carousel-control\" href=\"#vc_images-carousel-1-1775428985\" data-slide=\"next\">\n\t\t\t\t<span class=\"icon-next\"><\/span>\n\t\t\t<\/a>\n\t\t\t<\/div>\n\t<\/div>\n\t<\/div><\/div><\/div><\/div><div class=\"vc_row wpb_row vc_row-fluid\"><div class=\"wpb_column vc_column_container vc_col-sm-12\"><div class=\"wpb_wrapper\"><h4 class=\"box_header\">os filmes da Escola Internacional de Cinema e TV de Cuba<\/h4>\n\t<div class=\"wpb_text_column wpb_content_element \">\n\t\t<div class=\"wpb_wrapper\">\n\t\t\t<p style=\"text-align: right;\">O lugar da utopia<br \/>\nTexto de Leandro Rodrigues<\/p>\n<p style=\"text-align: justify;\">A utopia \u00e9, por defini\u00e7\u00e3o, o n\u00e3o lugar. Mas aqui, na EICTV, longe de ser a nega\u00e7\u00e3o de todos os lugares, a utopia \u00e9 a que possibilita o ajuntamento criativo de diversas culturas e recria outras formas de ver o mundo.<\/p>\n<p style=\"text-align: justify;\">Inicialmente \u201cEscola de Tr\u00eas Mundos\u201d e logo renomeada \u201cEscola de Todos os Mundos\u201d, a EICTV vem se dedicando ao longo de quase tr\u00eas d\u00e9cadas de funda\u00e7\u00e3o a uma pr\u00e1tica pedag\u00f3gica regida pela filosofia do \u201caprender fazendo, fazer ensinando\u201d, atrav\u00e9s da qual a aprendizagem se d\u00e1 numa combina\u00e7\u00e3o permanente entre as experi\u00eancias pr\u00e1tica e te\u00f3rica.<\/p>\n<p style=\"text-align: justify;\">Neste lugar, o lugar da utopia, que n\u00e3o por acaso segue existindo em Cuba, aprender a fazer cinema \u00e9 um ato de resist\u00eancia, um gesto que aposta na capacidade de reinven\u00e7\u00e3o das imagens, uma a\u00e7\u00e3o em busca de viv\u00eancias cinematogr\u00e1ficas transformadoras.<\/p>\n<p style=\"text-align: justify;\">Os filmes dessa mostra nasceram como resultados de processos de aprendizagem, mas se estabelecem no mundo como gestos de investiga\u00e7\u00e3o cinematogr\u00e1fica. Filmes que representam a busca individual de cada cineasta por um estilo pr\u00f3prio e que encontram no contexto de forma\u00e7\u00e3o da EICTV uma abertura \u00e0 experimenta\u00e7\u00e3o e um espa\u00e7o de ampla diversidade cultural. Filmes realizados por jovens de diferentes lugares do mundo que escolheram viver em Cuba a utopia do cinema.<\/p>\n<p style=\"text-align: justify;\">O nosso desejo ao trazer esse singelo conjunto de filmes para o Cachoeiradoc \u00e9 para que, como disse o cineasta e poeta Fernando Birri, \u201cel lugar de la utop\u00eda, que, por definici\u00f3n, est\u00e1 en \u2018Ninguna Parte\u2019, est\u00e9 en alguna parte\u2026\u201d<\/p>\n<p><strong>Abec\u00e9 <\/strong><br \/>\nCuba, 2013, 15 min.<br \/>\nDe Diana Montero<br \/>\nDia 2\/9, 14h<\/p>\n<p>Leoneidi, 12 anos, est\u00e1 casada com um homem mais velho. Sua rotina se divide entre brincadeiras de crian\u00e7a e o cuidado da casa, incluindo do seu filho rec\u00e9m-nascido. Ela diz: &#8220;Amor n\u00e3o tem idade&#8221;.<\/p>\n<p><strong>Toma dos<br \/>\n<\/strong>Espanha\/Cuba, 2012, 11 min.<br \/>\nDe Pilar Alvarez<br \/>\nDia 2\/9, 14h<\/p>\n<p style=\"text-align: justify;\">Adi e Guito encenam um evento traum\u00e1tico que ocorreu em um momento cr\u00edtico do relacionamento. A encena\u00e7\u00e3o revelam que, apesar da aparente tranq\u00fcilidade do casal, ainda existem algumas quest\u00f5es pendentes.<\/p>\n<p><strong>El Receso<\/strong><br \/>\nCuba, 2012, 12 min.<br \/>\nDe Dami\u00e1n Sainz Eduardo<br \/>\nDia 2\/9, 14h<\/p>\n<p>Salvador Montero , um velho campon\u00eas da Sierra Maestra se debate entre duas hist\u00f3rias: a hist\u00f3ria oficial da na\u00e7\u00e3o cubana cheia de vit\u00f3rias e alegrias, que escuta pelo R\u00e1dio rel\u00f3gio sem parar e a sua pessoal, atravessada pela desilus\u00e3o e desencanto.<\/p>\n<p><strong>El \u00c1rbol <\/strong><br \/>\nIr\u00e3\/Cuba, 2014, 13 min.<br \/>\nDe Roya Eshraghi<br \/>\nDia 2\/9, 14h<\/p>\n<p>No processo de investiga\u00e7\u00e3o de personagem, a diretora iraniana encontra uma \u00e1rvore no quarto piso de um edif\u00edcio em ru\u00ednas e percebe que esta representa sua pr\u00f3pria hist\u00f3ria de ex\u00edlio.<\/p>\n<p style=\"text-align: justify;\"><strong>Escenas pr\u00e9vias <\/strong><br \/>\nPol\u00f4nia\/Cuba, 2012, 28 min.<br \/>\nDe Aleksandra Maciuszek<br \/>\nDia 2\/9, 14h<\/p>\n<p style=\"text-align: justify;\">Em uma casa antiga e cheia de mem\u00f3rias, um av\u00f4 cuida de seu neto e de si mesmo. Uma semana passa e nada voltar\u00e1 a ser igual. Com a est\u00e9tica inspirada por litografias de Ars Moriendi \u2013 manuais medievais do \u201cmorrer bem\u201d, este document\u00e1rio prop\u00f5e uma intrigante vis\u00e3o da morte que sempre, e da maneira mais inesperada, nutre a vida.<\/p>\n<p style=\"text-align: justify;\"><strong>Si seguimos vivos <\/strong><br \/>\nM\u00e9xico\/Cuba, 2010, 24 min.<br \/>\nDe Juliana Fanjul<br \/>\nDia 2\/9, 14h<\/p>\n<p style=\"text-align: justify;\">Um grupo de mulheres, residentes em um asilo em Havana, compartilham o dia-a-dia de emo\u00e7\u00f5es comuns.O desgaste do corpo, problemas de sa\u00fade e da mem\u00f3ria e uma no\u00e7\u00e3o muito particular do tempo, representam para elas os temas de interesse e at\u00e9 de verdadeiras obsess\u00f5es. Dentro desse microcosmo, tamb\u00e9m h\u00e1 lugar para o humor e para a troca afetiva. Envelhecer n\u00e3o \u00e9 vergonhoso, \u00e9 apenas inevit\u00e1vel para se continuar vivendo.<\/p>\n\n\t\t<\/div>\n\t<\/div>\n<\/div><\/div><\/div>\n","protected":false},"excerpt":{"rendered":"os filmes da Escola Internacional de Cinema e TV de Cuba O lugar da utopia Texto de Leandro Rodrigues A utopia \u00e9, por defini\u00e7\u00e3o, o n\u00e3o lugar. Mas aqui, na EICTV, longe de ser a nega\u00e7\u00e3o de todos os lugares, a utopia \u00e9 a que possibilita o ajuntamento criativo de diversas culturas e recria outras","protected":false},"author":2,"featured_media":0,"parent":1401,"menu_order":0,"comment_status":"open","ping_status":"open","template":"","meta":[],"_links":{"self":[{"href":"https:\/\/cachoeiradoc.com.br\/2015\/wp-json\/wp\/v2\/pages\/1690"}],"collection":[{"href":"https:\/\/cachoeiradoc.com.br\/2015\/wp-json\/wp\/v2\/pages"}],"about":[{"href":"https:\/\/cachoeiradoc.com.br\/2015\/wp-json\/wp\/v2\/types\/page"}],"author":[{"embeddable":true,"href":"https:\/\/cachoeiradoc.com.br\/2015\/wp-json\/wp\/v2\/users\/2"}],"replies":[{"embeddable":true,"href":"https:\/\/cachoeiradoc.com.br\/2015\/wp-json\/wp\/v2\/comments?post=1690"}],"version-history":[{"count":5,"href":"https:\/\/cachoeiradoc.com.br\/2015\/wp-json\/wp\/v2\/pages\/1690\/revisions"}],"predecessor-version":[{"id":1833,"href":"https:\/\/cachoeiradoc.com.br\/2015\/wp-json\/wp\/v2\/pages\/1690\/revisions\/1833"}],"up":[{"embeddable":true,"href":"https:\/\/cachoeiradoc.com.br\/2015\/wp-json\/wp\/v2\/pages\/1401"}],"wp:attachment":[{"href":"https:\/\/cachoeiradoc.com.br\/2015\/wp-json\/wp\/v2\/media?parent=1690"}],"curies":[{"name":"wp","href":"https:\/\/api.w.org\/{rel}","templated":true}]}}