{"id":1553,"date":"2015-08-03T22:10:12","date_gmt":"2015-08-04T01:10:12","guid":{"rendered":"http:\/\/cachoeiradoc.com.br\/2015\/?page_id=1553"},"modified":"2015-08-17T09:16:58","modified_gmt":"2015-08-17T12:16:58","slug":"o-mar-a-mata-e-a-humanidade","status":"publish","type":"page","link":"https:\/\/cachoeiradoc.com.br\/2015\/mostra-competitiva\/curtas\/o-mar-a-mata-e-a-humanidade\/","title":{"rendered":"O mar, a mata e a humanidade"},"content":{"rendered":"<div class=\"vc_row wpb_row vc_row-fluid\"><div class=\"wpb_column vc_column_container vc_col-sm-12\"><div class=\"wpb_wrapper\"><div\n\tclass=\"wpb_images_carousel wpb_content_element vc_clearfix\">\n\t<div class=\"wpb_wrapper\">\n\t<div id=\"vc_images-carousel-1-1777734614\" data-ride=\"vc_carousel\"\n\t     data-wrap=\"true\" style=\"width: 1050px;\"\n\t     data-interval=\"4000\" data-auto-height=\"yes\"\n\t     data-mode=\"horizontal\" data-partial=\"false\"\n\t     data-per-view=\"1\"\n\t     data-hide-on-end=\"false\" class=\"vc_slide vc_images_carousel\">\n\t\t\t\t\t<!-- Indicators -->\n\t\t\t<ol class=\"vc_carousel-indicators\">\n\t\t\t\t\t\t\t\t\t<li data-target=\"#vc_images-carousel-1-1777734614\" data-slide-to=\"0\"><\/li>\n\t\t\t\t\t\t\t<\/ol>\n\t\t\t\t<!-- Wrapper for slides -->\n\t\t<div class=\"vc_carousel-inner\">\n\t\t\t<div class=\"vc_carousel-slideline\">\n\t\t\t\t<div class=\"vc_carousel-slideline-inner\">\n\t\t\t\t\t\t\t\t\t\t\t\t\t\t\t\t\t<div class=\"vc_item\">\n\t\t\t\t\t\t\t<div class=\"vc_inner\">\n\t\t\t\t\t\t\t\t\t\t\t\t\t\t\t\t\t\t\t\t\t\t\t\t\t\t<a class=\"prettyphoto\"\n\t\t\t\t\t\t\t\t\t   href=\"https:\/\/cachoeiradoc.com.br\/2015\/wp-content\/uploads\/2015\/07\/sal-1024x279.jpg\"  rel=\"prettyPhoto[rel-1553-2101368543]\">\n\t\t\t\t\t\t\t\t\t\t<img class=\"\" src=\"https:\/\/cachoeiradoc.com.br\/2015\/wp-content\/uploads\/2015\/07\/sal-1050x300.jpg\" width=\"1050\" height=\"300\" alt=\"O mar, a mata e a humanidade\" title=\"O mar, a mata e a humanidade\" \/>\t\t\t\t\t\t\t\t\t<\/a>\n\t\t\t\t\t\t\t\t\t\t\t\t\t\t\t<\/div>\n\t\t\t\t\t\t<\/div>\n\t\t\t\t\t\t\t\t\t<\/div>\n\t\t\t<\/div>\n\t\t<\/div>\n\t\t\t\t\t<!-- Controls -->\n\t\t\t<a class=\"vc_left vc_carousel-control\" href=\"#vc_images-carousel-1-1777734614\" data-slide=\"prev\">\n\t\t\t\t<span class=\"icon-prev\"><\/span>\n\t\t\t<\/a>\n\t\t\t<a class=\"vc_right vc_carousel-control\" href=\"#vc_images-carousel-1-1777734614\" data-slide=\"next\">\n\t\t\t\t<span class=\"icon-next\"><\/span>\n\t\t\t<\/a>\n\t\t\t<\/div>\n\t<\/div>\n\t<\/div><\/div><\/div><\/div><div class=\"vc_row wpb_row vc_row-fluid\"><div class=\"wpb_column vc_column_container vc_col-sm-12\"><div class=\"wpb_wrapper\"><h4 class=\"box_header\">Bahia, 2015, 6 min.<\/h4>\n\t<div class=\"wpb_text_column wpb_content_element \">\n\t\t<div class=\"wpb_wrapper\">\n\t\t\t<p style=\"text-align: justify;\">&#8220;O Mar, a mata e a humanidade&#8221; foi dirigido pelo coletivo de crian\u00e7as formado no projeto Cinema e Sal, que esteve durante 45 dias, em 3 comunidades do arquip\u00e9lago de Cairu-BA. Em cada ilha foram produzidos 02 curtas document\u00e1rio, totalmente realizados pelas crian\u00e7as, com em m\u00e9dia 5 minutos cada, totalizando uma s\u00e9rie de 06 filmes. A dire\u00e7\u00e3o geral do projeto \u00e9 de Lara Belov, que produziu e ministrou as oficinas de Orlando Senna de Tecnologias Digitais para crian\u00e7as e jovens. Lara trabalhou na \u00e1rea de conte\u00fado e produ\u00e7\u00e3o para os canais \u201cDiscovery Channel\u201d, \u201cDisney Junior\u201d e TVE-BA e dirigiu curtas experimentais como \u201cOnde Fica\u201d.<\/p>\n<p style=\"text-align: justify;\">Contato:\u00a0tenda.cine@gmail.com<\/p>\n\n\t\t<\/div>\n\t<\/div>\n<\/div><\/div><\/div>\n","protected":false},"excerpt":{"rendered":"Bahia, 2015, 6 min. \"O Mar, a mata e a humanidade\" foi dirigido pelo coletivo de crian\u00e7as formado no projeto Cinema e Sal, que esteve durante 45 dias, em 3 comunidades do arquip\u00e9lago de Cairu-BA. Em cada ilha foram produzidos 02 curtas document\u00e1rio, totalmente realizados pelas crian\u00e7as, com em m\u00e9dia 5 minutos cada, totalizando uma","protected":false},"author":2,"featured_media":0,"parent":1517,"menu_order":0,"comment_status":"open","ping_status":"open","template":"","meta":[],"_links":{"self":[{"href":"https:\/\/cachoeiradoc.com.br\/2015\/wp-json\/wp\/v2\/pages\/1553"}],"collection":[{"href":"https:\/\/cachoeiradoc.com.br\/2015\/wp-json\/wp\/v2\/pages"}],"about":[{"href":"https:\/\/cachoeiradoc.com.br\/2015\/wp-json\/wp\/v2\/types\/page"}],"author":[{"embeddable":true,"href":"https:\/\/cachoeiradoc.com.br\/2015\/wp-json\/wp\/v2\/users\/2"}],"replies":[{"embeddable":true,"href":"https:\/\/cachoeiradoc.com.br\/2015\/wp-json\/wp\/v2\/comments?post=1553"}],"version-history":[{"count":2,"href":"https:\/\/cachoeiradoc.com.br\/2015\/wp-json\/wp\/v2\/pages\/1553\/revisions"}],"predecessor-version":[{"id":1878,"href":"https:\/\/cachoeiradoc.com.br\/2015\/wp-json\/wp\/v2\/pages\/1553\/revisions\/1878"}],"up":[{"embeddable":true,"href":"https:\/\/cachoeiradoc.com.br\/2015\/wp-json\/wp\/v2\/pages\/1517"}],"wp:attachment":[{"href":"https:\/\/cachoeiradoc.com.br\/2015\/wp-json\/wp\/v2\/media?parent=1553"}],"curies":[{"name":"wp","href":"https:\/\/api.w.org\/{rel}","templated":true}]}}