{"id":1544,"date":"2015-08-03T20:36:31","date_gmt":"2015-08-03T23:36:31","guid":{"rendered":"http:\/\/cachoeiradoc.com.br\/2015\/?page_id=1544"},"modified":"2015-09-05T19:16:40","modified_gmt":"2015-09-05T22:16:40","slug":"curso-de-documentario-urgente","status":"publish","type":"page","link":"https:\/\/cachoeiradoc.com.br\/2015\/oficinas-e-cursos\/curso-de-documentario-urgente\/","title":{"rendered":"Curso de Document\u00e1rio Urgente"},"content":{"rendered":"<div class=\"vc_row wpb_row vc_row-fluid\"><div class=\"wpb_column vc_column_container vc_col-sm-12\"><div class=\"wpb_wrapper\"><div\n\tclass=\"wpb_images_carousel wpb_content_element vc_clearfix\">\n\t<div class=\"wpb_wrapper\">\n\t<div id=\"vc_images-carousel-1-1776398961\" data-ride=\"vc_carousel\"\n\t     data-wrap=\"true\" style=\"width: 1050px;\"\n\t     data-interval=\"4000\" data-auto-height=\"yes\"\n\t     data-mode=\"horizontal\" data-partial=\"false\"\n\t     data-per-view=\"1\"\n\t     data-hide-on-end=\"false\" class=\"vc_slide vc_images_carousel\">\n\t\t\t\t\t<!-- Indicators -->\n\t\t\t<ol class=\"vc_carousel-indicators\">\n\t\t\t\t\t\t\t\t\t<li data-target=\"#vc_images-carousel-1-1776398961\" data-slide-to=\"0\"><\/li>\n\t\t\t\t\t\t\t<\/ol>\n\t\t\t\t<!-- Wrapper for slides -->\n\t\t<div class=\"vc_carousel-inner\">\n\t\t\t<div class=\"vc_carousel-slideline\">\n\t\t\t\t<div class=\"vc_carousel-slideline-inner\">\n\t\t\t\t\t\t\t\t\t\t\t\t\t\t\t\t\t<div class=\"vc_item\">\n\t\t\t\t\t\t\t<div class=\"vc_inner\">\n\t\t\t\t\t\t\t\t\t\t\t\t\t\t\t\t\t\t\t\t\t\t\t\t\t\t<a class=\"prettyphoto\"\n\t\t\t\t\t\t\t\t\t   href=\"https:\/\/cachoeiradoc.com.br\/2015\/wp-content\/uploads\/2015\/08\/estelita-1024x293.jpg\"  rel=\"prettyPhoto[rel-1544-405879049]\">\n\t\t\t\t\t\t\t\t\t\t<img class=\"\" src=\"https:\/\/cachoeiradoc.com.br\/2015\/wp-content\/uploads\/2015\/08\/estelita.jpg\" width=\"1050\" height=\"300\" alt=\"estelita\" title=\"estelita\" \/>\t\t\t\t\t\t\t\t\t<\/a>\n\t\t\t\t\t\t\t\t\t\t\t\t\t\t\t<\/div>\n\t\t\t\t\t\t<\/div>\n\t\t\t\t\t\t\t\t\t<\/div>\n\t\t\t<\/div>\n\t\t<\/div>\n\t\t\t\t\t<!-- Controls -->\n\t\t\t<a class=\"vc_left vc_carousel-control\" href=\"#vc_images-carousel-1-1776398961\" data-slide=\"prev\">\n\t\t\t\t<span class=\"icon-prev\"><\/span>\n\t\t\t<\/a>\n\t\t\t<a class=\"vc_right vc_carousel-control\" href=\"#vc_images-carousel-1-1776398961\" data-slide=\"next\">\n\t\t\t\t<span class=\"icon-next\"><\/span>\n\t\t\t<\/a>\n\t\t\t<\/div>\n\t<\/div>\n\t<\/div><\/div><\/div><\/div><div class=\"vc_row wpb_row vc_row-fluid\"><div class=\"wpb_column vc_column_container vc_col-sm-12\"><div class=\"wpb_wrapper\"><h4 class=\"box_header\">Como falar do presente? Curso pr\u00e1tico-te\u00f3rico.<\/h4>\n\t<div class=\"wpb_text_column wpb_content_element \">\n\t\t<div class=\"wpb_wrapper\">\n\t\t\t<p style=\"text-align: justify;\"><strong>Ementa<\/strong>:<\/p>\n<p style=\"text-align: justify;\">A oficina prop\u00f5e uma reflex\u00e3o te\u00f3rica e uma experimenta\u00e7\u00e3o pr\u00e1tica acerca do document\u00e1rio e suas possibilidades, com \u00eanfase em processos de conflito, participa\u00e7\u00e3o social, disputa por visibilidade, resist\u00eancia. Se a circula\u00e7\u00e3o de imagens \u00e9 central no embate pol\u00edtico, e o espa\u00e7o de consumo das imagens \u00e9, na verdade um dos campos de batalha no qual as disputas pelos pontos de vistas se d\u00e1, como podemos pensar a audiovisual para falar e intervir no presente, construindo um discurso que seja mais do que propaganda? Qual a rela\u00e7\u00e3o entre milit\u00e2ncia, propaganda, arte, e document\u00e1rio? Faz sentido falar de document\u00e1rio engajado? \u00c9 poss\u00edvel fazer frente ao grande capital utilizando ferramentas audiovisuais de forma dial\u00f3gica e aberta?<\/p>\n<p style=\"text-align: justify;\"><strong>Professor:<\/strong><\/p>\n<p style=\"text-align: justify;\">Ernesto de Carvalho \u00e9 documentarista (diretor, montador e fot\u00f3grafo) e antrop\u00f3logo. Doutorando do curso de Antropologia da New York University, desenvolve pesquisa sobre a utiliza\u00e7\u00e3o do audiovisual por comunidade ind\u00edgenas, ligadas ao projeto V\u00eddeo nas Aldeias. E tamb\u00e9m integrante do Movimento Ocupe Estelita, no Recife.<\/p>\n<p style=\"text-align: justify;\">S\u00e3o 25 vagas e as inscri\u00e7\u00f5es s\u00e3o gratuitas e devem ser realizadas at\u00e9 17 de agosto. Os interessados dever\u00e3o preencher <a href=\"https:\/\/docs.google.com\/forms\/d\/1gdXHuXENiKTajInk7fqkFid79t_6SrxQ8Tm9sSl4vjg\/viewform\">formul\u00e1rio neste link<\/a>. O curso que ocorrer\u00e1 durante o CachoeiraDoc no per\u00edodo de 01 a 06 de setembro, na cidade de Cachoeira-BA, no Centro de Artes, Humanidades e Letras da UFRB, localizado no quarteir\u00e3o Leite Alves, rua Maestro Irineu Sacramento, s\/n &#8211; Centro.<\/p>\n<p style=\"text-align: justify;\">O curso \u00e9 uma realiza\u00e7\u00e3o do <a href=\"http:\/\/www.fundaj.gov.br\/index.php?option=com_content&amp;view=article&amp;id=296Itemid=231&amp;Itemid=231\">Centro Audiovisual Norte-Nordeste (CANNE)<\/a> em parceria com o CachoeiraDoc.<\/p>\n<p style=\"text-align: justify;\">As aulas acontecer\u00e3o no Centro de Artes Humanidades e Letras (UFRB) em Cachoeira, Bahia nos seguintes hor\u00e1rios:<br \/>\n&#8211; Ter\u00e7a-feira (01\/09): De 9h \u00e0s 13h e de 15h \u00e0s 19h.<br \/>\n&#8211; De quarta-feira a domingo (02 a 06\/09): De 9h \u00e0s 13h.<\/p>\n<p style=\"text-align: justify;\"><strong>CANNE<\/strong><br \/>\nO Centro Audiovisual Norte-Nordeste \u2013 Canne \u2013 promove cursos gratuitos de curta dura\u00e7\u00e3o com o objetivo de atender interessados em audiovisual e \u00e1reas afins, de modo a aperfei\u00e7oar, reciclar e desenvolver conte\u00fados t\u00e9cnicos e art\u00edsticos, al\u00e9m de manter o interc\u00e2mbio de experi\u00eancias com profissionais de diversas \u00e1reas.<\/p>\n\n\t\t<\/div>\n\t<\/div>\n<\/div><\/div><\/div>\n","protected":false},"excerpt":{"rendered":"Como falar do presente? Curso pr\u00e1tico-te\u00f3rico. Ementa: A oficina prop\u00f5e uma reflex\u00e3o te\u00f3rica e uma experimenta\u00e7\u00e3o pr\u00e1tica acerca do document\u00e1rio e suas possibilidades, com \u00eanfase em processos de conflito, participa\u00e7\u00e3o social, disputa por visibilidade, resist\u00eancia. Se a circula\u00e7\u00e3o de imagens \u00e9 central no embate pol\u00edtico, e o espa\u00e7o de consumo das imagens \u00e9, na verdade","protected":false},"author":2,"featured_media":0,"parent":1547,"menu_order":0,"comment_status":"open","ping_status":"closed","template":"","meta":[],"_links":{"self":[{"href":"https:\/\/cachoeiradoc.com.br\/2015\/wp-json\/wp\/v2\/pages\/1544"}],"collection":[{"href":"https:\/\/cachoeiradoc.com.br\/2015\/wp-json\/wp\/v2\/pages"}],"about":[{"href":"https:\/\/cachoeiradoc.com.br\/2015\/wp-json\/wp\/v2\/types\/page"}],"author":[{"embeddable":true,"href":"https:\/\/cachoeiradoc.com.br\/2015\/wp-json\/wp\/v2\/users\/2"}],"replies":[{"embeddable":true,"href":"https:\/\/cachoeiradoc.com.br\/2015\/wp-json\/wp\/v2\/comments?post=1544"}],"version-history":[{"count":4,"href":"https:\/\/cachoeiradoc.com.br\/2015\/wp-json\/wp\/v2\/pages\/1544\/revisions"}],"predecessor-version":[{"id":2193,"href":"https:\/\/cachoeiradoc.com.br\/2015\/wp-json\/wp\/v2\/pages\/1544\/revisions\/2193"}],"up":[{"embeddable":true,"href":"https:\/\/cachoeiradoc.com.br\/2015\/wp-json\/wp\/v2\/pages\/1547"}],"wp:attachment":[{"href":"https:\/\/cachoeiradoc.com.br\/2015\/wp-json\/wp\/v2\/media?parent=1544"}],"curies":[{"name":"wp","href":"https:\/\/api.w.org\/{rel}","templated":true}]}}