{"id":1207,"date":"2015-07-16T20:23:00","date_gmt":"2015-07-16T23:23:00","guid":{"rendered":"http:\/\/cachoeiradoc.com.br\/2015\/?page_id=1207"},"modified":"2015-08-26T19:19:30","modified_gmt":"2015-08-26T22:19:30","slug":"mostra-competitiva","status":"publish","type":"page","link":"https:\/\/cachoeiradoc.com.br\/2015\/mostra-competitiva\/","title":{"rendered":"Mostra Competitiva"},"content":{"rendered":"<div class=\"vc_row wpb_row vc_row-fluid\"><div class=\"wpb_column vc_column_container vc_col-sm-12\"><div class=\"wpb_wrapper\"><div\n\tclass=\"wpb_images_carousel wpb_content_element vc_clearfix\">\n\t<div class=\"wpb_wrapper\">\n\t<div id=\"vc_images-carousel-1-1776847844\" data-ride=\"vc_carousel\"\n\t     data-wrap=\"true\" style=\"width: 1050px;\"\n\t     data-interval=\"2000\" data-auto-height=\"yes\"\n\t     data-mode=\"horizontal\" data-partial=\"false\"\n\t     data-per-view=\"1\"\n\t     data-hide-on-end=\"false\" class=\"vc_slide vc_images_carousel\">\n\t\t\t\t\t<!-- Indicators -->\n\t\t\t<ol class=\"vc_carousel-indicators\">\n\t\t\t\t\t\t\t\t\t<li data-target=\"#vc_images-carousel-1-1776847844\" data-slide-to=\"0\"><\/li>\n\t\t\t\t\t\t\t\t\t<li data-target=\"#vc_images-carousel-1-1776847844\" data-slide-to=\"1\"><\/li>\n\t\t\t\t\t\t\t\t\t<li data-target=\"#vc_images-carousel-1-1776847844\" data-slide-to=\"2\"><\/li>\n\t\t\t\t\t\t\t\t\t<li data-target=\"#vc_images-carousel-1-1776847844\" data-slide-to=\"3\"><\/li>\n\t\t\t\t\t\t\t\t\t<li data-target=\"#vc_images-carousel-1-1776847844\" data-slide-to=\"4\"><\/li>\n\t\t\t\t\t\t\t\t\t<li data-target=\"#vc_images-carousel-1-1776847844\" data-slide-to=\"5\"><\/li>\n\t\t\t\t\t\t\t\t\t<li data-target=\"#vc_images-carousel-1-1776847844\" data-slide-to=\"6\"><\/li>\n\t\t\t\t\t\t\t\t\t<li data-target=\"#vc_images-carousel-1-1776847844\" data-slide-to=\"7\"><\/li>\n\t\t\t\t\t\t\t<\/ol>\n\t\t\t\t<!-- Wrapper for slides -->\n\t\t<div class=\"vc_carousel-inner\">\n\t\t\t<div class=\"vc_carousel-slideline\">\n\t\t\t\t<div class=\"vc_carousel-slideline-inner\">\n\t\t\t\t\t\t\t\t\t\t\t\t\t\t\t\t\t<div class=\"vc_item\">\n\t\t\t\t\t\t\t<div class=\"vc_inner\">\n\t\t\t\t\t\t\t\t\t\t\t\t\t\t\t\t\t\t\t\t\t\t\t\t\t\t<a class=\"prettyphoto\"\n\t\t\t\t\t\t\t\t\t   href=\"https:\/\/cachoeiradoc.com.br\/2015\/wp-content\/uploads\/2015\/07\/A_loucura_entre_nos_foto6_Gabriel-Teixeira-1024x576.jpg\"  rel=\"prettyPhoto[rel-1207-1018893739]\">\n\t\t\t\t\t\t\t\t\t\t<img class=\"\" src=\"https:\/\/cachoeiradoc.com.br\/2015\/wp-content\/uploads\/2015\/07\/A_loucura_entre_nos_foto6_Gabriel-Teixeira-1050x300.jpg\" width=\"1050\" height=\"300\" alt=\"A loucura est\u00e1 entre n\u00f3s\" title=\"A loucura est\u00e1 entre n\u00f3s\" \/>\t\t\t\t\t\t\t\t\t<\/a>\n\t\t\t\t\t\t\t\t\t\t\t\t\t\t\t<\/div>\n\t\t\t\t\t\t<\/div>\n\t\t\t\t\t\t\t\t\t\t\t\t\t\t\t\t\t<div class=\"vc_item\">\n\t\t\t\t\t\t\t<div class=\"vc_inner\">\n\t\t\t\t\t\t\t\t\t\t\t\t\t\t\t\t\t\t\t\t\t\t\t\t\t\t<a class=\"prettyphoto\"\n\t\t\t\t\t\t\t\t\t   href=\"https:\/\/cachoeiradoc.com.br\/2015\/wp-content\/uploads\/2015\/07\/curadores-1024x279.jpg\"  rel=\"prettyPhoto[rel-1207-1018893739]\">\n\t\t\t\t\t\t\t\t\t\t<img class=\"\" src=\"https:\/\/cachoeiradoc.com.br\/2015\/wp-content\/uploads\/2015\/07\/curadores-1050x300.jpg\" width=\"1050\" height=\"300\" alt=\"Urihi Haromatip\u00eb: Curadores da Terra-floresta\" title=\"Urihi Haromatip\u00eb: Curadores da Terra-floresta\" \/>\t\t\t\t\t\t\t\t\t<\/a>\n\t\t\t\t\t\t\t\t\t\t\t\t\t\t\t<\/div>\n\t\t\t\t\t\t<\/div>\n\t\t\t\t\t\t\t\t\t\t\t\t\t\t\t\t\t<div class=\"vc_item\">\n\t\t\t\t\t\t\t<div class=\"vc_inner\">\n\t\t\t\t\t\t\t\t\t\t\t\t\t\t\t\t\t\t\t\t\t\t\t\t\t\t<a class=\"prettyphoto\"\n\t\t\t\t\t\t\t\t\t   href=\"https:\/\/cachoeiradoc.com.br\/2015\/wp-content\/uploads\/2015\/07\/reconhecer-1024x279.jpg\"  rel=\"prettyPhoto[rel-1207-1018893739]\">\n\t\t\t\t\t\t\t\t\t\t<img class=\"\" src=\"https:\/\/cachoeiradoc.com.br\/2015\/wp-content\/uploads\/2015\/07\/reconhecer-1050x300.jpg\" width=\"1050\" height=\"300\" alt=\"Mais do que eu possa me reconhecer\" title=\"Mais do que eu possa me reconhecer\" \/>\t\t\t\t\t\t\t\t\t<\/a>\n\t\t\t\t\t\t\t\t\t\t\t\t\t\t\t<\/div>\n\t\t\t\t\t\t<\/div>\n\t\t\t\t\t\t\t\t\t\t\t\t\t\t\t\t\t<div class=\"vc_item\">\n\t\t\t\t\t\t\t<div class=\"vc_inner\">\n\t\t\t\t\t\t\t\t\t\t\t\t\t\t\t\t\t\t\t\t\t\t\t\t\t\t<a class=\"prettyphoto\"\n\t\t\t\t\t\t\t\t\t   href=\"https:\/\/cachoeiradoc.com.br\/2015\/wp-content\/uploads\/2015\/07\/noite2-1024x279.jpg\"  rel=\"prettyPhoto[rel-1207-1018893739]\">\n\t\t\t\t\t\t\t\t\t\t<img class=\"\" src=\"https:\/\/cachoeiradoc.com.br\/2015\/wp-content\/uploads\/2015\/07\/noite2-1050x300.jpg\" width=\"1050\" height=\"300\" alt=\"Noite\" title=\"Noite\" \/>\t\t\t\t\t\t\t\t\t<\/a>\n\t\t\t\t\t\t\t\t\t\t\t\t\t\t\t<\/div>\n\t\t\t\t\t\t<\/div>\n\t\t\t\t\t\t\t\t\t\t\t\t\t\t\t\t\t<div class=\"vc_item\">\n\t\t\t\t\t\t\t<div class=\"vc_inner\">\n\t\t\t\t\t\t\t\t\t\t\t\t\t\t\t\t\t\t\t\t\t\t\t\t\t\t<a class=\"prettyphoto\"\n\t\t\t\t\t\t\t\t\t   href=\"https:\/\/cachoeiradoc.com.br\/2015\/wp-content\/uploads\/2015\/07\/dubai-1024x279.jpg\"  rel=\"prettyPhoto[rel-1207-1018893739]\">\n\t\t\t\t\t\t\t\t\t\t<img class=\"\" src=\"https:\/\/cachoeiradoc.com.br\/2015\/wp-content\/uploads\/2015\/07\/dubai-1050x300.jpg\" width=\"1050\" height=\"300\" alt=\"Nova Dubai\" title=\"Nova Dubai\" \/>\t\t\t\t\t\t\t\t\t<\/a>\n\t\t\t\t\t\t\t\t\t\t\t\t\t\t\t<\/div>\n\t\t\t\t\t\t<\/div>\n\t\t\t\t\t\t\t\t\t\t\t\t\t\t\t\t\t<div class=\"vc_item\">\n\t\t\t\t\t\t\t<div class=\"vc_inner\">\n\t\t\t\t\t\t\t\t\t\t\t\t\t\t\t\t\t\t\t\t\t\t\t\t\t\t<a class=\"prettyphoto\"\n\t\t\t\t\t\t\t\t\t   href=\"https:\/\/cachoeiradoc.com.br\/2015\/wp-content\/uploads\/2015\/07\/JL-1024x279.jpg\"  rel=\"prettyPhoto[rel-1207-1018893739]\">\n\t\t\t\t\t\t\t\t\t\t<img class=\"\" src=\"https:\/\/cachoeiradoc.com.br\/2015\/wp-content\/uploads\/2015\/07\/JL-1050x300.jpg\" width=\"1050\" height=\"300\" alt=\"Paix\u00e3o de JL\" title=\"Paix\u00e3o de JL\" \/>\t\t\t\t\t\t\t\t\t<\/a>\n\t\t\t\t\t\t\t\t\t\t\t\t\t\t\t<\/div>\n\t\t\t\t\t\t<\/div>\n\t\t\t\t\t\t\t\t\t\t\t\t\t\t\t\t\t<div class=\"vc_item\">\n\t\t\t\t\t\t\t<div class=\"vc_inner\">\n\t\t\t\t\t\t\t\t\t\t\t\t\t\t\t\t\t\t\t\t\t\t\t\t\t\t<a class=\"prettyphoto\"\n\t\t\t\t\t\t\t\t\t   href=\"https:\/\/cachoeiradoc.com.br\/2015\/wp-content\/uploads\/2015\/07\/ressurgentes1-1024x279.jpg\"  rel=\"prettyPhoto[rel-1207-1018893739]\">\n\t\t\t\t\t\t\t\t\t\t<img class=\"\" src=\"https:\/\/cachoeiradoc.com.br\/2015\/wp-content\/uploads\/2015\/07\/ressurgentes1-1050x300.jpg\" width=\"1050\" height=\"300\" alt=\"Ressurgentes\" title=\"Ressurgentes\" \/>\t\t\t\t\t\t\t\t\t<\/a>\n\t\t\t\t\t\t\t\t\t\t\t\t\t\t\t<\/div>\n\t\t\t\t\t\t<\/div>\n\t\t\t\t\t\t\t\t\t\t\t\t\t\t\t\t\t<div class=\"vc_item\">\n\t\t\t\t\t\t\t<div class=\"vc_inner\">\n\t\t\t\t\t\t\t\t\t\t\t\t\t\t\t\t\t\t\t\t\t\t\t\t\t\t<a class=\"prettyphoto\"\n\t\t\t\t\t\t\t\t\t   href=\"https:\/\/cachoeiradoc.com.br\/2015\/wp-content\/uploads\/2015\/07\/identificacao-1024x279.jpg\"  rel=\"prettyPhoto[rel-1207-1018893739]\">\n\t\t\t\t\t\t\t\t\t\t<img class=\"\" src=\"https:\/\/cachoeiradoc.com.br\/2015\/wp-content\/uploads\/2015\/07\/identificacao-1050x300.jpg\" width=\"1050\" height=\"300\" alt=\"Retratos de Identifica\u00e7\u00e3o\" title=\"Retratos de Identifica\u00e7\u00e3o\" \/>\t\t\t\t\t\t\t\t\t<\/a>\n\t\t\t\t\t\t\t\t\t\t\t\t\t\t\t<\/div>\n\t\t\t\t\t\t<\/div>\n\t\t\t\t\t\t\t\t\t<\/div>\n\t\t\t<\/div>\n\t\t<\/div>\n\t\t\t\t\t<!-- Controls -->\n\t\t\t<a class=\"vc_left vc_carousel-control\" href=\"#vc_images-carousel-1-1776847844\" data-slide=\"prev\">\n\t\t\t\t<span class=\"icon-prev\"><\/span>\n\t\t\t<\/a>\n\t\t\t<a class=\"vc_right vc_carousel-control\" href=\"#vc_images-carousel-1-1776847844\" data-slide=\"next\">\n\t\t\t\t<span class=\"icon-next\"><\/span>\n\t\t\t<\/a>\n\t\t\t<\/div>\n\t<\/div>\n\t<\/div><\/div><\/div><\/div><div class=\"vc_row wpb_row vc_row-fluid\"><div class=\"wpb_column vc_column_container vc_col-sm-12\"><div class=\"wpb_wrapper\"><h4 class=\"box_header\">Longas e M\u00e9dias-Metragens<\/h4>\n\t<div class=\"wpb_text_column wpb_content_element \">\n\t\t<div class=\"wpb_wrapper\">\n\t\t\t<p><strong><a href=\"http:\/\/cachoeiradoc.com.br\/2015\/mostra-competitiva\/longas-e-medias\/a-loucura-entre-nos\/\">A loucura entre n\u00f3s<\/a><\/strong> (Bahia, 2015, 78 min.)<br \/>\nDe Fernanda Fontes Vareille<\/p>\n<p><strong><a href=\"http:\/\/cachoeiradoc.com.br\/2015\/mostra-competitiva\/longas-e-medias\/a-paixao-de-jl\/\">A paix\u00e3o de JL<\/a> <\/strong>(S\u00e3o Paulo, 2014, 82 min.)<br \/>\nDe Carlos Nader<\/p>\n<p><strong><a href=\"http:\/\/cachoeiradoc.com.br\/2015\/mostra-competitiva\/longas-e-medias\/mais-do-que-eu-possa-me-reconhecer\/\">Mais Do Que Eu Possa Me Reconhecer<\/a><\/strong> (Rio de Janeiro, 2015, 72 min.)<br \/>\nDe Allan Ribeiro<\/p>\n<p><strong><a href=\"http:\/\/cachoeiradoc.com.br\/2015\/mostra-competitiva\/longas-e-medias\/noite\/\">Noite<\/a><\/strong> (Rio de Janeiro, 2015, 82 min.)<br \/>\nDe Paula Gait\u00e1n<\/p>\n<p><a href=\"http:\/\/cachoeiradoc.com.br\/2015\/mostra-competitiva\/longas-e-medias\/nova-dubai\/\"><strong>Nova Dubai<\/strong> <\/a>(S\u00e3o Paulo, 2014, 50 min.)<br \/>\nDe Gustavo Vinagre<\/p>\n<p><strong><a href=\"http:\/\/cachoeiradoc.com.br\/2015\/mostra-competitiva\/longas-e-medias\/ressurgentes-um-filme-de-acao-direta\/\">Ressurgentes: Um Filme de A\u00e7\u00e3o Direta <\/a><\/strong>(Distrito Federal, 2014, 74 min.)<br \/>\nDe Dacia Ibiapina<\/p>\n<p><a href=\"http:\/\/cachoeiradoc.com.br\/2015\/mostra-competitiva\/longas-e-medias\/retratos-de-identificacao\/\"><strong>Retratos de identifica\u00e7\u00e3o<\/strong> <\/a>(Rio de Janeiro, 2015, 71 min.)<br \/>\nDe Anita Leandro<\/p>\n<p><strong><a href=\"http:\/\/cachoeiradoc.com.br\/2015\/mostra-competitiva\/longas-e-medias\/urihi-haromatipe-curadores-da-terra-floresta\/\">Urihi Haromatip\u00eb: Curadores da Terra-floresta <\/a><\/strong>(Roraima, 2014, 60 min.)<br \/>\nDe Morzaniel ?ramari Yanomami<\/p>\n\n\t\t<\/div>\n\t<\/div>\n<\/div><\/div><\/div><div class=\"vc_row wpb_row vc_row-fluid\"><div class=\"wpb_column vc_column_container vc_col-sm-12\"><div class=\"wpb_wrapper\"><div\n\tclass=\"wpb_images_carousel wpb_content_element vc_clearfix\">\n\t<div class=\"wpb_wrapper\">\n\t<div id=\"vc_images-carousel-2-1776847844\" data-ride=\"vc_carousel\"\n\t     data-wrap=\"true\" style=\"width: 1050px;\"\n\t     data-interval=\"2000\" data-auto-height=\"yes\"\n\t     data-mode=\"horizontal\" data-partial=\"false\"\n\t     data-per-view=\"1\"\n\t     data-hide-on-end=\"false\" class=\"vc_slide vc_images_carousel\">\n\t\t\t\t\t<!-- Indicators -->\n\t\t\t<ol class=\"vc_carousel-indicators\">\n\t\t\t\t\t\t\t\t\t<li data-target=\"#vc_images-carousel-2-1776847844\" data-slide-to=\"0\"><\/li>\n\t\t\t\t\t\t\t\t\t<li data-target=\"#vc_images-carousel-2-1776847844\" data-slide-to=\"1\"><\/li>\n\t\t\t\t\t\t\t\t\t<li data-target=\"#vc_images-carousel-2-1776847844\" data-slide-to=\"2\"><\/li>\n\t\t\t\t\t\t\t\t\t<li data-target=\"#vc_images-carousel-2-1776847844\" data-slide-to=\"3\"><\/li>\n\t\t\t\t\t\t\t\t\t<li data-target=\"#vc_images-carousel-2-1776847844\" data-slide-to=\"4\"><\/li>\n\t\t\t\t\t\t\t\t\t<li data-target=\"#vc_images-carousel-2-1776847844\" data-slide-to=\"5\"><\/li>\n\t\t\t\t\t\t\t\t\t<li data-target=\"#vc_images-carousel-2-1776847844\" data-slide-to=\"6\"><\/li>\n\t\t\t\t\t\t\t\t\t<li data-target=\"#vc_images-carousel-2-1776847844\" data-slide-to=\"7\"><\/li>\n\t\t\t\t\t\t\t\t\t<li data-target=\"#vc_images-carousel-2-1776847844\" data-slide-to=\"8\"><\/li>\n\t\t\t\t\t\t\t\t\t<li data-target=\"#vc_images-carousel-2-1776847844\" data-slide-to=\"9\"><\/li>\n\t\t\t\t\t\t\t\t\t<li data-target=\"#vc_images-carousel-2-1776847844\" data-slide-to=\"10\"><\/li>\n\t\t\t\t\t\t\t\t\t<li data-target=\"#vc_images-carousel-2-1776847844\" data-slide-to=\"11\"><\/li>\n\t\t\t\t\t\t\t<\/ol>\n\t\t\t\t<!-- Wrapper for slides -->\n\t\t<div class=\"vc_carousel-inner\">\n\t\t\t<div class=\"vc_carousel-slideline\">\n\t\t\t\t<div class=\"vc_carousel-slideline-inner\">\n\t\t\t\t\t\t\t\t\t\t\t\t\t\t\t\t\t<div class=\"vc_item\">\n\t\t\t\t\t\t\t<div class=\"vc_inner\">\n\t\t\t\t\t\t\t\t\t\t\t\t\t\t\t\t\t\t\t\t\t\t\t\t\t\t<a class=\"prettyphoto\"\n\t\t\t\t\t\t\t\t\t   href=\"https:\/\/cachoeiradoc.com.br\/2015\/wp-content\/uploads\/2015\/07\/virgindade-1024x279.jpg\"  rel=\"prettyPhoto[rel-1207-1269876069]\">\n\t\t\t\t\t\t\t\t\t\t<img class=\"\" src=\"https:\/\/cachoeiradoc.com.br\/2015\/wp-content\/uploads\/2015\/07\/virgindade-1050x300.jpg\" width=\"1050\" height=\"300\" alt=\"Virgindade\" title=\"Virgindade\" \/>\t\t\t\t\t\t\t\t\t<\/a>\n\t\t\t\t\t\t\t\t\t\t\t\t\t\t\t<\/div>\n\t\t\t\t\t\t<\/div>\n\t\t\t\t\t\t\t\t\t\t\t\t\t\t\t\t\t<div class=\"vc_item\">\n\t\t\t\t\t\t\t<div class=\"vc_inner\">\n\t\t\t\t\t\t\t\t\t\t\t\t\t\t\t\t\t\t\t\t\t\t\t\t\t\t<a class=\"prettyphoto\"\n\t\t\t\t\t\t\t\t\t   href=\"https:\/\/cachoeiradoc.com.br\/2015\/wp-content\/uploads\/2015\/07\/semtitulo-1024x279.jpg\"  rel=\"prettyPhoto[rel-1207-1269876069]\">\n\t\t\t\t\t\t\t\t\t\t<img class=\"\" src=\"https:\/\/cachoeiradoc.com.br\/2015\/wp-content\/uploads\/2015\/07\/semtitulo-1050x300.jpg\" width=\"1050\" height=\"300\" alt=\"Sem t\u00edtulo # 1 : Dance of Leitfossil\" title=\"Sem t\u00edtulo # 1 : Dance of Leitfossil\" \/>\t\t\t\t\t\t\t\t\t<\/a>\n\t\t\t\t\t\t\t\t\t\t\t\t\t\t\t<\/div>\n\t\t\t\t\t\t<\/div>\n\t\t\t\t\t\t\t\t\t\t\t\t\t\t\t\t\t<div class=\"vc_item\">\n\t\t\t\t\t\t\t<div class=\"vc_inner\">\n\t\t\t\t\t\t\t\t\t\t\t\t\t\t\t\t\t\t\t\t\t\t\t\t\t\t<a class=\"prettyphoto\"\n\t\t\t\t\t\t\t\t\t   href=\"https:\/\/cachoeiradoc.com.br\/2015\/wp-content\/uploads\/2015\/07\/trabalhar-1024x279.jpg\"  rel=\"prettyPhoto[rel-1207-1269876069]\">\n\t\t\t\t\t\t\t\t\t\t<img class=\"\" src=\"https:\/\/cachoeiradoc.com.br\/2015\/wp-content\/uploads\/2015\/07\/trabalhar-1050x300.jpg\" width=\"1050\" height=\"300\" alt=\"Ruim \u00e9 ter que trabalhar\" title=\"Ruim \u00e9 ter que trabalhar\" \/>\t\t\t\t\t\t\t\t\t<\/a>\n\t\t\t\t\t\t\t\t\t\t\t\t\t\t\t<\/div>\n\t\t\t\t\t\t<\/div>\n\t\t\t\t\t\t\t\t\t\t\t\t\t\t\t\t\t<div class=\"vc_item\">\n\t\t\t\t\t\t\t<div class=\"vc_inner\">\n\t\t\t\t\t\t\t\t\t\t\t\t\t\t\t\t\t\t\t\t\t\t\t\t\t\t<a class=\"prettyphoto\"\n\t\t\t\t\t\t\t\t\t   href=\"https:\/\/cachoeiradoc.com.br\/2015\/wp-content\/uploads\/2015\/07\/ocupacao-1024x279.jpg\"  rel=\"prettyPhoto[rel-1207-1269876069]\">\n\t\t\t\t\t\t\t\t\t\t<img class=\"\" src=\"https:\/\/cachoeiradoc.com.br\/2015\/wp-content\/uploads\/2015\/07\/ocupacao-1050x300.jpg\" width=\"1050\" height=\"300\" alt=\"Ocupa\u00e7\u00e3o\" title=\"Ocupa\u00e7\u00e3o\" \/>\t\t\t\t\t\t\t\t\t<\/a>\n\t\t\t\t\t\t\t\t\t\t\t\t\t\t\t<\/div>\n\t\t\t\t\t\t<\/div>\n\t\t\t\t\t\t\t\t\t\t\t\t\t\t\t\t\t<div class=\"vc_item\">\n\t\t\t\t\t\t\t<div class=\"vc_inner\">\n\t\t\t\t\t\t\t\t\t\t\t\t\t\t\t\t\t\t\t\t\t\t\t\t\t\t<a class=\"prettyphoto\"\n\t\t\t\t\t\t\t\t\t   href=\"https:\/\/cachoeiradoc.com.br\/2015\/wp-content\/uploads\/2015\/07\/sal-1024x279.jpg\"  rel=\"prettyPhoto[rel-1207-1269876069]\">\n\t\t\t\t\t\t\t\t\t\t<img class=\"\" src=\"https:\/\/cachoeiradoc.com.br\/2015\/wp-content\/uploads\/2015\/07\/sal-1050x300.jpg\" width=\"1050\" height=\"300\" alt=\"O mar, a mata e a humanidade\" title=\"O mar, a mata e a humanidade\" \/>\t\t\t\t\t\t\t\t\t<\/a>\n\t\t\t\t\t\t\t\t\t\t\t\t\t\t\t<\/div>\n\t\t\t\t\t\t<\/div>\n\t\t\t\t\t\t\t\t\t\t\t\t\t\t\t\t\t<div class=\"vc_item\">\n\t\t\t\t\t\t\t<div class=\"vc_inner\">\n\t\t\t\t\t\t\t\t\t\t\t\t\t\t\t\t\t\t\t\t\t\t\t\t\t\t<a class=\"prettyphoto\"\n\t\t\t\t\t\t\t\t\t   href=\"https:\/\/cachoeiradoc.com.br\/2015\/wp-content\/uploads\/2015\/07\/df-1024x279.jpg\"  rel=\"prettyPhoto[rel-1207-1269876069]\">\n\t\t\t\t\t\t\t\t\t\t<img class=\"\" src=\"https:\/\/cachoeiradoc.com.br\/2015\/wp-content\/uploads\/2015\/07\/df-1050x300.jpg\" width=\"1050\" height=\"300\" alt=\"Meio fio\" title=\"Meio fio\" \/>\t\t\t\t\t\t\t\t\t<\/a>\n\t\t\t\t\t\t\t\t\t\t\t\t\t\t\t<\/div>\n\t\t\t\t\t\t<\/div>\n\t\t\t\t\t\t\t\t\t\t\t\t\t\t\t\t\t<div class=\"vc_item\">\n\t\t\t\t\t\t\t<div class=\"vc_inner\">\n\t\t\t\t\t\t\t\t\t\t\t\t\t\t\t\t\t\t\t\t\t\t\t\t\t\t<a class=\"prettyphoto\"\n\t\t\t\t\t\t\t\t\t   href=\"https:\/\/cachoeiradoc.com.br\/2015\/wp-content\/uploads\/2015\/07\/exilia-1024x279.jpg\"  rel=\"prettyPhoto[rel-1207-1269876069]\">\n\t\t\t\t\t\t\t\t\t\t<img class=\"\" src=\"https:\/\/cachoeiradoc.com.br\/2015\/wp-content\/uploads\/2015\/07\/exilia-1050x300.jpg\" width=\"1050\" height=\"300\" alt=\"Ex\u00edlia\" title=\"Ex\u00edlia\" \/>\t\t\t\t\t\t\t\t\t<\/a>\n\t\t\t\t\t\t\t\t\t\t\t\t\t\t\t<\/div>\n\t\t\t\t\t\t<\/div>\n\t\t\t\t\t\t\t\t\t\t\t\t\t\t\t\t\t<div class=\"vc_item\">\n\t\t\t\t\t\t\t<div class=\"vc_inner\">\n\t\t\t\t\t\t\t\t\t\t\t\t\t\t\t\t\t\t\t\t\t\t\t\t\t\t<a class=\"prettyphoto\"\n\t\t\t\t\t\t\t\t\t   href=\"https:\/\/cachoeiradoc.com.br\/2015\/wp-content\/uploads\/2015\/07\/travesti-1024x279.jpg\"  rel=\"prettyPhoto[rel-1207-1269876069]\">\n\t\t\t\t\t\t\t\t\t\t<img class=\"\" src=\"https:\/\/cachoeiradoc.com.br\/2015\/wp-content\/uploads\/2015\/07\/travesti-1050x300.jpg\" width=\"1050\" height=\"300\" alt=\"Eu, travesti?\" title=\"Eu, travesti?\" \/>\t\t\t\t\t\t\t\t\t<\/a>\n\t\t\t\t\t\t\t\t\t\t\t\t\t\t\t<\/div>\n\t\t\t\t\t\t<\/div>\n\t\t\t\t\t\t\t\t\t\t\t\t\t\t\t\t\t<div class=\"vc_item\">\n\t\t\t\t\t\t\t<div class=\"vc_inner\">\n\t\t\t\t\t\t\t\t\t\t\t\t\t\t\t\t\t\t\t\t\t\t\t\t\t\t<a class=\"prettyphoto\"\n\t\t\t\t\t\t\t\t\t   href=\"https:\/\/cachoeiradoc.com.br\/2015\/wp-content\/uploads\/2015\/07\/audiencia-1024x279.jpg\"  rel=\"prettyPhoto[rel-1207-1269876069]\">\n\t\t\t\t\t\t\t\t\t\t<img class=\"\" src=\"https:\/\/cachoeiradoc.com.br\/2015\/wp-content\/uploads\/2015\/07\/audiencia-1050x300.jpg\" width=\"1050\" height=\"300\" alt=\"Audi\u00eancia p\u00fablica?\" title=\"Audi\u00eancia p\u00fablica?\" \/>\t\t\t\t\t\t\t\t\t<\/a>\n\t\t\t\t\t\t\t\t\t\t\t\t\t\t\t<\/div>\n\t\t\t\t\t\t<\/div>\n\t\t\t\t\t\t\t\t\t\t\t\t\t\t\t\t\t<div class=\"vc_item\">\n\t\t\t\t\t\t\t<div class=\"vc_inner\">\n\t\t\t\t\t\t\t\t\t\t\t\t\t\t\t\t\t\t\t\t\t\t\t\t\t\t<a class=\"prettyphoto\"\n\t\t\t\t\t\t\t\t\t   href=\"https:\/\/cachoeiradoc.com.br\/2015\/wp-content\/uploads\/2015\/07\/ana-1024x279.jpg\"  rel=\"prettyPhoto[rel-1207-1269876069]\">\n\t\t\t\t\t\t\t\t\t\t<img class=\"\" src=\"https:\/\/cachoeiradoc.com.br\/2015\/wp-content\/uploads\/2015\/07\/ana-1050x300.jpg\" width=\"1050\" height=\"300\" alt=\"Ana\" title=\"Ana\" \/>\t\t\t\t\t\t\t\t\t<\/a>\n\t\t\t\t\t\t\t\t\t\t\t\t\t\t\t<\/div>\n\t\t\t\t\t\t<\/div>\n\t\t\t\t\t\t\t\t\t\t\t\t\t\t\t\t\t<div class=\"vc_item\">\n\t\t\t\t\t\t\t<div class=\"vc_inner\">\n\t\t\t\t\t\t\t\t\t\t\t\t\t\t\t\t\t\t\t\t\t\t\t\t\t\t<a class=\"prettyphoto\"\n\t\t\t\t\t\t\t\t\t   href=\"https:\/\/cachoeiradoc.com.br\/2015\/wp-content\/uploads\/2015\/07\/minas-1024x279.jpg\"  rel=\"prettyPhoto[rel-1207-1269876069]\">\n\t\t\t\t\t\t\t\t\t\t<img class=\"\" src=\"https:\/\/cachoeiradoc.com.br\/2015\/wp-content\/uploads\/2015\/07\/minas-1050x300.jpg\" width=\"1050\" height=\"300\" alt=\"A \u00daltima das Minas\" title=\"A \u00daltima das Minas\" \/>\t\t\t\t\t\t\t\t\t<\/a>\n\t\t\t\t\t\t\t\t\t\t\t\t\t\t\t<\/div>\n\t\t\t\t\t\t<\/div>\n\t\t\t\t\t\t\t\t\t\t\t\t\t\t\t\t\t<div class=\"vc_item\">\n\t\t\t\t\t\t\t<div class=\"vc_inner\">\n\t\t\t\t\t\t\t\t\t\t\t\t\t\t\t\t\t\t\t\t\t\t\t\t\t\t<a class=\"prettyphoto\"\n\t\t\t\t\t\t\t\t\t   href=\"https:\/\/cachoeiradoc.com.br\/2015\/wp-content\/uploads\/2015\/07\/festa-caes-1024x279.jpg\"  rel=\"prettyPhoto[rel-1207-1269876069]\">\n\t\t\t\t\t\t\t\t\t\t<img class=\"\" src=\"https:\/\/cachoeiradoc.com.br\/2015\/wp-content\/uploads\/2015\/07\/festa-caes-1050x300.jpg\" width=\"1050\" height=\"300\" alt=\"A festa e os c\u00e3es\" title=\"A festa e os c\u00e3es\" \/>\t\t\t\t\t\t\t\t\t<\/a>\n\t\t\t\t\t\t\t\t\t\t\t\t\t\t\t<\/div>\n\t\t\t\t\t\t<\/div>\n\t\t\t\t\t\t\t\t\t<\/div>\n\t\t\t<\/div>\n\t\t<\/div>\n\t\t\t\t\t<!-- Controls -->\n\t\t\t<a class=\"vc_left vc_carousel-control\" href=\"#vc_images-carousel-2-1776847844\" data-slide=\"prev\">\n\t\t\t\t<span class=\"icon-prev\"><\/span>\n\t\t\t<\/a>\n\t\t\t<a class=\"vc_right vc_carousel-control\" href=\"#vc_images-carousel-2-1776847844\" data-slide=\"next\">\n\t\t\t\t<span class=\"icon-next\"><\/span>\n\t\t\t<\/a>\n\t\t\t<\/div>\n\t<\/div>\n\t<\/div><\/div><\/div><\/div><div class=\"vc_row wpb_row vc_row-fluid\"><div class=\"wpb_column vc_column_container vc_col-sm-12\"><div class=\"wpb_wrapper\"><h4 class=\"box_header\">Curtas-Metragens<\/h4>\n\t<div class=\"wpb_text_column wpb_content_element \">\n\t\t<div class=\"wpb_wrapper\">\n\t\t\t<p><strong><a href=\"http:\/\/cachoeiradoc.com.br\/2015\/mostra-competitiva\/curtas\/a-festa-e-os-caes\/\">A festa e os c\u00e3es<\/a> <\/strong>(Cear\u00e1, 2015, 20 min.)<br \/>\nDe Leonardo Mouramateus<\/p>\n<p><strong><a href=\"http:\/\/cachoeiradoc.com.br\/2015\/mostra-competitiva\/curtas\/audiencia-publica\/\">Audi\u00eancia p\u00fablica?<\/a> <\/strong>(Pernambuco, 2014, 18 min.)<br \/>\nDe Ernesto de Carvalho, Leon Sampaio, Lu\u00eds Henrique Leal, Marcelo Pedroso, Pedro Severien<\/p>\n<p><strong><a href=\"http:\/\/cachoeiradoc.com.br\/2015\/mostra-competitiva\/curtas\/a-ultima-das-minas\/\">A \u00daltima das Minas<\/a> <\/strong>(Paran\u00e1, 2015, 25 min.)<br \/>\nDe Larissa Figueiredo e Rafael Urban<\/p>\n<p><strong><a href=\"http:\/\/cachoeiradoc.com.br\/2015\/mostra-competitiva\/curtas\/ana\/\">Ana <\/a><\/strong>(Bahia, 2015, 20 min.)<br \/>\nDe Camila Camila<\/p>\n<p><strong><a href=\"http:\/\/cachoeiradoc.com.br\/2015\/mostra-competitiva\/curtas\/eu-travesti\/\">Eu, travesti? <\/a><\/strong>(Bahia, 2014, 4 min.)<br \/>\nDe Leandro Rodrigues<\/p>\n<p><strong><a href=\"http:\/\/cachoeiradoc.com.br\/2015\/mostra-competitiva\/curtas\/exilia\/\">Ex\u00edlia <\/a><\/strong>(Pernambuco, 2015, 24 min.)<br \/>\nDe Renata Claus<\/p>\n<p><strong><a href=\"http:\/\/cachoeiradoc.com.br\/2015\/mostra-competitiva\/curtas\/meio-fio\/\">Meio fio<\/a> <\/strong>(Distrito Federal, 2014, 20 min.)<br \/>\nDe Denise Vieira<\/p>\n<p><strong><a href=\"http:\/\/cachoeiradoc.com.br\/2015\/mostra-competitiva\/curtas\/pernambuco-2014-20-min\/\">No caminho com Mario <\/a><\/strong>(Pernambuco, 2014, 20 min.)<br \/>\nDe Aldo Ferreira, Ariel Ortega, Leo Ortega, Patricia Ferreira, Ralf Ortega<\/p>\n<p><strong><a href=\"http:\/\/cachoeiradoc.com.br\/2015\/mostra-competitiva\/curtas\/o-mar-a-mata-e-a-humanidade\/\">O mar, a mata e a humanidade <\/a><\/strong>(Bahia, 2015, 6 min.)<br \/>\nDe Coletivo Cinema e Sal<\/p>\n<p><strong><a href=\"http:\/\/cachoeiradoc.com.br\/2015\/mostra-competitiva\/curtas\/ocupacao\/\">Ocupa\u00e7\u00e3o<\/a> <\/strong>(Rio de Janeiro, 2015, 13 min.)<br \/>\nDe Diego Jesus<\/p>\n<p><strong><a href=\"http:\/\/cachoeiradoc.com.br\/2015\/mostra-competitiva\/curtas\/ruim-e-ter-que-trabalhar\/http:\/\/cachoeiradoc.com.br\/2015\/mostra-competitiva\/curtas\/ruim-e-ter-que-trabalhar\/\">Ruim \u00e9 ter que trabalhar<\/a><\/strong> (S\u00e3o Paulo, 2014, 9 min.)<br \/>\nDe Lincoln P\u00e9ricles<\/p>\n<p><strong><a href=\"http:\/\/cachoeiradoc.com.br\/2015\/mostra-competitiva\/curtas\/sem-titulo-1-dance-of-leitfossil\/\">Sem t\u00edtulo # 1 : Dance of Leitfossil <\/a><\/strong>(S\u00e3o Paulo, \u00a02014, 5 min.)<br \/>\nDe Carlos Adriano<\/p>\n<p><a href=\"http:\/\/cachoeiradoc.com.br\/2015\/mostra-competitiva\/curtas\/virgindade\"><strong>Virgindade<\/strong> <\/a>(Pernambuco, 2014, 16 min.)<br \/>\nDe Chico Lacerda<\/p>\n\n\t\t<\/div>\n\t<\/div>\n<\/div><\/div><\/div>\n","protected":false},"excerpt":{"rendered":"Longas e M\u00e9dias-Metragens A loucura entre n\u00f3s (Bahia, 2015, 78 min.) De Fernanda Fontes Vareille A paix\u00e3o de JL (S\u00e3o Paulo, 2014, 82 min.) De Carlos Nader Mais Do Que Eu Possa Me Reconhecer (Rio de Janeiro, 2015, 72 min.) De Allan Ribeiro Noite (Rio de Janeiro, 2015, 82 min.) De Paula Gait\u00e1n Nova Dubai","protected":false},"author":1,"featured_media":0,"parent":0,"menu_order":0,"comment_status":"open","ping_status":"open","template":"","meta":[],"_links":{"self":[{"href":"https:\/\/cachoeiradoc.com.br\/2015\/wp-json\/wp\/v2\/pages\/1207"}],"collection":[{"href":"https:\/\/cachoeiradoc.com.br\/2015\/wp-json\/wp\/v2\/pages"}],"about":[{"href":"https:\/\/cachoeiradoc.com.br\/2015\/wp-json\/wp\/v2\/types\/page"}],"author":[{"embeddable":true,"href":"https:\/\/cachoeiradoc.com.br\/2015\/wp-json\/wp\/v2\/users\/1"}],"replies":[{"embeddable":true,"href":"https:\/\/cachoeiradoc.com.br\/2015\/wp-json\/wp\/v2\/comments?post=1207"}],"version-history":[{"count":21,"href":"https:\/\/cachoeiradoc.com.br\/2015\/wp-json\/wp\/v2\/pages\/1207\/revisions"}],"predecessor-version":[{"id":2017,"href":"https:\/\/cachoeiradoc.com.br\/2015\/wp-json\/wp\/v2\/pages\/1207\/revisions\/2017"}],"wp:attachment":[{"href":"https:\/\/cachoeiradoc.com.br\/2015\/wp-json\/wp\/v2\/media?parent=1207"}],"curies":[{"name":"wp","href":"https:\/\/api.w.org\/{rel}","templated":true}]}}