{"id":84,"date":"2014-08-02T10:23:37","date_gmt":"2014-08-02T13:23:37","guid":{"rendered":"https:\/\/cachoeiradoc.com.br\/2014\/?page_id=84"},"modified":"2014-08-03T18:29:53","modified_gmt":"2014-08-03T21:29:53","slug":"a-gente","status":"publish","type":"page","link":"https:\/\/cachoeiradoc.com.br\/2014\/?page_id=84","title":{"rendered":"A Gente"},"content":{"rendered":"<div class=\"panel-grid\" id=\"pg-84-0\"><div class=\"panel-grid-core\"><div class=\"panel-grid-cell\" id=\"pgc-84-0-0\" ><p style=\"text-align: justify;\">Paran\u00e1, 2013, 89\u2019<br \/>De Aly Muritiba<\/p>\n<p style=\"text-align: justify;\">Por sete anos, Aly Muritiba trabalhou em uma pris\u00e3o. L\u00e1 ele fez parte da Equipe Alfa. Ap\u00f3s estudar cinema e feito alguns curtas, Muritiba, volta a seu antigo trabalho para reencontrar seus colegas e realizar um filme com a Equipe Alfa. A Equipe Alfa \u00e9 formada por 28 pessoas, homens e mulheres de origens e forma\u00e7\u00f5es distintas que fazem a guarda e cust\u00f3dia de cerca de mil criminosos numa penitenci\u00e1ria Brasileira. Walkiu torna-se o chefe da equipe e espera fazer um bom trabalho. Mas percebe que suas m\u00e3os est\u00e3o algemadas.<\/p>\n<center><iframe src=\"\/\/www.youtube.com\/embed\/cQz1z-t0j7s\" height=\"315\" width=\"560\" allowfullscreen=\"\" frameborder=\"0\"><\/iframe><\/center>\n<p style=\"text-align: justify;\">contato@grafoaudiovisual.com<\/p><\/div><\/div><\/div>","protected":false},"excerpt":{"rendered":"<p>Paran\u00e1, 2013, 89\u2019De Aly Muritiba Por sete anos, Aly Muritiba trabalhou em uma pris\u00e3o. L\u00e1 ele fez parte da Equipe Alfa. Ap\u00f3s estudar cinema e feito alguns curtas, Muritiba, volta a seu antigo trabalho para reencontrar seus colegas e realizar um filme com a Equipe Alfa. A Equipe Alfa \u00e9 formada por 28 pessoas, homens [&hellip;]<\/p>\n","protected":false},"author":1,"featured_media":0,"parent":250,"menu_order":0,"comment_status":"closed","ping_status":"closed","template":"","meta":[],"categories":[],"tags":[],"_links":{"self":[{"href":"https:\/\/cachoeiradoc.com.br\/2014\/index.php?rest_route=\/wp\/v2\/pages\/84"}],"collection":[{"href":"https:\/\/cachoeiradoc.com.br\/2014\/index.php?rest_route=\/wp\/v2\/pages"}],"about":[{"href":"https:\/\/cachoeiradoc.com.br\/2014\/index.php?rest_route=\/wp\/v2\/types\/page"}],"author":[{"embeddable":true,"href":"https:\/\/cachoeiradoc.com.br\/2014\/index.php?rest_route=\/wp\/v2\/users\/1"}],"replies":[{"embeddable":true,"href":"https:\/\/cachoeiradoc.com.br\/2014\/index.php?rest_route=%2Fwp%2Fv2%2Fcomments&post=84"}],"version-history":[{"count":12,"href":"https:\/\/cachoeiradoc.com.br\/2014\/index.php?rest_route=\/wp\/v2\/pages\/84\/revisions"}],"predecessor-version":[{"id":10121,"href":"https:\/\/cachoeiradoc.com.br\/2014\/index.php?rest_route=\/wp\/v2\/pages\/84\/revisions\/10121"}],"up":[{"embeddable":true,"href":"https:\/\/cachoeiradoc.com.br\/2014\/index.php?rest_route=\/wp\/v2\/pages\/250"}],"wp:attachment":[{"href":"https:\/\/cachoeiradoc.com.br\/2014\/index.php?rest_route=%2Fwp%2Fv2%2Fmedia&parent=84"}],"wp:term":[{"taxonomy":"category","embeddable":true,"href":"https:\/\/cachoeiradoc.com.br\/2014\/index.php?rest_route=%2Fwp%2Fv2%2Fcategories&post=84"},{"taxonomy":"post_tag","embeddable":true,"href":"https:\/\/cachoeiradoc.com.br\/2014\/index.php?rest_route=%2Fwp%2Fv2%2Ftags&post=84"}],"curies":[{"name":"wp","href":"https:\/\/api.w.org\/{rel}","templated":true}]}}