{"id":271,"date":"2014-08-03T09:26:40","date_gmt":"2014-08-03T12:26:40","guid":{"rendered":"https:\/\/cachoeiradoc.com.br\/2014\/?page_id=271"},"modified":"2014-08-03T14:38:23","modified_gmt":"2014-08-03T17:38:23","slug":"como-chegar-em-cachoeira","status":"publish","type":"page","link":"https:\/\/cachoeiradoc.com.br\/2014\/?page_id=271","title":{"rendered":"Como chegar em Cachoeira"},"content":{"rendered":"<div class=\"panel-grid\" id=\"pg-271-0\"><div class=\"panel-grid-core\"><div class=\"panel-grid-cell\" id=\"pgc-271-0-0\" ><p><strong>De carro:<\/strong><\/p>\n<p>Sair de Salvador pela BR-324, por 59 Km, at\u00e9 o entroncamento da BA-026, percorrendo-se mais 11 km at\u00e9 Santo Amaro. A partir desta cidade, siga para Cachoeira pela mesma BA-026, por mais 38 Km.<br \/><br \/> <strong>De \u00f4nibus:<\/strong><\/p>\n<p>A empresa Santana (71 3450 4951), opera a linha Salvador- Cachoeira, a partir do Terminal Rodovi\u00e1rio de Salvador.<\/p>\n<p style=\"text-align: center;\"><iframe src=\"https:\/\/maps.google.com.br\/maps?f=d&amp;source=s_d&amp;saddr=Salvador+-+Bahia&amp;daddr=Cachoeira+-+Bahia&amp;hl=pt-BR&amp;geocode=FXIWOv8dAlm0_SmzpTyifAMWBzGYZiIskcefGw%3BFcznP_8dAmGt_SnlbwG0BMcVBzFyetFa2XP1jQ&amp;aq=0&amp;oq=Salvador&amp;sll=-12.589078,-38.969193&amp;sspn=0.200706,0.308647&amp;t=h&amp;g=Cachoeira+-+Bahia&amp;mra=ls&amp;ie=UTF8&amp;ll=-12.66926,-38.686995&amp;spn=0.63122,0.56761&amp;output=embed\" height=\"350\" width=\"425\" frameborder=\"0\" marginwidth=\"0\" marginheight=\"0\" scrolling=\"no\"><\/iframe><br \/> <small><a style=\"color: #0000ff; text-align: left;\" href=\"https:\/\/maps.google.com.br\/maps?f=d&amp;source=embed&amp;saddr=Salvador+-+Bahia&amp;daddr=Cachoeira+-+Bahia&amp;hl=pt-BR&amp;geocode=FXIWOv8dAlm0_SmzpTyifAMWBzGYZiIskcefGw%3BFcznP_8dAmGt_SnlbwG0BMcVBzFyetFa2XP1jQ&amp;aq=0&amp;oq=Salvador&amp;sll=-12.589078,-38.969193&amp;sspn=0.200706,0.308647&amp;t=h&amp;g=Cachoeira+-+Bahia&amp;mra=ls&amp;ie=UTF8&amp;ll=-12.66926,-38.686995&amp;spn=0.63122,0.56761\">Exibir mapa ampliado<\/a><\/small><\/p><\/div><\/div><\/div>","protected":false},"excerpt":{"rendered":"<p>De carro: Sair de Salvador pela BR-324, por 59 Km, at\u00e9 o entroncamento da BA-026, percorrendo-se mais 11 km at\u00e9 Santo Amaro. A partir desta cidade, siga para Cachoeira pela mesma BA-026, por mais 38 Km. De \u00f4nibus: A empresa Santana (71 3450 4951), opera a linha Salvador- Cachoeira, a partir do Terminal Rodovi\u00e1rio de [&hellip;]<\/p>\n","protected":false},"author":1,"featured_media":0,"parent":0,"menu_order":0,"comment_status":"closed","ping_status":"closed","template":"","meta":[],"categories":[4],"tags":[],"_links":{"self":[{"href":"https:\/\/cachoeiradoc.com.br\/2014\/index.php?rest_route=\/wp\/v2\/pages\/271"}],"collection":[{"href":"https:\/\/cachoeiradoc.com.br\/2014\/index.php?rest_route=\/wp\/v2\/pages"}],"about":[{"href":"https:\/\/cachoeiradoc.com.br\/2014\/index.php?rest_route=\/wp\/v2\/types\/page"}],"author":[{"embeddable":true,"href":"https:\/\/cachoeiradoc.com.br\/2014\/index.php?rest_route=\/wp\/v2\/users\/1"}],"replies":[{"embeddable":true,"href":"https:\/\/cachoeiradoc.com.br\/2014\/index.php?rest_route=%2Fwp%2Fv2%2Fcomments&post=271"}],"version-history":[{"count":4,"href":"https:\/\/cachoeiradoc.com.br\/2014\/index.php?rest_route=\/wp\/v2\/pages\/271\/revisions"}],"predecessor-version":[{"id":10031,"href":"https:\/\/cachoeiradoc.com.br\/2014\/index.php?rest_route=\/wp\/v2\/pages\/271\/revisions\/10031"}],"wp:attachment":[{"href":"https:\/\/cachoeiradoc.com.br\/2014\/index.php?rest_route=%2Fwp%2Fv2%2Fmedia&parent=271"}],"wp:term":[{"taxonomy":"category","embeddable":true,"href":"https:\/\/cachoeiradoc.com.br\/2014\/index.php?rest_route=%2Fwp%2Fv2%2Fcategories&post=271"},{"taxonomy":"post_tag","embeddable":true,"href":"https:\/\/cachoeiradoc.com.br\/2014\/index.php?rest_route=%2Fwp%2Fv2%2Ftags&post=271"}],"curies":[{"name":"wp","href":"https:\/\/api.w.org\/{rel}","templated":true}]}}