{"id":177,"date":"2014-08-02T13:31:23","date_gmt":"2014-08-02T16:31:23","guid":{"rendered":"https:\/\/cachoeiradoc.com.br\/2014\/?page_id=177"},"modified":"2014-08-03T18:27:55","modified_gmt":"2014-08-03T21:27:55","slug":"o-porto","status":"publish","type":"page","link":"https:\/\/cachoeiradoc.com.br\/2014\/?page_id=177","title":{"rendered":"O porto"},"content":{"rendered":"<div class=\"panel-grid\" id=\"pg-177-0\"><div class=\"panel-grid-core\"><div class=\"panel-grid-cell\" id=\"pgc-177-0-0\" ><p style=\"text-align: justify;\">Minas Gerais, 2013, 20\u2019<br \/>De Clarissa Campolina, Julia De Simone, Luiz Pretti e Ricardo Pretti<\/p>\n<p style=\"text-align: justify;\">Cais do Vallongo, Cais da Imperatriz, Porto do Rio, Porto Maravilha: camadas de uma cidade assombrada pelo progresso. Um porto sobre o outro. Uma cidade sobre a outra. Para filmar a cidade hoje se deve olhar, ao mesmo tempo, por debaixo e para al\u00e9m da paisagem. A c\u00e2mera pode ser uma ferramenta de escava\u00e7\u00e3o, revelando v\u00e1rias invisibilidades no espa\u00e7o e no tempo, sepultadas em territ\u00f3rios esquecidos. Espa\u00e7os urbanos vazios revelam um projeto pol\u00edtico de explora\u00e7\u00e3o capitalista, que \u00e9 camuflado por um discurso idealizado de progresso, que se repete ao longo da hist\u00f3ria.<\/p>\n<p style=\"text-align: justify;\">producaoteia@gmail.com<\/p><\/div><\/div><\/div>","protected":false},"excerpt":{"rendered":"<p>Minas Gerais, 2013, 20\u2019De Clarissa Campolina, Julia De Simone, Luiz Pretti e Ricardo Pretti Cais do Vallongo, Cais da Imperatriz, Porto do Rio, Porto Maravilha: camadas de uma cidade assombrada pelo progresso. Um porto sobre o outro. Uma cidade sobre a outra. Para filmar a cidade hoje se deve olhar, ao mesmo tempo, por debaixo [&hellip;]<\/p>\n","protected":false},"author":1,"featured_media":0,"parent":252,"menu_order":0,"comment_status":"closed","ping_status":"closed","template":"","meta":[],"categories":[],"tags":[],"_links":{"self":[{"href":"https:\/\/cachoeiradoc.com.br\/2014\/index.php?rest_route=\/wp\/v2\/pages\/177"}],"collection":[{"href":"https:\/\/cachoeiradoc.com.br\/2014\/index.php?rest_route=\/wp\/v2\/pages"}],"about":[{"href":"https:\/\/cachoeiradoc.com.br\/2014\/index.php?rest_route=\/wp\/v2\/types\/page"}],"author":[{"embeddable":true,"href":"https:\/\/cachoeiradoc.com.br\/2014\/index.php?rest_route=\/wp\/v2\/users\/1"}],"replies":[{"embeddable":true,"href":"https:\/\/cachoeiradoc.com.br\/2014\/index.php?rest_route=%2Fwp%2Fv2%2Fcomments&post=177"}],"version-history":[{"count":4,"href":"https:\/\/cachoeiradoc.com.br\/2014\/index.php?rest_route=\/wp\/v2\/pages\/177\/revisions"}],"predecessor-version":[{"id":10118,"href":"https:\/\/cachoeiradoc.com.br\/2014\/index.php?rest_route=\/wp\/v2\/pages\/177\/revisions\/10118"}],"up":[{"embeddable":true,"href":"https:\/\/cachoeiradoc.com.br\/2014\/index.php?rest_route=\/wp\/v2\/pages\/252"}],"wp:attachment":[{"href":"https:\/\/cachoeiradoc.com.br\/2014\/index.php?rest_route=%2Fwp%2Fv2%2Fmedia&parent=177"}],"wp:term":[{"taxonomy":"category","embeddable":true,"href":"https:\/\/cachoeiradoc.com.br\/2014\/index.php?rest_route=%2Fwp%2Fv2%2Fcategories&post=177"},{"taxonomy":"post_tag","embeddable":true,"href":"https:\/\/cachoeiradoc.com.br\/2014\/index.php?rest_route=%2Fwp%2Fv2%2Ftags&post=177"}],"curies":[{"name":"wp","href":"https:\/\/api.w.org\/{rel}","templated":true}]}}