{"id":154,"date":"2014-08-02T12:36:02","date_gmt":"2014-08-02T15:36:02","guid":{"rendered":"https:\/\/cachoeiradoc.com.br\/2014\/?page_id=154"},"modified":"2014-08-03T18:21:17","modified_gmt":"2014-08-03T21:21:17","slug":"malha","status":"publish","type":"page","link":"https:\/\/cachoeiradoc.com.br\/2014\/?page_id=154","title":{"rendered":"Malha"},"content":{"rendered":"<div class=\"panel-grid\" id=\"pg-154-0\"><div class=\"panel-grid-core\"><div class=\"panel-grid-cell\" id=\"pgc-154-0-0\" ><p style=\"text-align: justify;\">Para\u00edba, 2013, 14\u2019<br \/>De Paulo Roberto<\/p>\n<p style=\"text-align: justify;\">\u201cE as cren\u00e7as singulares traduzem essa aproxima\u00e7\u00e3o violenta de tend\u00eancias distintas (...) saem das missas consagradas para as \u00e1gapes selvagens\u201d, Euclides da Cunha (Os Sert\u00f5es). A violenta materializa\u00e7\u00e3o de um festejo popular, a malha\u00e7\u00e3o do Judas, no interior da Para\u00edba, onde os credos religiosos de um povo servem de pano de fundo para a entrega visceral ao esc\u00e1rnio profano.<\/p>\n<p style=\"text-align: justify;\">cinenazarethclube@gmail.com<\/p><\/div><\/div><\/div>","protected":false},"excerpt":{"rendered":"<p>Para\u00edba, 2013, 14\u2019De Paulo Roberto \u201cE as cren\u00e7as singulares traduzem essa aproxima\u00e7\u00e3o violenta de tend\u00eancias distintas (&#8230;) saem das missas consagradas para as \u00e1gapes selvagens\u201d, Euclides da Cunha (Os Sert\u00f5es). A violenta materializa\u00e7\u00e3o de um festejo popular, a malha\u00e7\u00e3o do Judas, no interior da Para\u00edba, onde os credos religiosos de um povo servem de pano [&hellip;]<\/p>\n","protected":false},"author":1,"featured_media":0,"parent":252,"menu_order":0,"comment_status":"closed","ping_status":"closed","template":"","meta":[],"categories":[],"tags":[],"_links":{"self":[{"href":"https:\/\/cachoeiradoc.com.br\/2014\/index.php?rest_route=\/wp\/v2\/pages\/154"}],"collection":[{"href":"https:\/\/cachoeiradoc.com.br\/2014\/index.php?rest_route=\/wp\/v2\/pages"}],"about":[{"href":"https:\/\/cachoeiradoc.com.br\/2014\/index.php?rest_route=\/wp\/v2\/types\/page"}],"author":[{"embeddable":true,"href":"https:\/\/cachoeiradoc.com.br\/2014\/index.php?rest_route=\/wp\/v2\/users\/1"}],"replies":[{"embeddable":true,"href":"https:\/\/cachoeiradoc.com.br\/2014\/index.php?rest_route=%2Fwp%2Fv2%2Fcomments&post=154"}],"version-history":[{"count":3,"href":"https:\/\/cachoeiradoc.com.br\/2014\/index.php?rest_route=\/wp\/v2\/pages\/154\/revisions"}],"predecessor-version":[{"id":10113,"href":"https:\/\/cachoeiradoc.com.br\/2014\/index.php?rest_route=\/wp\/v2\/pages\/154\/revisions\/10113"}],"up":[{"embeddable":true,"href":"https:\/\/cachoeiradoc.com.br\/2014\/index.php?rest_route=\/wp\/v2\/pages\/252"}],"wp:attachment":[{"href":"https:\/\/cachoeiradoc.com.br\/2014\/index.php?rest_route=%2Fwp%2Fv2%2Fmedia&parent=154"}],"wp:term":[{"taxonomy":"category","embeddable":true,"href":"https:\/\/cachoeiradoc.com.br\/2014\/index.php?rest_route=%2Fwp%2Fv2%2Fcategories&post=154"},{"taxonomy":"post_tag","embeddable":true,"href":"https:\/\/cachoeiradoc.com.br\/2014\/index.php?rest_route=%2Fwp%2Fv2%2Ftags&post=154"}],"curies":[{"name":"wp","href":"https:\/\/api.w.org\/{rel}","templated":true}]}}