{"id":150,"date":"2014-08-02T12:29:42","date_gmt":"2014-08-02T15:29:42","guid":{"rendered":"https:\/\/cachoeiradoc.com.br\/2014\/?page_id=150"},"modified":"2014-08-03T18:20:14","modified_gmt":"2014-08-03T21:20:14","slug":"la-llamada","status":"publish","type":"page","link":"https:\/\/cachoeiradoc.com.br\/2014\/?page_id=150","title":{"rendered":"La llamada"},"content":{"rendered":"<div class=\"panel-grid\" id=\"pg-150-0\"><div class=\"panel-grid-core\"><div class=\"panel-grid-cell\" id=\"pgc-150-0-0\" ><p>S\u00e3o Paulo, 2014, 19\u2019<br \/>De Gustavo Vinagre<\/p>\n<p style=\"text-align: justify;\">L\u00e1zaro Escarze, um cubano revolucion\u00e1rio de 87 anos, vive num pequeno povoado e ter\u00e1 seu telefone instalado pela primeira vez na sua vida. Para quem ele vai ligar?<\/p>\n<center><iframe src=\"\/\/www.youtube.com\/embed\/p2siRvX6xcE\" height=\"315\" width=\"560\" allowfullscreen=\"\" frameborder=\"0\"><\/iframe><\/center>\n<p>maxeluard@gmail.com<\/p><\/div><\/div><\/div>","protected":false},"excerpt":{"rendered":"<p>S\u00e3o Paulo, 2014, 19\u2019De Gustavo Vinagre L\u00e1zaro Escarze, um cubano revolucion\u00e1rio de 87 anos, vive num pequeno povoado e ter\u00e1 seu telefone instalado pela primeira vez na sua vida. Para quem ele vai ligar? maxeluard@gmail.com<\/p>\n","protected":false},"author":1,"featured_media":0,"parent":252,"menu_order":0,"comment_status":"closed","ping_status":"closed","template":"","meta":[],"categories":[],"tags":[],"_links":{"self":[{"href":"https:\/\/cachoeiradoc.com.br\/2014\/index.php?rest_route=\/wp\/v2\/pages\/150"}],"collection":[{"href":"https:\/\/cachoeiradoc.com.br\/2014\/index.php?rest_route=\/wp\/v2\/pages"}],"about":[{"href":"https:\/\/cachoeiradoc.com.br\/2014\/index.php?rest_route=\/wp\/v2\/types\/page"}],"author":[{"embeddable":true,"href":"https:\/\/cachoeiradoc.com.br\/2014\/index.php?rest_route=\/wp\/v2\/users\/1"}],"replies":[{"embeddable":true,"href":"https:\/\/cachoeiradoc.com.br\/2014\/index.php?rest_route=%2Fwp%2Fv2%2Fcomments&post=150"}],"version-history":[{"count":3,"href":"https:\/\/cachoeiradoc.com.br\/2014\/index.php?rest_route=\/wp\/v2\/pages\/150\/revisions"}],"predecessor-version":[{"id":10112,"href":"https:\/\/cachoeiradoc.com.br\/2014\/index.php?rest_route=\/wp\/v2\/pages\/150\/revisions\/10112"}],"up":[{"embeddable":true,"href":"https:\/\/cachoeiradoc.com.br\/2014\/index.php?rest_route=\/wp\/v2\/pages\/252"}],"wp:attachment":[{"href":"https:\/\/cachoeiradoc.com.br\/2014\/index.php?rest_route=%2Fwp%2Fv2%2Fmedia&parent=150"}],"wp:term":[{"taxonomy":"category","embeddable":true,"href":"https:\/\/cachoeiradoc.com.br\/2014\/index.php?rest_route=%2Fwp%2Fv2%2Fcategories&post=150"},{"taxonomy":"post_tag","embeddable":true,"href":"https:\/\/cachoeiradoc.com.br\/2014\/index.php?rest_route=%2Fwp%2Fv2%2Ftags&post=150"}],"curies":[{"name":"wp","href":"https:\/\/api.w.org\/{rel}","templated":true}]}}