{"id":125,"date":"2014-08-02T11:32:33","date_gmt":"2014-08-02T14:32:33","guid":{"rendered":"https:\/\/cachoeiradoc.com.br\/2014\/?page_id=125"},"modified":"2014-08-03T16:35:17","modified_gmt":"2014-08-03T19:35:17","slug":"as-aguas","status":"publish","type":"page","link":"https:\/\/cachoeiradoc.com.br\/2014\/?page_id=125","title":{"rendered":"As \u00e1guas"},"content":{"rendered":"<p>Paran\u00e1, 2014, 10\u2019<br \/>\nDe Larissa Figueiredo<\/p>\n<p style=\"text-align: justify;\">As \u00e1guas, as casas, a noite, um fantasma. Sons e imagens documentais de um vilarejo na Tail\u00e2ndia d\u00e3o vida a esta hist\u00f3ria ficcional, inspirada por uma mistura entre contos tradicionais brasileiros e tailandeses.<\/p>\n<p>rafael@tuitamfilmes.com<\/p>\n","protected":false},"excerpt":{"rendered":"<p>Paran\u00e1, 2014, 10\u2019 De Larissa Figueiredo As \u00e1guas, as casas, a noite, um fantasma. Sons e imagens documentais de um vilarejo na Tail\u00e2ndia d\u00e3o vida a esta hist\u00f3ria ficcional, inspirada por uma mistura entre contos tradicionais brasileiros e tailandeses. rafael@tuitamfilmes.com<\/p>\n","protected":false},"author":1,"featured_media":0,"parent":252,"menu_order":0,"comment_status":"closed","ping_status":"closed","template":"","meta":[],"categories":[],"tags":[],"_links":{"self":[{"href":"https:\/\/cachoeiradoc.com.br\/2014\/index.php?rest_route=\/wp\/v2\/pages\/125"}],"collection":[{"href":"https:\/\/cachoeiradoc.com.br\/2014\/index.php?rest_route=\/wp\/v2\/pages"}],"about":[{"href":"https:\/\/cachoeiradoc.com.br\/2014\/index.php?rest_route=\/wp\/v2\/types\/page"}],"author":[{"embeddable":true,"href":"https:\/\/cachoeiradoc.com.br\/2014\/index.php?rest_route=\/wp\/v2\/users\/1"}],"replies":[{"embeddable":true,"href":"https:\/\/cachoeiradoc.com.br\/2014\/index.php?rest_route=%2Fwp%2Fv2%2Fcomments&post=125"}],"version-history":[{"count":4,"href":"https:\/\/cachoeiradoc.com.br\/2014\/index.php?rest_route=\/wp\/v2\/pages\/125\/revisions"}],"predecessor-version":[{"id":10066,"href":"https:\/\/cachoeiradoc.com.br\/2014\/index.php?rest_route=\/wp\/v2\/pages\/125\/revisions\/10066"}],"up":[{"embeddable":true,"href":"https:\/\/cachoeiradoc.com.br\/2014\/index.php?rest_route=\/wp\/v2\/pages\/252"}],"wp:attachment":[{"href":"https:\/\/cachoeiradoc.com.br\/2014\/index.php?rest_route=%2Fwp%2Fv2%2Fmedia&parent=125"}],"wp:term":[{"taxonomy":"category","embeddable":true,"href":"https:\/\/cachoeiradoc.com.br\/2014\/index.php?rest_route=%2Fwp%2Fv2%2Fcategories&post=125"},{"taxonomy":"post_tag","embeddable":true,"href":"https:\/\/cachoeiradoc.com.br\/2014\/index.php?rest_route=%2Fwp%2Fv2%2Ftags&post=125"}],"curies":[{"name":"wp","href":"https:\/\/api.w.org\/{rel}","templated":true}]}}