{"id":10410,"date":"2014-08-23T20:55:37","date_gmt":"2014-08-23T23:55:37","guid":{"rendered":"https:\/\/cachoeiradoc.com.br\/2014\/?page_id=10410"},"modified":"2014-08-23T21:13:30","modified_gmt":"2014-08-24T00:13:30","slug":"sessoes-especiais","status":"publish","type":"page","link":"https:\/\/cachoeiradoc.com.br\/2014\/?page_id=10410","title":{"rendered":"Sess\u00f5es Especiais"},"content":{"rendered":"<div class=\"panel-grid\" id=\"pg-10410-0\"><div class=\"panel-grid-core\"><div class=\"panel-grid-cell\" id=\"pgc-10410-0-0\" ><p style=\"text-align: justify;\"><b>A FAM\u00cdLIA DE ELIZABETH TEIXEIRA<br \/><\/b><i style=\"font-size: 14px; line-height: 1.5em;\">Brasil, 2014, 65\u2019<br \/><\/i>De Eduardo Coutinho<br \/>Dia 03\/09, \u00e0s 14h<\/p>\n<p style=\"text-align: justify;\">Ap\u00f3s um primeiro encontro em 1964 interrompido pela ditadura militar e uma nova visita no in\u00edcio da d\u00e9cada de 1980 para finalizar o filme \u201cCabra Marcado Para Morrer\u201d, o diretor Eduardo Coutinho encontra mais uma vez Elizabeth Teixeira, sobrevivente das lutas camponesas, agora com 88 anos.<\/p>\n<p style=\"text-align: justify;\"><b>DOMINGUINHOS<br \/><\/b><i>Brasil, 2013, 88\u2019<br \/><\/i>De Mariana Aydar, Eduardo Nazarian, Joaquim Castro<br \/>Dia 07\/09, \u00e0s 19h30, na Pra\u00e7a Teixeira de Freitas<\/p>\n<p style=\"text-align: justify;\">Um retrato do sanfoneiro, cantor e compositor Dominguinhos (1941 - 2013), disc\u00edpulo de Luiz Gonzaga e autor de sucessos como \"Eu S\u00f3 Quero um Xod\u00f3\", \"Gostoso Demais\", \"De Volta Pro Aconchego\" e \"Lamento Sertanejo\". Sua obra revive em imagens de arquivo, derramando uma hist\u00f3ria que se multiplica em sons, versos e beleza.<\/p>\n<p style=\"text-align: justify;\"><b>J\u00c1 VISTO, JAMAIS VISTO<br \/><\/b><i>Brasil, 2013, 54\u2019<br \/><\/i>De Andrea Tonacci<br \/>Dia 07\/09, \u00e0s 14h<\/p>\n<p style=\"text-align: justify;\">Uma fic\u00e7\u00e3o afetiva, um percurso de inven\u00e7\u00e3o, um di\u00e1logo visual entre mem\u00f3rias e sentimentos do autor a partir de imagens de sua fam\u00edlia, amigos, paix\u00f5es, pinturas e viagens, que filmou e guardou ao longo de mais de 40 anos de atividade cinematogr\u00e1fica. Segmentos de filmes realizados, de vida pessoal, fragmentos de filmes esbo\u00e7ados, nunca revistos nem editados.<\/p>\n<p>\u00a0<\/p><\/div><\/div><\/div>","protected":false},"excerpt":{"rendered":"<p>A FAM\u00cdLIA DE ELIZABETH TEIXEIRABrasil, 2014, 65\u2019De Eduardo CoutinhoDia 03\/09, \u00e0s 14h Ap\u00f3s um primeiro encontro em 1964 interrompido pela ditadura militar e uma nova visita no in\u00edcio da d\u00e9cada de 1980 para finalizar o filme \u201cCabra Marcado Para Morrer\u201d, o diretor Eduardo Coutinho encontra mais uma vez Elizabeth Teixeira, sobrevivente das lutas camponesas, agora [&hellip;]<\/p>\n","protected":false},"author":1,"featured_media":0,"parent":0,"menu_order":0,"comment_status":"closed","ping_status":"closed","template":"","meta":[],"categories":[],"tags":[],"_links":{"self":[{"href":"https:\/\/cachoeiradoc.com.br\/2014\/index.php?rest_route=\/wp\/v2\/pages\/10410"}],"collection":[{"href":"https:\/\/cachoeiradoc.com.br\/2014\/index.php?rest_route=\/wp\/v2\/pages"}],"about":[{"href":"https:\/\/cachoeiradoc.com.br\/2014\/index.php?rest_route=\/wp\/v2\/types\/page"}],"author":[{"embeddable":true,"href":"https:\/\/cachoeiradoc.com.br\/2014\/index.php?rest_route=\/wp\/v2\/users\/1"}],"replies":[{"embeddable":true,"href":"https:\/\/cachoeiradoc.com.br\/2014\/index.php?rest_route=%2Fwp%2Fv2%2Fcomments&post=10410"}],"version-history":[{"count":2,"href":"https:\/\/cachoeiradoc.com.br\/2014\/index.php?rest_route=\/wp\/v2\/pages\/10410\/revisions"}],"predecessor-version":[{"id":10418,"href":"https:\/\/cachoeiradoc.com.br\/2014\/index.php?rest_route=\/wp\/v2\/pages\/10410\/revisions\/10418"}],"wp:attachment":[{"href":"https:\/\/cachoeiradoc.com.br\/2014\/index.php?rest_route=%2Fwp%2Fv2%2Fmedia&parent=10410"}],"wp:term":[{"taxonomy":"category","embeddable":true,"href":"https:\/\/cachoeiradoc.com.br\/2014\/index.php?rest_route=%2Fwp%2Fv2%2Fcategories&post=10410"},{"taxonomy":"post_tag","embeddable":true,"href":"https:\/\/cachoeiradoc.com.br\/2014\/index.php?rest_route=%2Fwp%2Fv2%2Ftags&post=10410"}],"curies":[{"name":"wp","href":"https:\/\/api.w.org\/{rel}","templated":true}]}}