{"id":10304,"date":"2014-08-19T22:29:31","date_gmt":"2014-08-20T01:29:31","guid":{"rendered":"https:\/\/cachoeiradoc.com.br\/2014\/?page_id=10304"},"modified":"2014-08-22T21:49:49","modified_gmt":"2014-08-23T00:49:49","slug":"exculturas","status":"publish","type":"page","link":"https:\/\/cachoeiradoc.com.br\/2014\/?page_id=10304","title":{"rendered":"Exculturas"},"content":{"rendered":"<div class=\"panel-grid\" id=\"pg-10304-0\"><div class=\"panel-grid-core\"><div class=\"panel-grid-cell\" id=\"pgc-10304-0-0\" ><p><i>Bahia, 2014, 5\u2019<br \/><\/i>De Emerson Santos<br \/>Dia 03\/09, \u00e0s 10h<\/p>\n<p style=\"text-align: justify;\">Revisitando as experi\u00eancias das Sinfonias Urbanas dos anos 20, \u201cExculturas\u201d utiliza como mat\u00e9ria-prima imagens captadas originalmente das cidades de Cachoeira e S\u00e3o F\u00e9lix, situadas na regi\u00e3o do Rec\u00f4ncavo baiano. O filme n\u00e3o pretende sintetizar as duas cidades: trata-se apenas de um breve ensaio visual sobre os seus objetos hist\u00f3ricos e culturais.<\/p><\/div><\/div><\/div>","protected":false},"excerpt":{"rendered":"<p>Bahia, 2014, 5\u2019De Emerson SantosDia 03\/09, \u00e0s 10h Revisitando as experi\u00eancias das Sinfonias Urbanas dos anos 20, \u201cExculturas\u201d utiliza como mat\u00e9ria-prima imagens captadas originalmente das cidades de Cachoeira e S\u00e3o F\u00e9lix, situadas na regi\u00e3o do Rec\u00f4ncavo baiano. O filme n\u00e3o pretende sintetizar as duas cidades: trata-se apenas de um breve ensaio visual sobre os seus [&hellip;]<\/p>\n","protected":false},"author":1,"featured_media":0,"parent":79,"menu_order":0,"comment_status":"closed","ping_status":"closed","template":"","meta":[],"categories":[],"tags":[],"_links":{"self":[{"href":"https:\/\/cachoeiradoc.com.br\/2014\/index.php?rest_route=\/wp\/v2\/pages\/10304"}],"collection":[{"href":"https:\/\/cachoeiradoc.com.br\/2014\/index.php?rest_route=\/wp\/v2\/pages"}],"about":[{"href":"https:\/\/cachoeiradoc.com.br\/2014\/index.php?rest_route=\/wp\/v2\/types\/page"}],"author":[{"embeddable":true,"href":"https:\/\/cachoeiradoc.com.br\/2014\/index.php?rest_route=\/wp\/v2\/users\/1"}],"replies":[{"embeddable":true,"href":"https:\/\/cachoeiradoc.com.br\/2014\/index.php?rest_route=%2Fwp%2Fv2%2Fcomments&post=10304"}],"version-history":[{"count":2,"href":"https:\/\/cachoeiradoc.com.br\/2014\/index.php?rest_route=\/wp\/v2\/pages\/10304\/revisions"}],"predecessor-version":[{"id":10376,"href":"https:\/\/cachoeiradoc.com.br\/2014\/index.php?rest_route=\/wp\/v2\/pages\/10304\/revisions\/10376"}],"up":[{"embeddable":true,"href":"https:\/\/cachoeiradoc.com.br\/2014\/index.php?rest_route=\/wp\/v2\/pages\/79"}],"wp:attachment":[{"href":"https:\/\/cachoeiradoc.com.br\/2014\/index.php?rest_route=%2Fwp%2Fv2%2Fmedia&parent=10304"}],"wp:term":[{"taxonomy":"category","embeddable":true,"href":"https:\/\/cachoeiradoc.com.br\/2014\/index.php?rest_route=%2Fwp%2Fv2%2Fcategories&post=10304"},{"taxonomy":"post_tag","embeddable":true,"href":"https:\/\/cachoeiradoc.com.br\/2014\/index.php?rest_route=%2Fwp%2Fv2%2Ftags&post=10304"}],"curies":[{"name":"wp","href":"https:\/\/api.w.org\/{rel}","templated":true}]}}