{"id":10227,"date":"2014-08-15T17:00:46","date_gmt":"2014-08-15T20:00:46","guid":{"rendered":"https:\/\/cachoeiradoc.com.br\/2014\/?page_id=10227"},"modified":"2014-08-22T21:54:53","modified_gmt":"2014-08-23T00:54:53","slug":"memorias-de-xangai","status":"publish","type":"page","link":"https:\/\/cachoeiradoc.com.br\/2014\/?page_id=10227","title":{"rendered":"Mem\u00f3rias de Xangai"},"content":{"rendered":"<div class=\"panel-grid\" id=\"pg-10227-0\"><div class=\"panel-grid-core\"><div class=\"panel-grid-cell\" id=\"pgc-10227-0-0\" ><p><em>Hai shang chuan qi \/ I wish I knew<\/em><br \/>China, 2010, 125\u00b4<br \/>De Jia Zhangke<br \/>Dia 7\/09, 14h<\/p>\n<p>Desde 1930, a megal\u00f3pole chinesa Xangai sofreu diversas transforma\u00e7\u00f5es, incluindo revolu\u00e7\u00f5es pol\u00edticas e culturais, assassinatos e fluxos migrat\u00f3rios. Dezoito pessoas relembram epis\u00f3dios de suas vidas nessa cidade.<\/p>\n<p><iframe src=\"\/\/www.youtube.com\/embed\/7yE5RQ0ojkk?rel=0\" height=\"315\" width=\"420\" allowfullscreen=\"\" frameborder=\"0\"><\/iframe><\/p><\/div><\/div><\/div>","protected":false},"excerpt":{"rendered":"<p>Hai shang chuan qi \/ I wish I knewChina, 2010, 125\u00b4De Jia ZhangkeDia 7\/09, 14h Desde 1930, a megal\u00f3pole chinesa Xangai sofreu diversas transforma\u00e7\u00f5es, incluindo revolu\u00e7\u00f5es pol\u00edticas e culturais, assassinatos e fluxos migrat\u00f3rios. Dezoito pessoas relembram epis\u00f3dios de suas vidas nessa cidade.<\/p>\n","protected":false},"author":1,"featured_media":0,"parent":0,"menu_order":0,"comment_status":"closed","ping_status":"closed","template":"","meta":[],"categories":[],"tags":[],"_links":{"self":[{"href":"https:\/\/cachoeiradoc.com.br\/2014\/index.php?rest_route=\/wp\/v2\/pages\/10227"}],"collection":[{"href":"https:\/\/cachoeiradoc.com.br\/2014\/index.php?rest_route=\/wp\/v2\/pages"}],"about":[{"href":"https:\/\/cachoeiradoc.com.br\/2014\/index.php?rest_route=\/wp\/v2\/types\/page"}],"author":[{"embeddable":true,"href":"https:\/\/cachoeiradoc.com.br\/2014\/index.php?rest_route=\/wp\/v2\/users\/1"}],"replies":[{"embeddable":true,"href":"https:\/\/cachoeiradoc.com.br\/2014\/index.php?rest_route=%2Fwp%2Fv2%2Fcomments&post=10227"}],"version-history":[{"count":3,"href":"https:\/\/cachoeiradoc.com.br\/2014\/index.php?rest_route=\/wp\/v2\/pages\/10227\/revisions"}],"predecessor-version":[{"id":10230,"href":"https:\/\/cachoeiradoc.com.br\/2014\/index.php?rest_route=\/wp\/v2\/pages\/10227\/revisions\/10230"}],"wp:attachment":[{"href":"https:\/\/cachoeiradoc.com.br\/2014\/index.php?rest_route=%2Fwp%2Fv2%2Fmedia&parent=10227"}],"wp:term":[{"taxonomy":"category","embeddable":true,"href":"https:\/\/cachoeiradoc.com.br\/2014\/index.php?rest_route=%2Fwp%2Fv2%2Fcategories&post=10227"},{"taxonomy":"post_tag","embeddable":true,"href":"https:\/\/cachoeiradoc.com.br\/2014\/index.php?rest_route=%2Fwp%2Fv2%2Ftags&post=10227"}],"curies":[{"name":"wp","href":"https:\/\/api.w.org\/{rel}","templated":true}]}}