{"id":10018,"date":"2014-08-03T14:07:16","date_gmt":"2014-08-03T17:07:16","guid":{"rendered":"https:\/\/cachoeiradoc.com.br\/2014\/?page_id=10018"},"modified":"2014-08-15T17:11:44","modified_gmt":"2014-08-15T20:11:44","slug":"mostra-jia-zhangke-2","status":"publish","type":"page","link":"https:\/\/cachoeiradoc.com.br\/2014\/?page_id=10018","title":{"rendered":"Mostra Jia Zhangke"},"content":{"rendered":"<div class=\"panel-grid\" id=\"pg-10018-0\"><div class=\"panel-grid-core\"><div class=\"panel-grid-cell\" id=\"pgc-10018-0-0\" ><p style=\"text-align: justify;\">\u00a0<\/p>\n<p style=\"text-align: right;\" align=\"right\"><strong>Feito Leite Derramado Sobre a Pedra: o cinema de Jia Zhangke<br \/>Por Isaac Pipano<i><br \/><br \/><\/i><\/strong><i>Conhe\u00e7a o mundo sem jamais deixar Pequim<\/i><strong><i><br \/><\/i><\/strong>slogan do parque tem\u00e1tico do filme\u00a0<i>O Mundo\u00a0<\/i>(2004)<\/p>\n<p style=\"text-align: justify;\" align=\"right\">H\u00e1 uma China que nos chega por toda parte. Nas chamadas dos jornais das oito, nas not\u00edcias dos peri\u00f3dicos di\u00e1rios, pelos document\u00e1rios da\u00a0<i>Discovery<\/i>, atrav\u00e9s do n\u00famero de registro impresso nos eletr\u00f4nicos que invadem as galerias dos shoppings, camel\u00f4s e o\u00a0<i>Mercado Livre<\/i>. Em larga medida, podemos aproximar os filmes de Jia Zhangke muito mais a essa China do que a certa tradi\u00e7\u00e3o cinematogr\u00e1fica chinesa que durante d\u00e9cadas dominou os cinemas ocidentais. N\u00e3o no que concerne \u00e0 forma ou ao modo como o pa\u00eds est\u00e1 sendo colocado em jogo pelos arranjos financeiros ou pela linguagem, mas sobretudo por estarem frequentemente ligados \u00e0 ordem dos acontecimentos, como cronicidade, fundidos na vida cotidiana. Reveladores de uma face renunciada pelo tradicional cinema chin\u00eas, os filmes de Jia Zhangke cont\u00eam o pa\u00eds como lugar de produ\u00e7\u00e3o desprendido de certos moldes de g\u00eaneros e conven\u00e7\u00f5es estil\u00edsticas e tem\u00e1ticas filiadas \u00e0s concep\u00e7\u00f5es din\u00e1sticas. Se a tradi\u00e7\u00e3o est\u00e1 presente, \u00e9 no modo como se d\u00e1 no choque com a intensa moderniza\u00e7\u00e3o, no seio de um pa\u00eds onde as consequ\u00eancias da negocia\u00e7\u00e3o entre a progressiva ocidentaliza\u00e7\u00e3o dos costumes e a parasitagem do capital estrangeiro vem gerando um estado de coisas de constante varia\u00e7\u00e3o: lugar de passagem dos corpos, dos tempos e dos espa\u00e7os.<\/p>\n<p style=\"text-align: right;\">[...]<\/p>\n<p style=\"text-align: right;\"><a href=\"ttp:\/\/cachoeiradoc.com.br\/2014\/?page_id=10213\">Leia o texto de Isaac Pipano completo<\/a> \u00a0<\/p>\n<p style=\"text-align: justify;\"><strong>Filmes:<\/strong><\/p>\n<p style=\"text-align: justify;\"><strong><a href=\"https:\/\/cachoeiradoc.com.br\/2014\/?page_id=10221\">Dong<\/a><br \/><\/strong>China, 2006, 66\u00b4<br \/>De Jia Zhangke<br \/>Dia 4\/09, \u00e0s 10h<\/p>\n<p style=\"text-align: justify;\"><strong><a href=\"https:\/\/cachoeiradoc.com.br\/2014\/?page_id=10224\">In\u00fatil \/ Wuyong \/ Useless<\/a><br \/><\/strong>China, 2007, 80\u00b4<br \/>De Jia Zhangke<br \/>Dia 05\/09, \u00e0s 11h<\/p>\n<p style=\"text-align: justify;\"><a href=\"https:\/\/cachoeiradoc.com.br\/2014\/?page_id=10227\">\u00a0<\/a><strong><a href=\"https:\/\/cachoeiradoc.com.br\/2014\/?page_id=10227\">Mem\u00f3rias de Xangai \/ Hai shang chuan qi \/ I wish I knew<\/a><br \/><\/strong>China, 2010, 125\u00b4<br \/>De Jia Zhangke<br \/>Dia 06\/09, \u00e0s 14h<\/p>\n<p style=\"text-align: justify;\"><strong><a href=\"https:\/\/cachoeiradoc.com.br\/2014\/?page_id=10233\">24 City \/ Er shi si cheng ji<\/a><br \/><\/strong>China, 2008, 107\u00b4<br \/>De Jia Zhangke<br \/>Dia 06\/09, \u00e0s 19h30<\/p>\n<p style=\"text-align: justify;\">\u00a0<\/p><\/div><\/div><\/div>","protected":false},"excerpt":{"rendered":"<p>\u00a0 Feito Leite Derramado Sobre a Pedra: o cinema de Jia ZhangkePor Isaac PipanoConhe\u00e7a o mundo sem jamais deixar Pequimslogan do parque tem\u00e1tico do filme\u00a0O Mundo\u00a0(2004) H\u00e1 uma China que nos chega por toda parte. Nas chamadas dos jornais das oito, nas not\u00edcias dos peri\u00f3dicos di\u00e1rios, pelos document\u00e1rios da\u00a0Discovery, atrav\u00e9s do n\u00famero de registro impresso [&hellip;]<\/p>\n","protected":false},"author":1,"featured_media":0,"parent":0,"menu_order":0,"comment_status":"closed","ping_status":"closed","template":"","meta":[],"categories":[],"tags":[],"_links":{"self":[{"href":"https:\/\/cachoeiradoc.com.br\/2014\/index.php?rest_route=\/wp\/v2\/pages\/10018"}],"collection":[{"href":"https:\/\/cachoeiradoc.com.br\/2014\/index.php?rest_route=\/wp\/v2\/pages"}],"about":[{"href":"https:\/\/cachoeiradoc.com.br\/2014\/index.php?rest_route=\/wp\/v2\/types\/page"}],"author":[{"embeddable":true,"href":"https:\/\/cachoeiradoc.com.br\/2014\/index.php?rest_route=\/wp\/v2\/users\/1"}],"replies":[{"embeddable":true,"href":"https:\/\/cachoeiradoc.com.br\/2014\/index.php?rest_route=%2Fwp%2Fv2%2Fcomments&post=10018"}],"version-history":[{"count":10,"href":"https:\/\/cachoeiradoc.com.br\/2014\/index.php?rest_route=\/wp\/v2\/pages\/10018\/revisions"}],"predecessor-version":[{"id":10235,"href":"https:\/\/cachoeiradoc.com.br\/2014\/index.php?rest_route=\/wp\/v2\/pages\/10018\/revisions\/10235"}],"wp:attachment":[{"href":"https:\/\/cachoeiradoc.com.br\/2014\/index.php?rest_route=%2Fwp%2Fv2%2Fmedia&parent=10018"}],"wp:term":[{"taxonomy":"category","embeddable":true,"href":"https:\/\/cachoeiradoc.com.br\/2014\/index.php?rest_route=%2Fwp%2Fv2%2Fcategories&post=10018"},{"taxonomy":"post_tag","embeddable":true,"href":"https:\/\/cachoeiradoc.com.br\/2014\/index.php?rest_route=%2Fwp%2Fv2%2Ftags&post=10018"}],"curies":[{"name":"wp","href":"https:\/\/api.w.org\/{rel}","templated":true}]}}