{"id":587,"date":"2013-08-24T09:25:47","date_gmt":"2013-08-24T12:25:47","guid":{"rendered":"http:\/\/cachoeiradoc.com.br\/2013\/?page_id=587"},"modified":"2013-08-30T10:21:27","modified_gmt":"2013-08-30T13:21:27","slug":"programacao-por-mostras","status":"publish","type":"page","link":"https:\/\/cachoeiradoc.com.br\/2013\/?page_id=587","title":{"rendered":"Programa\u00e7\u00e3o por mostras"},"content":{"rendered":"<p><a href=\"http:\/\/cachoeiradoc.com.br\/2013\/?page_id=322\">Mostra Competitiva &#8211; Longas<\/a><br \/>\n<a href=\"http:\/\/cachoeiradoc.com.br\/2013\/?page_id=325\">Mostra Competitiva &#8211; Curtas<\/a><br \/>\n<a href=\"http:\/\/cachoeiradoc.com.br\/2013\/?page_id=283\">Mostra \u00c1fricas: filmes de regresso e quest\u00f5es \u00e0 terra natal<\/a><br \/>\n<a href=\"http:\/\/cachoeiradoc.com.br\/2013\/?page_id=312\">Mostra Cl\u00e1ssicos do Real: homenagem a Alexandre Robatto<\/a><br \/>\n<a href=\"http:\/\/cachoeiradoc.com.br\/2013\/?page_id=590\">Mostra Cinema na Real<\/a><br \/>\n<a href=\"http:\/\/cachoeiradoc.com.br\/2013\/?page_id=486\">Mostra Rec\u00f4ncavo<\/a><br \/>\n<a href=\"http:\/\/cachoeiradoc.com.br\/2013\/?page_id=512\">Sess\u00f5es Especiais<br \/>\n<\/a><a href=\"http:\/\/cachoeiradoc.com.br\/2013\/?page_id=615\">Sess\u00e3o Videoclipe no Rec\u00f4ncavo<\/a><\/p>\n","protected":false},"excerpt":{"rendered":"<p>Mostra Competitiva &#8211; Longas Mostra Competitiva &#8211; Curtas Mostra \u00c1fricas: filmes de regresso e quest\u00f5es \u00e0 terra natal Mostra Cl\u00e1ssicos do Real: homenagem a Alexandre Robatto Mostra Cinema na Real Mostra Rec\u00f4ncavo Sess\u00f5es Especiais Sess\u00e3o Videoclipe no Rec\u00f4ncavo<\/p>\n","protected":false},"author":1,"featured_media":0,"parent":0,"menu_order":0,"comment_status":"open","ping_status":"open","template":"","meta":[],"_links":{"self":[{"href":"https:\/\/cachoeiradoc.com.br\/2013\/index.php?rest_route=\/wp\/v2\/pages\/587"}],"collection":[{"href":"https:\/\/cachoeiradoc.com.br\/2013\/index.php?rest_route=\/wp\/v2\/pages"}],"about":[{"href":"https:\/\/cachoeiradoc.com.br\/2013\/index.php?rest_route=\/wp\/v2\/types\/page"}],"author":[{"embeddable":true,"href":"https:\/\/cachoeiradoc.com.br\/2013\/index.php?rest_route=\/wp\/v2\/users\/1"}],"replies":[{"embeddable":true,"href":"https:\/\/cachoeiradoc.com.br\/2013\/index.php?rest_route=%2Fwp%2Fv2%2Fcomments&post=587"}],"version-history":[{"count":3,"href":"https:\/\/cachoeiradoc.com.br\/2013\/index.php?rest_route=\/wp\/v2\/pages\/587\/revisions"}],"predecessor-version":[{"id":621,"href":"https:\/\/cachoeiradoc.com.br\/2013\/index.php?rest_route=\/wp\/v2\/pages\/587\/revisions\/621"}],"wp:attachment":[{"href":"https:\/\/cachoeiradoc.com.br\/2013\/index.php?rest_route=%2Fwp%2Fv2%2Fmedia&parent=587"}],"curies":[{"name":"wp","href":"https:\/\/api.w.org\/{rel}","templated":true}]}}