{"id":512,"date":"2013-08-20T09:06:18","date_gmt":"2013-08-20T12:06:18","guid":{"rendered":"http:\/\/cachoeiradoc.com.br\/2013\/?page_id=512"},"modified":"2013-08-31T20:21:18","modified_gmt":"2013-08-31T23:21:18","slug":"sessoes-especiais","status":"publish","type":"page","link":"https:\/\/cachoeiradoc.com.br\/2013\/?page_id=512","title":{"rendered":"Sess\u00f5es especiais"},"content":{"rendered":"<p style=\"text-align: center;\"><img class=\"alignleft  wp-image-513\" alt=\"03\" src=\"http:\/\/cachoeiradoc.com.br\/2013\/wp-content\/uploads\/2013\/08\/031-150x150.jpg\" width=\"300\" \/><img class=\"alignright  wp-image-516\" alt=\"tao longe eh aqui\" src=\"http:\/\/cachoeiradoc.com.br\/2013\/wp-content\/uploads\/2013\/08\/tao-longe-eh-aqui1-150x150.jpg\" width=\"300\" \/><a href=\"http:\/\/cachoeiradoc.com.br\/2013\/wp-content\/uploads\/2013\/08\/omestreeodivino1.jpg\"><img class=\"alignnone  wp-image-515\" alt=\"omestreeodivino\" src=\"http:\/\/cachoeiradoc.com.br\/2013\/wp-content\/uploads\/2013\/08\/omestreeodivino1-150x150.jpg\" width=\"300\" \/><\/a><\/p>\n<p style=\"text-align: justify;\"><span style=\"font-size: 13px; line-height: 19px;\">Estas sess\u00f5es trazem filmes atuais, a maioria deles in\u00e9ditos na Bahia, que tratam de temas instigantes e\/ou possuem abordagem inventiva.<\/span><\/p>\n<p style=\"text-align: justify;\"><strong>A Batalha do Passinho<\/strong> (Rio de Janeiro, 2012, 75min.)<br \/>\nDe Em\u00edlio Domingos<br \/>\nDia 05\/09, \u00e0s 14h<\/p>\n<p style=\"text-align: justify;\">Quando o v\u00eddeo Passinho Foda atingiu 4 milh\u00f5es de acessos no YouTube, Bei\u00e7ola e seus amigos se surpreenderam. Gravado com uma c\u00e2mera fotogr\u00e1fica digital num churrasco no quintal da casa, o v\u00eddeo mostrava uma nova forma de dan\u00e7ar funk. Em menos de uma semana, tinha virado febre na internet. Um fen\u00f4meno que revela como a cultura do funk se expandiu para al\u00e9m dos bailes, DJs e favelas.<\/p>\n<p><strong>T\u00e3o Longe \u00e9 Aqui<\/strong> (S\u00e3o Paulo, 2013, 74min.) &#8211; <strong>Premiere<\/strong><br \/>\nDe Eliza Capai<br \/>\nDia 07\/09, \u00e0s 16h30<\/p>\n<p style=\"text-align: justify;\">A partir de mem\u00f3rias guardadas de uma longa viagem, uma carta \u00e9 enviada para o futuro. Sozinha, longe de casa e \u00e0s v\u00e9speras de completar 30 anos, uma brasileira parte em uma jornada pela \u00c1frica. Na carta para sua filha, ela conta dos encontros com mulheres que vivem em suas culturas e tempos. Um di\u00e1rio, um road movie e um convite a todas as pessoas que lideram seus pr\u00f3prios caminhos.<\/p>\n<p><strong>O mestre e o divino<\/strong> (Pernambuco, 2013, 83min.)\u00a0&#8211;\u00a0<strong>Premiere<\/strong><br \/>\nDe Tiago Campos<br \/>\nDia 04\/09, \u00e0s 14h<\/p>\n<p style=\"text-align: justify;\">Dois cineastas retratam a vida na aldeia e na miss\u00e3o de Sangradouro, Mato Grosso: Adalbert Heide, um exc\u00eantrico mission\u00e1rio Alem\u00e3o, que logo depois do contato com os \u00edndios, em 1957 come\u00e7a a filmar com sua c\u00e2mera Super-8; e Divino Tserewahu, jovem cineasta Xavante, que produz filmes para a televis\u00e3o e festivais de cinema desde os anos 90. Entre cumplicidade, competi\u00e7\u00e3o, ironia e emo\u00e7\u00e3o, eles d\u00e3o vida aos seus registros hist\u00f3ricos, revelando bastidores bem peculiares da catequiza\u00e7\u00e3o ind\u00edgena no Brasil&#8230;<\/p>\n<p><strong>Rabeca <\/strong>( Bahia, 2013, 71 min.) &#8211;<strong> Work in Progress<\/strong><br \/>\nDe Caetano Dias<br \/>\nDia 07\/09, \u00e0s 20h<\/p>\n<p style=\"text-align: justify;\">Eder Fersant, jovem m\u00fasico radicado na Bahia, em uma viagem de Irec\u00ea \u00e0 Correntina, revela os mitos regionais, os personagens, os sons e a riqueza cultural do sert\u00e3o nordestino, apresentando cruamente o desaparecimento da tradi\u00e7\u00e3o dos mestres rabequeiros. A Rabeca, instrumento que acompanha o m\u00fasico durante a viagem, \u00e9 utilizada como elemento de liga\u00e7\u00e3o entre os personagens no filme. O foco da narrativa nos conduz \u00e0 hist\u00f3ria de personagens como Dona Dominga da Rabeca, octogen\u00e1ria e mestre rabequeira.<\/p>\n","protected":false},"excerpt":{"rendered":"<p>Estas sess\u00f5es trazem filmes atuais, a maioria deles in\u00e9ditos na Bahia, que tratam de temas instigantes e\/ou possuem abordagem inventiva. A Batalha do Passinho (Rio de Janeiro, 2012, 75min.) De Em\u00edlio Domingos Dia 05\/09, \u00e0s 14h Quando o v\u00eddeo Passinho Foda atingiu 4 milh\u00f5es de acessos no YouTube, Bei\u00e7ola e seus amigos se surpreenderam. Gravado [&hellip;]<\/p>\n","protected":false},"author":1,"featured_media":0,"parent":0,"menu_order":0,"comment_status":"open","ping_status":"open","template":"","meta":[],"_links":{"self":[{"href":"https:\/\/cachoeiradoc.com.br\/2013\/index.php?rest_route=\/wp\/v2\/pages\/512"}],"collection":[{"href":"https:\/\/cachoeiradoc.com.br\/2013\/index.php?rest_route=\/wp\/v2\/pages"}],"about":[{"href":"https:\/\/cachoeiradoc.com.br\/2013\/index.php?rest_route=\/wp\/v2\/types\/page"}],"author":[{"embeddable":true,"href":"https:\/\/cachoeiradoc.com.br\/2013\/index.php?rest_route=\/wp\/v2\/users\/1"}],"replies":[{"embeddable":true,"href":"https:\/\/cachoeiradoc.com.br\/2013\/index.php?rest_route=%2Fwp%2Fv2%2Fcomments&post=512"}],"version-history":[{"count":18,"href":"https:\/\/cachoeiradoc.com.br\/2013\/index.php?rest_route=\/wp\/v2\/pages\/512\/revisions"}],"predecessor-version":[{"id":650,"href":"https:\/\/cachoeiradoc.com.br\/2013\/index.php?rest_route=\/wp\/v2\/pages\/512\/revisions\/650"}],"wp:attachment":[{"href":"https:\/\/cachoeiradoc.com.br\/2013\/index.php?rest_route=%2Fwp%2Fv2%2Fmedia&parent=512"}],"curies":[{"name":"wp","href":"https:\/\/api.w.org\/{rel}","templated":true}]}}