{"id":482,"date":"2013-08-20T08:38:30","date_gmt":"2013-08-20T11:38:30","guid":{"rendered":"http:\/\/cachoeiradoc.com.br\/2013\/?page_id=482"},"modified":"2013-08-20T08:38:30","modified_gmt":"2013-08-20T11:38:30","slug":"coletivo-xareu","status":"publish","type":"page","link":"https:\/\/cachoeiradoc.com.br\/2013\/?page_id=482","title":{"rendered":"Coletivo Xar\u00e9u"},"content":{"rendered":"<p style=\"text-align: center;\"><a href=\"http:\/\/cachoeiradoc.com.br\/2013\/wp-content\/uploads\/2013\/08\/Xareu-01.jpg\"><img loading=\"lazy\" class=\"aligncenter size-large wp-image-483\" alt=\"Xareu 01\" src=\"http:\/\/cachoeiradoc.com.br\/2013\/wp-content\/uploads\/2013\/08\/Xareu-01-1024x577.jpg\" width=\"550\" height=\"309\" srcset=\"https:\/\/cachoeiradoc.com.br\/2013\/wp-content\/uploads\/2013\/08\/Xareu-01-1024x577.jpg 1024w, https:\/\/cachoeiradoc.com.br\/2013\/wp-content\/uploads\/2013\/08\/Xareu-01-300x169.jpg 300w\" sizes=\"(max-width: 550px) 100vw, 550px\" \/><\/a><\/p>\n<p style=\"text-align: center;\"><em>UM CARDUME \u00c1UDIO-IMAG\u00c9TICO:\u00a0Coletivo Xar\u00e9u, com base em Cachoeira e S\u00e3o F\u00e9lix (BA), associa live music e live video, em suas performances<\/em><\/p>\n<p style=\"text-align: justify;\">O Coletivo Xar\u00e9u estreou em abril de 2011, com a performance\u00a0<em>N\u00e3o me sinto mais uma pititinga<\/em>. O grupo nasceu daquela inquieta\u00e7\u00e3o permanente de artistas que gostam da experimenta\u00e7\u00e3o est\u00e9tica e queriam juntar for\u00e7as e forma\u00e7\u00f5es diferentes para criar um \u201ccardume\u201d audiovisual. O projeto envolve vj, dj, musica ac\u00fastica, el\u00e9trica e sint\u00e9tica\/eletr\u00f4nica, atuando dentro do conceito de arte sonora e visualidades, com experimenta\u00e7\u00f5es em tempo real, sem compromissos formais com estilos e g\u00eaneros musicais tradicionais.<\/p>\n<p style=\"text-align: justify;\">O Coletivo Xar\u00e9u, formado por Cl\u00e1udio Manoel (aka dj Angelis Sanctus), Danillo Barata, Fernando Rabelo e Jarbas J\u00e1come, professores dos cursos de Cinema e Audiovisual e Artes Visuais da UFRB, conceituam suas apresenta\u00e7\u00f5es como performance pois n\u00e3o geram produtos finais, mas processos em tempo real. \u201cFazemos uma esp\u00e9cie de streaming presencial, que pode, inclusive, ser veiculado pela rede digital em tempo real, j\u00e1 que nada fica, como produto, ap\u00f3s as apresenta\u00e7\u00f5es.\u00a0 O repert\u00f3rio do \u00e1udio e do visual, apesar de ter como base um bancos de dados previamente constru\u00eddos pelos 5 integrantes, s\u00e3o manipulados de forma diversa a cada apresenta\u00e7\u00e3o\u201d, explicam os artistas. \u201c\u00c9\u00a0<em>jam-audiovisual<\/em>\u201d, definem.<\/p>\n<p style=\"text-align: justify;\">Ir\u00e3o se apresentar no IV CachoeiraDoc no dia 05 de setembro, \u00e1s 22h ao lado do Cine Teatro Cachoeirano.<\/p>\n<p style=\"text-align: justify;\"><strong>Sobre os artistas:<\/strong><\/p>\n<p style=\"text-align: justify;\">&#8211; Cl\u00e1udio Manoel<\/p>\n<p style=\"text-align: justify;\">\u00c9 mestre em Comunica\u00e7\u00e3o e Cultura Contempor\u00e2nea, em Cibercultura (UFBA), professor dos Cursos de Cinema e Audiovisual e Artes Visuais da UFRB. Produtor Cultural, dj (aka Angelis Sanctus) e fundador do coletivo de e-music Pragatecno. Desde os anos 90, toca como dj de nujazz e house music, atuando com v\u00e1rios importantes nomes nacionais e sendo o \u00fanico dj do norte-nordeste convidado para tocar no SkolBeats 2004 (main stage), maior festival de m\u00fasica eletr\u00f4nica da America Latina. Integra ainda o grupo Linklivre\/CNPQ-UFRB, onde pesquisa sobre plataformas livres, comunica\u00e7\u00e3o, sons e imagens.<\/p>\n<p style=\"text-align: justify;\">&#8211; Danillo Barata<\/p>\n<p style=\"text-align: justify;\">Desenvolve pesquisa sobre a produ\u00e7\u00e3o contempor\u00e2nea com foco na performance, imagem e arte eletr\u00f4nica. Em sua trajet\u00f3ria art\u00edstica, trabalha com po\u00e9ticas que articulam o v\u00eddeo, arte eletr\u00f4nica, fotografia e cinema. Desde 2008 realiza projetos na Werkplaats Beeldende Kunst Vrije Academie no departamento de imagem da World Wide Visual Factory em Den Haag (Haia), Holanda. Em 2006, recebeu o pr\u00eamio aquisi\u00e7\u00e3o no 13\u00ba Sal\u00e3o do MAM- Bahia e em 2007 o Pr\u00eamio Videobrasil WBK Vrije Academie no 16\u00ba Festival Internacional de Arte Eletr\u00f4nica \u2013 Videobrasil.<\/p>\n<p style=\"text-align: justify;\">&#8211; Fernando Rabelo<\/p>\n<p style=\"text-align: justify;\">Graduado em Cinema de Anima\u00e7\u00e3o e Mestre em Arte e Tecnologia pela Universidade Federal de Minas Gerais \u2013 UFMG. Professor do Curso de Artes Visuais da Universidade Federal do Rec\u00f4ncavo da Bahia \u2013 UFRB e pesquisador do grupo LINKLIVRE. Participou de exibi\u00e7\u00f5es internacionais e nacionais, resid\u00eancias art\u00edsticas no Medialab \u2013 Madrid e Vrije Academie \u2013 Holanda. Foi ganhador do 8\u00ba pr\u00eamio Sergio Motta de Arte e Tecnologia e curador\/tutor da primeira vers\u00e3o do workshop internacional Interactivos\u201910 BH no Brasil.<\/p>\n<p style=\"text-align: justify;\">&#8211; Jarbas J\u00e1come<\/p>\n<p style=\"text-align: justify;\">M\u00fasico potiguar, mestre em Ci\u00eancia da Computa\u00e7\u00e3o pelo Cin-UFPE, pesquisando computa\u00e7\u00e3o gr\u00e1fica, computa\u00e7\u00e3o musical e sistemas interativos de tempo real para processamento audiovisual integrado. Artista premiado nacionalmente, com mostra de produtos no Brasil e exterior. \u00c9 professor do curso de Artes Visuais da UFRB. Criador do soft livre ViMus.<\/p>\n<p style=\"text-align: justify;\">\n","protected":false},"excerpt":{"rendered":"<p>UM CARDUME \u00c1UDIO-IMAG\u00c9TICO:\u00a0Coletivo Xar\u00e9u, com base em Cachoeira e S\u00e3o F\u00e9lix (BA), associa live music e live video, em suas performances O Coletivo Xar\u00e9u estreou em abril de 2011, com a performance\u00a0N\u00e3o me sinto mais uma pititinga. O grupo nasceu daquela inquieta\u00e7\u00e3o permanente de artistas que gostam da experimenta\u00e7\u00e3o est\u00e9tica e queriam juntar for\u00e7as e [&hellip;]<\/p>\n","protected":false},"author":1,"featured_media":0,"parent":0,"menu_order":0,"comment_status":"open","ping_status":"open","template":"","meta":[],"_links":{"self":[{"href":"https:\/\/cachoeiradoc.com.br\/2013\/index.php?rest_route=\/wp\/v2\/pages\/482"}],"collection":[{"href":"https:\/\/cachoeiradoc.com.br\/2013\/index.php?rest_route=\/wp\/v2\/pages"}],"about":[{"href":"https:\/\/cachoeiradoc.com.br\/2013\/index.php?rest_route=\/wp\/v2\/types\/page"}],"author":[{"embeddable":true,"href":"https:\/\/cachoeiradoc.com.br\/2013\/index.php?rest_route=\/wp\/v2\/users\/1"}],"replies":[{"embeddable":true,"href":"https:\/\/cachoeiradoc.com.br\/2013\/index.php?rest_route=%2Fwp%2Fv2%2Fcomments&post=482"}],"version-history":[{"count":1,"href":"https:\/\/cachoeiradoc.com.br\/2013\/index.php?rest_route=\/wp\/v2\/pages\/482\/revisions"}],"predecessor-version":[{"id":484,"href":"https:\/\/cachoeiradoc.com.br\/2013\/index.php?rest_route=\/wp\/v2\/pages\/482\/revisions\/484"}],"wp:attachment":[{"href":"https:\/\/cachoeiradoc.com.br\/2013\/index.php?rest_route=%2Fwp%2Fv2%2Fmedia&parent=482"}],"curies":[{"name":"wp","href":"https:\/\/api.w.org\/{rel}","templated":true}]}}