{"id":442,"date":"2013-08-16T08:18:25","date_gmt":"2013-08-16T11:18:25","guid":{"rendered":"http:\/\/cachoeiradoc.com.br\/2013\/?page_id=442"},"modified":"2013-08-31T20:15:57","modified_gmt":"2013-08-31T23:15:57","slug":"tao-longe-e-aqui","status":"publish","type":"page","link":"https:\/\/cachoeiradoc.com.br\/2013\/?page_id=442","title":{"rendered":"T\u00e3o Longe \u00e9 Aqui"},"content":{"rendered":"<pre><strong>T\u00e3o Longe \u00e9 Aqui<\/strong> (S\u00e3o Paulo, 2013, 74min.)\r\n De Eliza Capai\r\n Dia 07\/09, \u00e0s 16h30<\/pre>\n<p><a href=\"http:\/\/cachoeiradoc.com.br\/2013\/wp-content\/uploads\/2013\/08\/tao-longe-eh-aqui2.jpg\"><img loading=\"lazy\" class=\"aligncenter size-full wp-image-445\" alt=\"tao longe eh aqui2\" src=\"http:\/\/cachoeiradoc.com.br\/2013\/wp-content\/uploads\/2013\/08\/tao-longe-eh-aqui2.jpg\" width=\"425\" height=\"300\" srcset=\"https:\/\/cachoeiradoc.com.br\/2013\/wp-content\/uploads\/2013\/08\/tao-longe-eh-aqui2.jpg 425w, https:\/\/cachoeiradoc.com.br\/2013\/wp-content\/uploads\/2013\/08\/tao-longe-eh-aqui2-300x211.jpg 300w\" sizes=\"(max-width: 425px) 100vw, 425px\" \/><\/a><\/p>\n<p>Sinopse: A partir de mem\u00f3rias guardadas de uma longa viagem, uma carta \u00e9 enviada para o futuro. Sozinha, longe de casa e \u00e0s v\u00e9speras de completar 30 anos, uma brasileira parte em uma jornada pela \u00c1frica. Na carta para sua filha, ela conta dos encontros com mulheres que vivem em suas culturas e tempos. Um di\u00e1rio, um road movie e um convite a todas as pessoas que lideram seus pr\u00f3prios caminhos.<\/p>\n<p><center><iframe src=\"http:\/\/player.vimeo.com\/video\/65579750?title=0&amp;byline=0&amp;portrait=0&amp;color=ff9933\" height=\"281\" width=\"500\" allowfullscreen=\"\" frameborder=\"0\"><\/iframe><a href=\"http:\/\/vimeo.com\/65579750\">Trailer de T\u00e3o Longe \u00e9 Aqui<\/a> from <a href=\"http:\/\/vimeo.com\/elizacapai\">Eliza Capai<\/a> on <a href=\"https:\/\/vimeo.com\">Vimeo<\/a>.<\/center>&nbsp;<\/p>\n<p>&nbsp;<\/p>\n","protected":false},"excerpt":{"rendered":"<p>T\u00e3o Longe \u00e9 Aqui (S\u00e3o Paulo, 2013, 74min.) De Eliza Capai Dia 07\/09, \u00e0s 16h30 Sinopse: A partir de mem\u00f3rias guardadas de uma longa viagem, uma carta \u00e9 enviada para o futuro. Sozinha, longe de casa e \u00e0s v\u00e9speras de completar 30 anos, uma brasileira parte em uma jornada pela \u00c1frica. Na carta para sua [&hellip;]<\/p>\n","protected":false},"author":1,"featured_media":0,"parent":199,"menu_order":0,"comment_status":"open","ping_status":"open","template":"","meta":[],"_links":{"self":[{"href":"https:\/\/cachoeiradoc.com.br\/2013\/index.php?rest_route=\/wp\/v2\/pages\/442"}],"collection":[{"href":"https:\/\/cachoeiradoc.com.br\/2013\/index.php?rest_route=\/wp\/v2\/pages"}],"about":[{"href":"https:\/\/cachoeiradoc.com.br\/2013\/index.php?rest_route=\/wp\/v2\/types\/page"}],"author":[{"embeddable":true,"href":"https:\/\/cachoeiradoc.com.br\/2013\/index.php?rest_route=\/wp\/v2\/users\/1"}],"replies":[{"embeddable":true,"href":"https:\/\/cachoeiradoc.com.br\/2013\/index.php?rest_route=%2Fwp%2Fv2%2Fcomments&post=442"}],"version-history":[{"count":4,"href":"https:\/\/cachoeiradoc.com.br\/2013\/index.php?rest_route=\/wp\/v2\/pages\/442\/revisions"}],"predecessor-version":[{"id":648,"href":"https:\/\/cachoeiradoc.com.br\/2013\/index.php?rest_route=\/wp\/v2\/pages\/442\/revisions\/648"}],"up":[{"embeddable":true,"href":"https:\/\/cachoeiradoc.com.br\/2013\/index.php?rest_route=\/wp\/v2\/pages\/199"}],"wp:attachment":[{"href":"https:\/\/cachoeiradoc.com.br\/2013\/index.php?rest_route=%2Fwp%2Fv2%2Fmedia&parent=442"}],"curies":[{"name":"wp","href":"https:\/\/api.w.org\/{rel}","templated":true}]}}