{"id":424,"date":"2013-08-16T07:48:03","date_gmt":"2013-08-16T10:48:03","guid":{"rendered":"http:\/\/cachoeiradoc.com.br\/2013\/?page_id=424"},"modified":"2013-08-16T07:48:03","modified_gmt":"2013-08-16T10:48:03","slug":"os-dias-com-ele","status":"publish","type":"page","link":"https:\/\/cachoeiradoc.com.br\/2013\/?page_id=424","title":{"rendered":"Os dias com ele"},"content":{"rendered":"<pre><strong>Os dias com ele<\/strong>\u00a0(S\u00e3o Paulo, 2013, 107 min.)\r\nDe Maria Clara Escobar\r\nDia 06\/09, \u00e0s 19h30<\/pre>\n<p style=\"text-align: justify;\"><a href=\"http:\/\/cachoeiradoc.com.br\/2013\/wp-content\/uploads\/2013\/08\/odce_1.jpg\"><img loading=\"lazy\" class=\"aligncenter size-large wp-image-425\" alt=\"odce_1\" src=\"http:\/\/cachoeiradoc.com.br\/2013\/wp-content\/uploads\/2013\/08\/odce_1-1024x682.jpg\" width=\"550\" height=\"366\" srcset=\"https:\/\/cachoeiradoc.com.br\/2013\/wp-content\/uploads\/2013\/08\/odce_1-1024x682.jpg 1024w, https:\/\/cachoeiradoc.com.br\/2013\/wp-content\/uploads\/2013\/08\/odce_1-300x199.jpg 300w, https:\/\/cachoeiradoc.com.br\/2013\/wp-content\/uploads\/2013\/08\/odce_1.jpg 1772w\" sizes=\"(max-width: 550px) 100vw, 550px\" \/><\/a><\/p>\n<p style=\"text-align: justify;\">Sinopse: Uma jovem cineasta mergulha no passado quase desconhecido de seu pai. As descobertas e frustra\u00e7\u00f5es de acessar a mem\u00f3ria de um homem e de uma parte da hist\u00f3ria que s\u00e3o raramente expostos. Ele, um intelectual brasileiro, preso e torturado durante a ditadura militar n\u00e3o fala sobre isso desde aquele tempo. Ela, uma filha em busca de sua identidade.<\/p>\n<p>Dire\u00e7\u00e3o: Maria Clara Escobar<br \/>\nProdu\u00e7\u00e3o: Paula Pripas<br \/>\nFotografia: Maria Clara Escobar<br \/>\nSom: Maria Clara Escobar<br \/>\nMontagem: Julia Murat e Juliana Rojas<br \/>\nContato: paulapripas@filmesdeabril.com.br<\/p>\n","protected":false},"excerpt":{"rendered":"<p>Os dias com ele\u00a0(S\u00e3o Paulo, 2013, 107 min.) De Maria Clara Escobar Dia 06\/09, \u00e0s 19h30 Sinopse: Uma jovem cineasta mergulha no passado quase desconhecido de seu pai. As descobertas e frustra\u00e7\u00f5es de acessar a mem\u00f3ria de um homem e de uma parte da hist\u00f3ria que s\u00e3o raramente expostos. Ele, um intelectual brasileiro, preso e [&hellip;]<\/p>\n","protected":false},"author":1,"featured_media":0,"parent":322,"menu_order":0,"comment_status":"open","ping_status":"open","template":"","meta":[],"_links":{"self":[{"href":"https:\/\/cachoeiradoc.com.br\/2013\/index.php?rest_route=\/wp\/v2\/pages\/424"}],"collection":[{"href":"https:\/\/cachoeiradoc.com.br\/2013\/index.php?rest_route=\/wp\/v2\/pages"}],"about":[{"href":"https:\/\/cachoeiradoc.com.br\/2013\/index.php?rest_route=\/wp\/v2\/types\/page"}],"author":[{"embeddable":true,"href":"https:\/\/cachoeiradoc.com.br\/2013\/index.php?rest_route=\/wp\/v2\/users\/1"}],"replies":[{"embeddable":true,"href":"https:\/\/cachoeiradoc.com.br\/2013\/index.php?rest_route=%2Fwp%2Fv2%2Fcomments&post=424"}],"version-history":[{"count":1,"href":"https:\/\/cachoeiradoc.com.br\/2013\/index.php?rest_route=\/wp\/v2\/pages\/424\/revisions"}],"predecessor-version":[{"id":426,"href":"https:\/\/cachoeiradoc.com.br\/2013\/index.php?rest_route=\/wp\/v2\/pages\/424\/revisions\/426"}],"up":[{"embeddable":true,"href":"https:\/\/cachoeiradoc.com.br\/2013\/index.php?rest_route=\/wp\/v2\/pages\/322"}],"wp:attachment":[{"href":"https:\/\/cachoeiradoc.com.br\/2013\/index.php?rest_route=%2Fwp%2Fv2%2Fmedia&parent=424"}],"curies":[{"name":"wp","href":"https:\/\/api.w.org\/{rel}","templated":true}]}}