{"id":421,"date":"2013-08-16T07:46:12","date_gmt":"2013-08-16T10:46:12","guid":{"rendered":"http:\/\/cachoeiradoc.com.br\/2013\/?page_id=421"},"modified":"2013-08-16T07:46:12","modified_gmt":"2013-08-16T10:46:12","slug":"materia-de-composicao","status":"publish","type":"page","link":"https:\/\/cachoeiradoc.com.br\/2013\/?page_id=421","title":{"rendered":"Mat\u00e9ria de composi\u00e7\u00e3o"},"content":{"rendered":"<p><strong>Mat\u00e9ria de composi\u00e7\u00e3o<\/strong>\u00a0(Minas Gerais, 2013, 82 min.)<br \/>\nDe Pedro Aspahan<br \/>\nDia 06\/09, \u00e0s 16h30<\/p>\n<p style=\"text-align: justify;\"><a href=\"http:\/\/cachoeiradoc.com.br\/2013\/wp-content\/uploads\/2013\/08\/Materia_de_Composicao_25.jpg\"><img loading=\"lazy\" class=\"aligncenter size-large wp-image-422\" alt=\"Materia_de_Composicao_25\" src=\"http:\/\/cachoeiradoc.com.br\/2013\/wp-content\/uploads\/2013\/08\/Materia_de_Composicao_25-1024x576.jpg\" width=\"550\" height=\"309\" srcset=\"https:\/\/cachoeiradoc.com.br\/2013\/wp-content\/uploads\/2013\/08\/Materia_de_Composicao_25-1024x576.jpg 1024w, https:\/\/cachoeiradoc.com.br\/2013\/wp-content\/uploads\/2013\/08\/Materia_de_Composicao_25-300x168.jpg 300w, https:\/\/cachoeiradoc.com.br\/2013\/wp-content\/uploads\/2013\/08\/Materia_de_Composicao_25.jpg 1920w\" sizes=\"(max-width: 550px) 100vw, 550px\" \/><\/a><\/p>\n<p style=\"text-align: justify;\">Sinopse: Document\u00e1rio sobre o processo de cria\u00e7\u00e3o da composi\u00e7\u00e3o musical contempor\u00e2nea na rela\u00e7\u00e3o com o cinema. Entregamos um mesmo v\u00eddeo ensaio a tr\u00eas compositores: Guilherme Ant\u00f4nio Ferreira, Teodomiro Goulart e Oiliam Lanna, e encomendamos deles uma pe\u00e7a musical que dialogasse com o v\u00eddeo. Dois anos depois, ap\u00f3s acompanhar todo o processo, da composi\u00e7\u00e3o aos ensaios, concerto, grava\u00e7\u00e3o e mixagem das m\u00fasicas, chegamos a este filme.<\/p>\n<p>Dire\u00e7\u00e3o: Pedro Aspahan<br \/>\nFotografia: Pedro Aspahan<br \/>\nSom: Hugo Silveira<br \/>\nMontagem: Pedro Aspahan<br \/>\nProdu\u00e7\u00e3o: Morgana Rissinger<br \/>\nTrilha: Guilherme Ant\u00f4nio Ferreira, Teodomiro Goulart, Oiliam Lanna<br \/>\nContato: pedroaspahan@pandufilmes.com<\/p>\n<p style=\"text-align: justify;\">\n","protected":false},"excerpt":{"rendered":"<p>Mat\u00e9ria de composi\u00e7\u00e3o\u00a0(Minas Gerais, 2013, 82 min.) De Pedro Aspahan Dia 06\/09, \u00e0s 16h30 Sinopse: Document\u00e1rio sobre o processo de cria\u00e7\u00e3o da composi\u00e7\u00e3o musical contempor\u00e2nea na rela\u00e7\u00e3o com o cinema. Entregamos um mesmo v\u00eddeo ensaio a tr\u00eas compositores: Guilherme Ant\u00f4nio Ferreira, Teodomiro Goulart e Oiliam Lanna, e encomendamos deles uma pe\u00e7a musical que dialogasse com [&hellip;]<\/p>\n","protected":false},"author":1,"featured_media":0,"parent":322,"menu_order":0,"comment_status":"open","ping_status":"open","template":"","meta":[],"_links":{"self":[{"href":"https:\/\/cachoeiradoc.com.br\/2013\/index.php?rest_route=\/wp\/v2\/pages\/421"}],"collection":[{"href":"https:\/\/cachoeiradoc.com.br\/2013\/index.php?rest_route=\/wp\/v2\/pages"}],"about":[{"href":"https:\/\/cachoeiradoc.com.br\/2013\/index.php?rest_route=\/wp\/v2\/types\/page"}],"author":[{"embeddable":true,"href":"https:\/\/cachoeiradoc.com.br\/2013\/index.php?rest_route=\/wp\/v2\/users\/1"}],"replies":[{"embeddable":true,"href":"https:\/\/cachoeiradoc.com.br\/2013\/index.php?rest_route=%2Fwp%2Fv2%2Fcomments&post=421"}],"version-history":[{"count":1,"href":"https:\/\/cachoeiradoc.com.br\/2013\/index.php?rest_route=\/wp\/v2\/pages\/421\/revisions"}],"predecessor-version":[{"id":423,"href":"https:\/\/cachoeiradoc.com.br\/2013\/index.php?rest_route=\/wp\/v2\/pages\/421\/revisions\/423"}],"up":[{"embeddable":true,"href":"https:\/\/cachoeiradoc.com.br\/2013\/index.php?rest_route=\/wp\/v2\/pages\/322"}],"wp:attachment":[{"href":"https:\/\/cachoeiradoc.com.br\/2013\/index.php?rest_route=%2Fwp%2Fv2%2Fmedia&parent=421"}],"curies":[{"name":"wp","href":"https:\/\/api.w.org\/{rel}","templated":true}]}}