{"id":411,"date":"2013-08-16T07:24:27","date_gmt":"2013-08-16T10:24:27","guid":{"rendered":"http:\/\/cachoeiradoc.com.br\/2013\/?page_id=411"},"modified":"2013-08-16T07:42:10","modified_gmt":"2013-08-16T10:42:10","slug":"em-busca-de-um-lugar-comum","status":"publish","type":"page","link":"https:\/\/cachoeiradoc.com.br\/2013\/?page_id=411","title":{"rendered":"Em busca de um lugar comum"},"content":{"rendered":"<pre><strong>Em busca de um lugar comum<\/strong>\u00a0(Rio de Janeiro, 2012, 80min.)\r\nDe Felippe Schultz Mussel\r\nDia 04,09, \u00e0s 16h30<\/pre>\n<p style=\"text-align: justify;\"><a href=\"http:\/\/cachoeiradoc.com.br\/2013\/wp-content\/uploads\/2013\/08\/03_EMBUSCA_foto_04.jpeg\"><img loading=\"lazy\" class=\"aligncenter size-large wp-image-415\" alt=\"03_EMBUSCA_foto_04\" src=\"http:\/\/cachoeiradoc.com.br\/2013\/wp-content\/uploads\/2013\/08\/03_EMBUSCA_foto_04-1024x576.jpeg\" width=\"550\" height=\"309\" srcset=\"https:\/\/cachoeiradoc.com.br\/2013\/wp-content\/uploads\/2013\/08\/03_EMBUSCA_foto_04-1024x576.jpeg 1024w, https:\/\/cachoeiradoc.com.br\/2013\/wp-content\/uploads\/2013\/08\/03_EMBUSCA_foto_04-300x168.jpeg 300w, https:\/\/cachoeiradoc.com.br\/2013\/wp-content\/uploads\/2013\/08\/03_EMBUSCA_foto_04.jpeg 1920w\" sizes=\"(max-width: 550px) 100vw, 550px\" \/><\/a><\/p>\n<p style=\"text-align: justify;\">Sinopse: Rio de Janeiro, 2011. Anunciadas mundo afora como principal cen\u00e1rio das mazelas sociais brasileiras, as favelas cariocas se consolidaram como um dos pontos mais visitados do Rio, produzindo n\u00e3o s\u00f3 uma remodela\u00e7\u00e3o dos roteiros tur\u00edsticos tradicionais, mas uma mudan\u00e7a nas mem\u00f3rias que os estrangeiros guardam da cidade. Imerso nos passeios pela Favela da Rocinha, o document\u00e1rio investiga os desejos e as imagens envolvidas na constru\u00e7\u00e3o deste disputado destino tur\u00edstico. Um mercado que, atento \u00e0s demandas, n\u00e3o cessa em projetar seus novos atrativos.<\/p>\n<p>Dire\u00e7\u00e3o: Felippe Schultz Mussel<br \/>\nFotografia: Andr\u00e9 Lavaquial, Pedro Urano, Rodrigo Graciosa e Thiago Lima<br \/>\nSom: Felippe Schultz Mussel<br \/>\nMontagem: Felippe Schultz Mussel<br \/>\nProdu\u00e7\u00e3o: Angelo Defanti<br \/>\nContato: barbara@sobretudo.art.br<\/p>\n","protected":false},"excerpt":{"rendered":"<p>Em busca de um lugar comum\u00a0(Rio de Janeiro, 2012, 80min.) De Felippe Schultz Mussel Dia 04,09, \u00e0s 16h30 Sinopse: Rio de Janeiro, 2011. Anunciadas mundo afora como principal cen\u00e1rio das mazelas sociais brasileiras, as favelas cariocas se consolidaram como um dos pontos mais visitados do Rio, produzindo n\u00e3o s\u00f3 uma remodela\u00e7\u00e3o dos roteiros tur\u00edsticos tradicionais, [&hellip;]<\/p>\n","protected":false},"author":1,"featured_media":0,"parent":322,"menu_order":0,"comment_status":"open","ping_status":"open","template":"","meta":[],"_links":{"self":[{"href":"https:\/\/cachoeiradoc.com.br\/2013\/index.php?rest_route=\/wp\/v2\/pages\/411"}],"collection":[{"href":"https:\/\/cachoeiradoc.com.br\/2013\/index.php?rest_route=\/wp\/v2\/pages"}],"about":[{"href":"https:\/\/cachoeiradoc.com.br\/2013\/index.php?rest_route=\/wp\/v2\/types\/page"}],"author":[{"embeddable":true,"href":"https:\/\/cachoeiradoc.com.br\/2013\/index.php?rest_route=\/wp\/v2\/users\/1"}],"replies":[{"embeddable":true,"href":"https:\/\/cachoeiradoc.com.br\/2013\/index.php?rest_route=%2Fwp%2Fv2%2Fcomments&post=411"}],"version-history":[{"count":3,"href":"https:\/\/cachoeiradoc.com.br\/2013\/index.php?rest_route=\/wp\/v2\/pages\/411\/revisions"}],"predecessor-version":[{"id":414,"href":"https:\/\/cachoeiradoc.com.br\/2013\/index.php?rest_route=\/wp\/v2\/pages\/411\/revisions\/414"}],"up":[{"embeddable":true,"href":"https:\/\/cachoeiradoc.com.br\/2013\/index.php?rest_route=\/wp\/v2\/pages\/322"}],"wp:attachment":[{"href":"https:\/\/cachoeiradoc.com.br\/2013\/index.php?rest_route=%2Fwp%2Fv2%2Fmedia&parent=411"}],"curies":[{"name":"wp","href":"https:\/\/api.w.org\/{rel}","templated":true}]}}