{"id":377,"date":"2013-08-15T19:18:59","date_gmt":"2013-08-15T22:18:59","guid":{"rendered":"http:\/\/cachoeiradoc.com.br\/2013\/?page_id=377"},"modified":"2013-08-15T19:19:35","modified_gmt":"2013-08-15T22:19:35","slug":"377-2","status":"publish","type":"page","link":"https:\/\/cachoeiradoc.com.br\/2013\/?page_id=377","title":{"rendered":"Maria vai c\u00b4as vaca"},"content":{"rendered":"<pre><strong>Maria vai c\u2019as vaca<\/strong>\u00a0(Bahia, 2013, 07 min.)\r\nDe Luara De\r\nDia 05\/09, \u00e0s 16h30<\/pre>\n<p><img loading=\"lazy\" class=\"aligncenter size-large wp-image-378\" alt=\"maria vai ca's vaca\" src=\"http:\/\/cachoeiradoc.com.br\/2013\/wp-content\/uploads\/2013\/08\/maria-vai-cas-vaca1-1024x576.png\" width=\"550\" height=\"309\" srcset=\"https:\/\/cachoeiradoc.com.br\/2013\/wp-content\/uploads\/2013\/08\/maria-vai-cas-vaca1-1024x576.png 1024w, https:\/\/cachoeiradoc.com.br\/2013\/wp-content\/uploads\/2013\/08\/maria-vai-cas-vaca1-300x168.png 300w, https:\/\/cachoeiradoc.com.br\/2013\/wp-content\/uploads\/2013\/08\/maria-vai-cas-vaca1.png 1920w\" sizes=\"(max-width: 550px) 100vw, 550px\" \/><\/p>\n<p>Sinopse: Durante as f\u00e9rias, Maria questiona a escola.<\/p>\n<p>Dire\u00e7\u00e3o: Luara De<br \/>\nProdu\u00e7\u00e3o:\u00a0Gabriela Rocha<br \/>\nSom:\u00a0Luara De<br \/>\nFotografia:\u00a0Luara De<br \/>\nMontagem:\u00a0Luara De<br \/>\nTrilha Sonora:Higo Melo<br \/>\nContato:\u00a0luaraa.d@gmail.com<\/p>\n","protected":false},"excerpt":{"rendered":"<p>Maria vai c\u2019as vaca\u00a0(Bahia, 2013, 07 min.) De Luara De Dia 05\/09, \u00e0s 16h30 Sinopse: Durante as f\u00e9rias, Maria questiona a escola. Dire\u00e7\u00e3o: Luara De Produ\u00e7\u00e3o:\u00a0Gabriela Rocha Som:\u00a0Luara De Fotografia:\u00a0Luara De Montagem:\u00a0Luara De Trilha Sonora:Higo Melo Contato:\u00a0luaraa.d@gmail.com<\/p>\n","protected":false},"author":1,"featured_media":0,"parent":325,"menu_order":0,"comment_status":"open","ping_status":"open","template":"","meta":[],"_links":{"self":[{"href":"https:\/\/cachoeiradoc.com.br\/2013\/index.php?rest_route=\/wp\/v2\/pages\/377"}],"collection":[{"href":"https:\/\/cachoeiradoc.com.br\/2013\/index.php?rest_route=\/wp\/v2\/pages"}],"about":[{"href":"https:\/\/cachoeiradoc.com.br\/2013\/index.php?rest_route=\/wp\/v2\/types\/page"}],"author":[{"embeddable":true,"href":"https:\/\/cachoeiradoc.com.br\/2013\/index.php?rest_route=\/wp\/v2\/users\/1"}],"replies":[{"embeddable":true,"href":"https:\/\/cachoeiradoc.com.br\/2013\/index.php?rest_route=%2Fwp%2Fv2%2Fcomments&post=377"}],"version-history":[{"count":2,"href":"https:\/\/cachoeiradoc.com.br\/2013\/index.php?rest_route=\/wp\/v2\/pages\/377\/revisions"}],"predecessor-version":[{"id":381,"href":"https:\/\/cachoeiradoc.com.br\/2013\/index.php?rest_route=\/wp\/v2\/pages\/377\/revisions\/381"}],"up":[{"embeddable":true,"href":"https:\/\/cachoeiradoc.com.br\/2013\/index.php?rest_route=\/wp\/v2\/pages\/325"}],"wp:attachment":[{"href":"https:\/\/cachoeiradoc.com.br\/2013\/index.php?rest_route=%2Fwp%2Fv2%2Fmedia&parent=377"}],"curies":[{"name":"wp","href":"https:\/\/api.w.org\/{rel}","templated":true}]}}