{"id":340,"date":"2013-08-15T18:45:04","date_gmt":"2013-08-15T21:45:04","guid":{"rendered":"http:\/\/cachoeiradoc.com.br\/2013\/?page_id=340"},"modified":"2013-08-15T19:24:02","modified_gmt":"2013-08-15T22:24:02","slug":"pele-de-branco","status":"publish","type":"page","link":"https:\/\/cachoeiradoc.com.br\/2013\/?page_id=340","title":{"rendered":"Pele de Branco"},"content":{"rendered":"<pre><span style=\"color: #000000;\"><strong>Pele de Branco<\/strong>\u00a0(Mato Grosso, 2012, 25min.)<\/span>\r\n <span style=\"color: #000000;\">De Takum\u00e3 Kuikuro, Marrayury Kuikuro<\/span>\r\n <span style=\"color: #000000;\">Dia 04\/09, \u00e0s 16h30<\/span><\/pre>\n<p style=\"text-align: center;\"><a href=\"http:\/\/cachoeiradoc.com.br\/2013\/wp-content\/uploads\/2013\/08\/IMG_9033.jpg\"><img loading=\"lazy\" class=\" wp-image-342 aligncenter\" alt=\"IMG_9033\" src=\"http:\/\/cachoeiradoc.com.br\/2013\/wp-content\/uploads\/2013\/08\/IMG_9033-1024x682.jpg\" width=\"550\" height=\"366\" srcset=\"https:\/\/cachoeiradoc.com.br\/2013\/wp-content\/uploads\/2013\/08\/IMG_9033-1024x682.jpg 1024w, https:\/\/cachoeiradoc.com.br\/2013\/wp-content\/uploads\/2013\/08\/IMG_9033-300x200.jpg 300w\" sizes=\"(max-width: 550px) 100vw, 550px\" \/><\/a><\/p>\n<p style=\"text-align: justify;\"><span style=\"color: #000000;\">Sinopse: No mundo contempor\u00e2neo a tecnologia ocupa um espa\u00e7o cada vez maior na vida \u00edntima e social das pessoas. \u201cKagaiha Atip\u00fcg\u00fc (Pele de Branco) \u00e9 um filme produzido por Takum\u00e3 Kuikuro, do Coletivo Kuikuro de Cinema, que aborda a vis\u00e3o ind\u00edgena sobre este universo tecnol\u00f3gico revelando como os \u00edndios do Alto Xingu (Mato Grosso, Brasil) relacionam-se com os instrumentos criados pelos \u201cbrancos\u201d. O filme traz a voz ind\u00edgena sobre esse processo e discute em que medida as novas tecnologias da mem\u00f3ria e da comunica\u00e7\u00e3o, ao mesmo tempo que amea\u00e7am, tamb\u00e9m servem \u00e0 preserva\u00e7\u00e3o de culturas tradicionais.<\/span><\/p>\n<p style=\"text-align: justify;\"><span style=\"color: #000000;\">Dire\u00e7\u00e3o: Takum\u00e3 Kuikuro, Marrayury Kuikuro<\/span><br \/>\n<span style=\"color: #000000;\">Fotografia: Takum\u00e3 Kuikuro<\/span><br \/>\n<span style=\"color: #000000;\">Som: Takum\u00e3 Kuikuro<\/span><br \/>\n<span style=\"color: #000000;\">Montagem: Takum\u00e3 Kuikuro<\/span><br \/>\n<span style=\"color: #000000;\">Produ\u00e7\u00e3o: Aikax, V\u00eddeo nas Aldeias<\/span><br \/>\n<span style=\"color: #000000;\">Contato:\u00a0<span style=\"color: #000000;\">takucineasta@gmail.com<\/span><\/span><\/p>\n","protected":false},"excerpt":{"rendered":"<p>Pele de Branco\u00a0(Mato Grosso, 2012, 25min.) De Takum\u00e3 Kuikuro, Marrayury Kuikuro Dia 04\/09, \u00e0s 16h30 Sinopse: No mundo contempor\u00e2neo a tecnologia ocupa um espa\u00e7o cada vez maior na vida \u00edntima e social das pessoas. \u201cKagaiha Atip\u00fcg\u00fc (Pele de Branco) \u00e9 um filme produzido por Takum\u00e3 Kuikuro, do Coletivo Kuikuro de Cinema, que aborda a vis\u00e3o [&hellip;]<\/p>\n","protected":false},"author":1,"featured_media":0,"parent":325,"menu_order":0,"comment_status":"open","ping_status":"open","template":"","meta":[],"_links":{"self":[{"href":"https:\/\/cachoeiradoc.com.br\/2013\/index.php?rest_route=\/wp\/v2\/pages\/340"}],"collection":[{"href":"https:\/\/cachoeiradoc.com.br\/2013\/index.php?rest_route=\/wp\/v2\/pages"}],"about":[{"href":"https:\/\/cachoeiradoc.com.br\/2013\/index.php?rest_route=\/wp\/v2\/types\/page"}],"author":[{"embeddable":true,"href":"https:\/\/cachoeiradoc.com.br\/2013\/index.php?rest_route=\/wp\/v2\/users\/1"}],"replies":[{"embeddable":true,"href":"https:\/\/cachoeiradoc.com.br\/2013\/index.php?rest_route=%2Fwp%2Fv2%2Fcomments&post=340"}],"version-history":[{"count":12,"href":"https:\/\/cachoeiradoc.com.br\/2013\/index.php?rest_route=\/wp\/v2\/pages\/340\/revisions"}],"predecessor-version":[{"id":391,"href":"https:\/\/cachoeiradoc.com.br\/2013\/index.php?rest_route=\/wp\/v2\/pages\/340\/revisions\/391"}],"up":[{"embeddable":true,"href":"https:\/\/cachoeiradoc.com.br\/2013\/index.php?rest_route=\/wp\/v2\/pages\/325"}],"wp:attachment":[{"href":"https:\/\/cachoeiradoc.com.br\/2013\/index.php?rest_route=%2Fwp%2Fv2%2Fmedia&parent=340"}],"curies":[{"name":"wp","href":"https:\/\/api.w.org\/{rel}","templated":true}]}}