{"id":512,"date":"2012-11-23T14:02:08","date_gmt":"2012-11-23T17:02:08","guid":{"rendered":"https:\/\/cachoeiradoc.com.br\/teste\/?page_id=512"},"modified":"2012-12-03T14:39:46","modified_gmt":"2012-12-03T17:39:46","slug":"ficha-tecnica","status":"publish","type":"page","link":"https:\/\/cachoeiradoc.com.br\/2012\/?page_id=512","title":{"rendered":"Ficha t\u00e9cnica"},"content":{"rendered":"<p id=\"internal-source-marker_0.9118089963751975\" style=\"text-align: justify;\" dir=\"ltr\">Idealiza\u00e7\u00e3o e Coordena\u00e7\u00e3o: Amaranta Cesar<\/p>\n<p style=\"text-align: justify;\" dir=\"ltr\">Coordena\u00e7\u00e3o: Ana Rosa Marques<\/p>\n<p style=\"text-align: justify;\" dir=\"ltr\">Curadoria da Mostra Caros Di\u00e1rios: Amaranta Cesar e Ana Rosa Marques<\/p>\n<p style=\"text-align: justify;\" dir=\"ltr\">Curadoria da Mostra 25 anos de V\u00eddeo nas Aldeias: Amaranta Cesar<\/p>\n<p style=\"text-align: justify;\" dir=\"ltr\">Curadoria da Mostra Competitiva Nacional: Amaranta Cesar, Ana Rosa Marques, Camila Yallouz, Elen Linth e Jess\u00e9 Patr\u00edcio<\/p>\n<p style=\"text-align: justify;\" dir=\"ltr\">Coordena\u00e7\u00e3o de Produ\u00e7\u00e3o: Fernanda Pimenta e Leonardo Costa<\/p>\n<p style=\"text-align: justify;\" dir=\"ltr\">Assistente de Produ\u00e7\u00e3o: Leandro Rodrigues<\/p>\n<p style=\"text-align: justify;\" dir=\"ltr\">Mobiliza\u00e7\u00e3o local: Maira Carbonieri<\/p>\n<p style=\"text-align: justify;\" dir=\"ltr\">Coordenador t\u00e9cnico das proje\u00e7\u00f5es: Danilo Scaldaferri<\/p>\n<p style=\"text-align: justify;\" dir=\"ltr\">Assistente t\u00e9cnico das proje\u00e7\u00f5es: Gleydson Publio<\/p>\n<p id=\"internal-source-marker_0.13129591879530378\" style=\"text-align: justify;\" dir=\"ltr\">Monitores: Beatriz Santos Vieira, Bruno Machado, Daniela Pereira Teixeira, Helena Lopes Bera, La\u00eds Lima, Mateus Sousa e Silva<\/p>\n<p style=\"text-align: justify;\" dir=\"ltr\">Monitores da ambienta\u00e7\u00e3o no foyer: Jamile Menezes Pereira e Kelvin Marinho de Jesus<\/p>\n<p style=\"text-align: justify;\" dir=\"ltr\">Monitores da cobertura fotogr\u00e1fica: Alequine da Silva Sampaio, Luara Dal Chiavon e Mbeni Ware Costa Lacerda<\/p>\n<p style=\"text-align: justify;\">Monitores da cobertura videogr\u00e1fica: Camila Yallouz, Elen Linth, Iasmin Coni, Jhones Batista Nunes, Lamonier Angelo, Lucas Santana Barbosa, Ruy Dutra, Thamires Santos Vieira<\/p>\n<p id=\"internal-source-marker_0.9171632109758229\" dir=\"ltr\">Vinheta: fragmento do filme \u201cBicicletas de Nhanderu\u201d, de Ariel Ortega e Patr\u00edcia Ferreira<\/p>\n<p style=\"text-align: justify;\" dir=\"ltr\">Spot de r\u00e1dio: locu\u00e7\u00e3o de Vania Dias sob trilha musical do Baiana System (can\u00e7\u00e3o \u201cNesse Mundo\u201d)<\/p>\n<p style=\"text-align: justify;\" dir=\"ltr\">Assessoria de Comunica\u00e7\u00e3o: Jean Cardoso<\/p>\n<p style=\"text-align: justify;\">Design: Everton Marco e Tiago Ribeiro<\/p>\n<p id=\"internal-source-marker_0.3847453207704279\" style=\"text-align: justify;\" dir=\"ltr\">Lounge do Foyer: DJs Adrielle Coutinho, Jess\u00e9 Patr\u00edcio, Alequine Sampaio e Danillo Barata (coordena\u00e7\u00e3o de Claudio Manoel)<\/p>\n<p dir=\"ltr\">Tradu\u00e7\u00e3o: Moema Franca<\/p>\n<p style=\"text-align: justify;\">Legendagem: Rog\u00e9rio Vilaronga<\/p>\n<p style=\"text-align: justify;\"><strong>Agradecimentos<\/strong><\/p>\n<p style=\"text-align: justify;\">Adriano Oliveira, Alder Augusto , Ayrson Her\u00e1clito,Beatriz Furtado, Claudio Manoel, Danillo Barata, Emanuel Soares, Eryk Rocha, F\u00e1bio Costa Menezes, Fl\u00e1via Castro, Francisco Serafim, Georgina Gon\u00e7alves, Guilherme Sarmiento, Ismael Dal Zot, J\u00e9ssica Sousa, Joceny Pinheiro, Juliana Ara\u00fajo Dantas, L\u00e9lia Maria Sampaio, Lourival Trindade, Marcelino de Jesus, Marcelo Behrens, Marilyn Brakhage, Mark Dayves, Michelle Mattiuzzi, Mahomed Bamba, Moema Franca, Nadja Vladi, Ol\u00edvia Sabino, Paulo Gabriel Nacif, Petra Costa, Quarta dos Tambores, Silvana Olivieri, Silvio Soglia, Silvio Da-Rin, Vania Dias, Vincent Carelli.<\/p>\n","protected":false},"excerpt":{"rendered":"<p>Idealiza\u00e7\u00e3o e Coordena\u00e7\u00e3o: Amaranta Cesar Coordena\u00e7\u00e3o: Ana Rosa Marques Curadoria da Mostra Caros Di\u00e1rios: Amaranta Cesar e Ana Rosa Marques Curadoria da Mostra 25 anos de V\u00eddeo nas Aldeias: Amaranta&#8230;<\/p>\n","protected":false},"author":1,"featured_media":0,"parent":0,"menu_order":0,"comment_status":"open","ping_status":"open","template":"","meta":[],"_links":{"self":[{"href":"https:\/\/cachoeiradoc.com.br\/2012\/index.php?rest_route=\/wp\/v2\/pages\/512"}],"collection":[{"href":"https:\/\/cachoeiradoc.com.br\/2012\/index.php?rest_route=\/wp\/v2\/pages"}],"about":[{"href":"https:\/\/cachoeiradoc.com.br\/2012\/index.php?rest_route=\/wp\/v2\/types\/page"}],"author":[{"embeddable":true,"href":"https:\/\/cachoeiradoc.com.br\/2012\/index.php?rest_route=\/wp\/v2\/users\/1"}],"replies":[{"embeddable":true,"href":"https:\/\/cachoeiradoc.com.br\/2012\/index.php?rest_route=%2Fwp%2Fv2%2Fcomments&post=512"}],"version-history":[{"count":10,"href":"https:\/\/cachoeiradoc.com.br\/2012\/index.php?rest_route=\/wp\/v2\/pages\/512\/revisions"}],"predecessor-version":[{"id":601,"href":"https:\/\/cachoeiradoc.com.br\/2012\/index.php?rest_route=\/wp\/v2\/pages\/512\/revisions\/601"}],"wp:attachment":[{"href":"https:\/\/cachoeiradoc.com.br\/2012\/index.php?rest_route=%2Fwp%2Fv2%2Fmedia&parent=512"}],"curies":[{"name":"wp","href":"https:\/\/api.w.org\/{rel}","templated":true}]}}